000
CDUS45 KEPZ 222331
CLIDMN


CLIMATE REPORT
NATIONAL WEATHER SERVICE EL PASO, TX
430 PM MST SAT NOV 22 2014


...................................

...THE DEMING CLIMATE SUMMARY FOR NOVEMBER 22 2014...
VALID TODAY AS OF 400 PM LOCAL TIME.

CLIMATE NORMAL PERIOD 1981 TO 2010
CLIMATE RECORD PERIOD 2000 TO 2014


WEATHER ITEM   OBSERVED TIME   NORMAL DEPARTURE LAST
                VALUE   (LST)  VALUE  FROM      YEAR
                                      NORMAL
......................................................
TEMPERATURE (F)
 TODAY
  MAXIMUM         65    252 PM  63      2       57
  MINIMUM         34    721 AM  32      2       37

PRECIPITATION (IN)
  TODAY            0.00          0.03  -0.03     0.00
  MONTH TO DATE    0.51          0.48   0.03     0.02
  SINCE SEP 1      5.69          2.84   2.85     3.14
  SINCE JAN 1      9.27         10.43  -1.16     9.38

......................................................


WIND (MPH)
  HIGHEST WIND SPEED    24   HIGHEST WIND DIRECTION     W (260)
  HIGHEST GUST SPEED    32   HIGHEST GUST DIRECTION     W (260)


SKY COVER
  AVERAGE SKY COVER 0.1


WEATHER CONDITIONS
 THE FOLLOWING WEATHER WAS RECORDED TODAY.
  NO SIGNIFICANT WEATHER WAS OBSERVED.


RELATIVE HUMIDITY (PERCENT)
 HIGHEST    75           600 AM
 LOWEST     17           400 PM
 AVERAGE    46

..........................................................


THE DEMING CLIMATE NORMALS FOR TOMORROW
                         NORMAL
 MAXIMUM TEMPERATURE (F)   63
 MINIMUM TEMPERATURE (F)   31


SUNRISE AND SUNSET
NOVEMBER 22 2014......SUNRISE   646 AM MST   SUNSET   507 PM MST
NOVEMBER 23 2014......SUNRISE   647 AM MST   SUNSET   507 PM MST


-  INDICATES NEGATIVE NUMBERS.
R  INDICATES RECORD WAS SET OR TIED.
MM INDICATES DATA IS MISSING.
T  INDICATES TRACE AMOUNT.




$$
