000
CDUS45 KEPZ 142328
CLIDMN


CLIMATE REPORT
NATIONAL WEATHER SERVICE EL PASO, TX
528 PM MDT SUN SEP 14 2014


...................................

...THE DEMING CLIMATE SUMMARY FOR SEPTEMBER 14 2014...
VALID TODAY AS OF 0500 PM LOCAL TIME.

CLIMATE NORMAL PERIOD 1981 TO 2010
CLIMATE RECORD PERIOD 2000 TO 2014


WEATHER ITEM   OBSERVED TIME   NORMAL DEPARTURE LAST
                VALUE   (LST)  VALUE  FROM      YEAR
                                      NORMAL
......................................................
TEMPERATURE (F)
 TODAY
  MAXIMUM         81    317 PM  88     -7       82
  MINIMUM         59    656 AM  59      0       64

PRECIPITATION (IN)
  TODAY            0.00          0.04  -0.04     0.00
  MONTH TO DATE    0.23          0.62  -0.39     2.50
  SINCE SEP 1      0.23          0.62  -0.39     2.50
  SINCE JAN 1      3.81          8.21  -4.40     8.74

......................................................


WIND (MPH)
  HIGHEST WIND SPEED    18   HIGHEST WIND DIRECTION    SE (120)
  HIGHEST GUST SPEED    23   HIGHEST GUST DIRECTION     E (90)


SKY COVER
  AVERAGE SKY COVER 0.5


WEATHER CONDITIONS
 THE FOLLOWING WEATHER WAS RECORDED TODAY.
  NO SIGNIFICANT WEATHER WAS OBSERVED.


RELATIVE HUMIDITY (PERCENT)
 HIGHEST    80           600 AM
 LOWEST     42           300 PM
 AVERAGE    61

..........................................................


THE DEMING CLIMATE NORMALS FOR TOMORROW
                         NORMAL
 MAXIMUM TEMPERATURE (F)   88
 MINIMUM TEMPERATURE (F)   58


SUNRISE AND SUNSET
SEPTEMBER 14 2014.....SUNRISE   654 AM MDT   SUNSET   718 PM MDT
SEPTEMBER 15 2014.....SUNRISE   655 AM MDT   SUNSET   717 PM MDT


-  INDICATES NEGATIVE NUMBERS.
R  INDICATES RECORD WAS SET OR TIED.
MM INDICATES DATA IS MISSING.
T  INDICATES TRACE AMOUNT.




$$
