000
CDUS45 KEPZ 262326
CLIDMN


CLIMATE REPORT
NATIONAL WEATHER SERVICE EL PASO, TX
525 PM MDT THU MAR 26 2015


...................................

...THE DEMING CLIMATE SUMMARY FOR MARCH 26 2015...
VALID TODAY AS OF 0500 PM LOCAL TIME.

CLIMATE NORMAL PERIOD 1981 TO 2010
CLIMATE RECORD PERIOD 2000 TO 2015


WEATHER ITEM   OBSERVED TIME   NORMAL DEPARTURE LAST
                VALUE   (LST)  VALUE  FROM      YEAR
                                      NORMAL
......................................................
TEMPERATURE (F)
 TODAY
  MAXIMUM         70    359 PM  70      0       74
  MINIMUM         42    628 AM  37      5       35

PRECIPITATION (IN)
  TODAY            0.00          0.01  -0.01     0.00
  MONTH TO DATE    0.69          0.36   0.33     0.37
  SINCE MAR 1      0.69          0.36   0.33     0.37
  SINCE JAN 1      2.16          1.56   0.60     0.37

......................................................


WIND (MPH)
  HIGHEST WIND SPEED    22   HIGHEST WIND DIRECTION    NE (40)
  HIGHEST GUST SPEED    29   HIGHEST GUST DIRECTION    NE (30)


SKY COVER
  AVERAGE SKY COVER 0.0


WEATHER CONDITIONS
 THE FOLLOWING WEATHER WAS RECORDED TODAY.
  NO SIGNIFICANT WEATHER WAS OBSERVED.


RELATIVE HUMIDITY (PERCENT)
 HIGHEST    49           500 AM
 LOWEST     16           400 PM
 AVERAGE    33

..........................................................


THE DEMING CLIMATE NORMALS FOR TOMORROW
                         NORMAL
 MAXIMUM TEMPERATURE (F)   71
 MINIMUM TEMPERATURE (F)   37


SUNRISE AND SUNSET
MARCH 26 2015.........SUNRISE   707 AM MDT   SUNSET   726 PM MDT
MARCH 27 2015.........SUNRISE   706 AM MDT   SUNSET   727 PM MDT


-  INDICATES NEGATIVE NUMBERS.
R  INDICATES RECORD WAS SET OR TIED.
MM INDICATES DATA IS MISSING.
T  INDICATES TRACE AMOUNT.




$$
