000
CDUS45 KEPZ 152329
CLIDMN


CLIMATE REPORT
NATIONAL WEATHER SERVICE EL PASO, TX
427 PM MST SUN JAN 15 2017


...................................

...THE DEMING CLIMATE SUMMARY FOR JANUARY 15 2017...
VALID TODAY AS OF 0400 PM LOCAL TIME.

CLIMATE NORMAL PERIOD 1981 TO 2010
CLIMATE RECORD PERIOD 2000 TO 2017


WEATHER ITEM   OBSERVED TIME   NORMAL DEPARTURE LAST
                VALUE   (LST)  VALUE  FROM      YEAR
                                      NORMAL
......................................................
TEMPERATURE (F)
 TODAY
  MAXIMUM         49    202 AM  57     -8       56
  MINIMUM         40   1213 PM  27     13       24

PRECIPITATION (IN)
  TODAY            1.19          0.02   1.17     0.00
  MONTH TO DATE    1.99          0.27   1.72     0.42
  SINCE DEC 1      3.78          1.16   2.62     0.78
  SINCE JAN 1      1.99          0.27   1.72     0.42

......................................................


WIND (MPH)
  HIGHEST WIND SPEED    26   HIGHEST WIND DIRECTION     W (270)
  HIGHEST GUST SPEED    33   HIGHEST GUST DIRECTION     W (260)


SKY COVER
  AVERAGE SKY COVER 1.0


WEATHER CONDITIONS
 THE FOLLOWING WEATHER WAS RECORDED TODAY.
  THUNDERSTORM
  HEAVY RAIN
  RAIN
  LIGHT RAIN
  FOG


RELATIVE HUMIDITY (PERCENT)
 HIGHEST   100           300 AM
 LOWEST     92           600 AM
 AVERAGE    96

..........................................................


THE DEMING CLIMATE NORMALS FOR TOMORROW
                         NORMAL
 MAXIMUM TEMPERATURE (F)   57
 MINIMUM TEMPERATURE (F)   27


SUNRISE AND SUNSET
JANUARY 15 2017.......SUNRISE   712 AM MST   SUNSET   529 PM MST
JANUARY 16 2017.......SUNRISE   712 AM MST   SUNSET   530 PM MST


-  INDICATES NEGATIVE NUMBERS.
R  INDICATES RECORD WAS SET OR TIED.
MM INDICATES DATA IS MISSING.
T  INDICATES TRACE AMOUNT.




$$
