000
CDUS45 KEPZ 060944
CLIDMN


CLIMATE REPORT
NATIONAL WEATHER SERVICE EL PASO, TX
243 AM MST TUE DEC 6 2016


...................................

...THE DEMING CLIMATE SUMMARY FOR DECEMBER 5 2016...

CLIMATE NORMAL PERIOD 1981 TO 2010
CLIMATE RECORD PERIOD 2000 TO 2016


WEATHER ITEM   OBSERVED TIME   NORMAL DEPARTURE LAST
                VALUE   (LST)  VALUE  FROM      YEAR
                                      NORMAL
......................................................
TEMPERATURE (F)
 YESTERDAY
  MAXIMUM         61    246 PM  59              70
  MINIMUM         27    414 AM  28              29
  AVERAGE         44            43      1       50

PRECIPITATION (IN)
  YESTERDAY        0.00          0.04  -0.04     0.00
  MONTH TO DATE    0.26          0.16   0.10     0.00
  SINCE DEC 1      0.26          0.16   0.10     0.00
  SINCE JAN 1      6.49         10.82  -4.33    12.00

......................................................


WIND (MPH)
  HIGHEST WIND SPEED    26   HIGHEST WIND DIRECTION     W (290)
  HIGHEST GUST SPEED    34   HIGHEST GUST DIRECTION     W (270)
  AVERAGE WIND SPEED     9.6


SKY COVER
  AVERAGE SKY COVER 0.0


WEATHER CONDITIONS
 THE FOLLOWING WEATHER WAS RECORDED YESTERDAY.
  NO SIGNIFICANT WEATHER WAS OBSERVED.


RELATIVE HUMIDITY (PERCENT)
 HIGHEST    92           100 AM
 LOWEST     22           300 PM
 AVERAGE    57

..........................................................


THE DEMING CLIMATE NORMALS FOR TODAY
                         NORMAL
 MAXIMUM TEMPERATURE (F)   58
 MINIMUM TEMPERATURE (F)   28


SUNRISE AND SUNSET
DECEMBER  6 2016......SUNRISE   658 AM MST   SUNSET   506 PM MST
DECEMBER  7 2016......SUNRISE   659 AM MST   SUNSET   506 PM MST


-  INDICATES NEGATIVE NUMBERS.
R  INDICATES RECORD WAS SET OR TIED.
MM INDICATES DATA IS MISSING.
T  INDICATES TRACE AMOUNT.




$$
