000
CDUS43 KEAX 010636
CLIDMO


CLIMATE REPORT
NATIONAL WEATHER SERVICE KANSAS CITY/PLEASANT HILL MO
135 AM CDT SUN MAY 1 2016


...................................

...THE SEDALIA MO CLIMATE SUMMARY FOR APRIL 30 2016...

CLIMATE NORMAL PERIOD 1981 TO 2010
CLIMATE RECORD PERIOD 9999 TO 9999


WEATHER ITEM   OBSERVED TIME   NORMAL DEPARTURE LAST
                VALUE   (LST)  VALUE  FROM      YEAR
                                      NORMAL
......................................................
TEMPERATURE (F)
 YESTERDAY
  MAXIMUM         75    149 PM  71      4       75
  MINIMUM         57   1159 PM  51      6       49
  AVERAGE         66            61      5       62

PRECIPITATION (IN)
  YESTERDAY        0.08          0.20  -0.12     0.00
  MONTH TO DATE    1.91          4.25  -2.34     3.82
  SINCE MAR 1      3.60          6.86  -3.26     4.95
  SINCE JAN 1      4.75         10.46  -5.71     7.03

DEGREE DAYS
 HEATING
  YESTERDAY        0             5     -5        3
  MONTH TO DATE  195           280    -85      187
  SINCE MAR 1    582           865   -283      727
  SINCE JUL 1   3570          4482   -912     4575

 COOLING
  YESTERDAY        1             1      0        0
  MONTH TO DATE   20            31    -11       16
  SINCE MAR 1     24            34    -10       17
  SINCE JAN 1     24            34    -10       17
......................................................


WIND (MPH)
  HIGHEST WIND SPEED    26   HIGHEST WIND DIRECTION    SW (230)
  HIGHEST GUST SPEED    34   HIGHEST GUST DIRECTION    SW (230)
  AVERAGE WIND SPEED    11.2


SKY COVER
  AVERAGE SKY COVER 0.6


WEATHER CONDITIONS
 THE FOLLOWING WEATHER WAS RECORDED YESTERDAY.
  LIGHT RAIN
  FOG


RELATIVE HUMIDITY (PERCENT)
 HIGHEST    93          1200 AM
 LOWEST     53           100 PM
 AVERAGE    73

..........................................................


THE SEDALIA MO CLIMATE NORMALS FOR TODAY
                         NORMAL
 MAXIMUM TEMPERATURE (F)   72
 MINIMUM TEMPERATURE (F)   51


SUNRISE AND SUNSET
MAY  1 2016...........SUNRISE   614 AM CDT   SUNSET   805 PM CDT
MAY  2 2016...........SUNRISE   613 AM CDT   SUNSET   806 PM CDT


-  INDICATES NEGATIVE NUMBERS.
R  INDICATES RECORD WAS SET OR TIED.
MM INDICATES DATA IS MISSING.
T  INDICATES TRACE AMOUNT.




$$
