000
CDUS43 KEAX 021240
CLIDMO


CLIMATE REPORT
NATIONAL WEATHER SERVICE KANSAS CITY/PLEASANT HILL MO
640 AM CST MON MAR 2 2015


...................................

...THE SEDALIA MO CLIMATE SUMMARY FOR MARCH 2 2015...
VALID AS OF 0600 AM LOCAL TIME.

CLIMATE NORMAL PERIOD 1981 TO 2010
CLIMATE RECORD PERIOD 9999 TO 9999


WEATHER ITEM   OBSERVED TIME   NORMAL DEPARTURE LAST
                VALUE   (LST)  VALUE  FROM      YEAR
                                      NORMAL
......................................................
TEMPERATURE (F)
 TODAY
  MAXIMUM         21   1227 AM  51    -30       16
  MINIMUM         13    550 AM  31    -18        3
  AVERAGE         17            41    -24       10

PRECIPITATION (IN)
  TODAY            0.00          0.08  -0.08     0.03
  MONTH TO DATE    0.06          0.15  -0.09     0.03
  SINCE MAR 1      0.06          0.15  -0.09     0.03
  SINCE JAN 1      2.14          3.75  -1.61     0.97

DEGREE DAYS
 HEATING
  TODAY           48            24     24       55
  MONTH TO DATE   87            48     39       92
  SINCE MAR 1     87            48     39       92
  SINCE JUL 1   3935          3665    270     4311

 COOLING
  TODAY            0             0      0        0
  MONTH TO DATE    0             0      0        0
  SINCE MAR 1      0             0      0        0
  SINCE JAN 1      0             0      0        0
......................................................


WIND (MPH)
  HIGHEST WIND SPEED     8   HIGHEST WIND DIRECTION    SW (240)
  HIGHEST GUST SPEED     9   HIGHEST GUST DIRECTION    SW (230)
  AVERAGE WIND SPEED     3.6


SKY COVER
  AVERAGE SKY COVER 0.0


WEATHER CONDITIONS
 THE FOLLOWING WEATHER WAS RECORDED TODAY.
  FOG
  HAZE


RELATIVE HUMIDITY (PERCENT)
 HIGHEST    92           100 AM
 LOWEST     80           600 AM
 AVERAGE    86

..........................................................


THE SEDALIA MO CLIMATE NORMALS FOR TOMORROW
                         NORMAL
 MAXIMUM TEMPERATURE (F)   52
 MINIMUM TEMPERATURE (F)   31


SUNRISE AND SUNSET
MARCH  2 2015.........SUNRISE   644 AM CST   SUNSET   606 PM CST
MARCH  3 2015.........SUNRISE   642 AM CST   SUNSET   607 PM CST


-  INDICATES NEGATIVE NUMBERS.
R  INDICATES RECORD WAS SET OR TIED.
MM INDICATES DATA IS MISSING.
T  INDICATES TRACE AMOUNT.




$$
