000
CDUS43 KEAX 010632
CLIDMO


CLIMATE REPORT
NATIONAL WEATHER SERVICE KANSAS CITY/PLEASANT HILL MO
132 AM CDT SAT AUG 1 2015


...................................

...THE SEDALIA MO CLIMATE SUMMARY FOR JULY 31 2015...

CLIMATE NORMAL PERIOD 1981 TO 2010
CLIMATE RECORD PERIOD 9999 TO 9999


WEATHER ITEM   OBSERVED TIME   NORMAL DEPARTURE LAST
                VALUE   (LST)  VALUE  FROM      YEAR
                                      NORMAL
......................................................
TEMPERATURE (F)
 YESTERDAY
  MAXIMUM         92    335 PM  90      2       85
  MINIMUM         65    452 AM  69     -4       58
  AVERAGE         79            80     -1       72

PRECIPITATION (IN)
  YESTERDAY        0.00          0.11  -0.11     0.00
  MONTH TO DATE    6.13          4.21   1.92     0.58
  SINCE JUN 1     12.42          9.30   3.12     6.69
  SINCE JAN 1     25.85         24.45   1.40    18.06

DEGREE DAYS
 HEATING
  YESTERDAY        0             0      0        0
  MONTH TO DATE    0             0      0        0
  SINCE JUN 1      5             6     -1        0
  SINCE JUL 1      0             0      0        0

 COOLING
  YESTERDAY       14            14      0        7
  MONTH TO DATE  447           437     10      295
  SINCE JUN 1    786           741     45      607
  SINCE JAN 1    913           880     33      802
......................................................


WIND (MPH)
  HIGHEST WIND SPEED    10   HIGHEST WIND DIRECTION    SW (220)
  HIGHEST GUST SPEED    15   HIGHEST GUST DIRECTION    SW (220)
  AVERAGE WIND SPEED     4.1


SKY COVER
  AVERAGE SKY COVER 0.0


WEATHER CONDITIONS
 THE FOLLOWING WEATHER WAS RECORDED YESTERDAY.
  NO SIGNIFICANT WEATHER WAS OBSERVED.


RELATIVE HUMIDITY (PERCENT)
 HIGHEST    87           400 AM
 LOWEST     32           300 PM
 AVERAGE    60

..........................................................


THE SEDALIA MO CLIMATE NORMALS FOR TODAY
                         NORMAL
 MAXIMUM TEMPERATURE (F)   90
 MINIMUM TEMPERATURE (F)   69


SUNRISE AND SUNSET
AUGUST  1 2015........SUNRISE   614 AM CDT   SUNSET   823 PM CDT
AUGUST  2 2015........SUNRISE   615 AM CDT   SUNSET   822 PM CDT


-  INDICATES NEGATIVE NUMBERS.
R  INDICATES RECORD WAS SET OR TIED.
MM INDICATES DATA IS MISSING.
T  INDICATES TRACE AMOUNT.




$$
