000
CDUS43 KEAX 120640
CLIDMO


CLIMATE REPORT
NATIONAL WEATHER SERVICE KANSAS CITY/PLEASANT HILL MO
1240 AM CST TUE DEC 12 2017


...................................

...THE SEDALIA MO CLIMATE SUMMARY FOR DECEMBER 11 2017...

CLIMATE NORMAL PERIOD 1981 TO 2010
CLIMATE RECORD PERIOD 9999 TO 9999


WEATHER ITEM   OBSERVED TIME   NORMAL DEPARTURE LAST
                VALUE   (LST)  VALUE  FROM      YEAR
                                      NORMAL
......................................................
TEMPERATURE (F)
 YESTERDAY
  MAXIMUM         57    246 PM  44     13       47
  MINIMUM         35   1159 PM  27      8       31
  AVERAGE         46            36     10       39

PRECIPITATION (IN)
  YESTERDAY        0.00          0.07  -0.07     0.03
  MONTH TO DATE    0.19          0.80  -0.61     0.33
  SINCE DEC 1      0.19          0.80  -0.61     0.33
  SINCE JAN 1     35.39         39.59  -4.20    31.51

DEGREE DAYS
 HEATING
  YESTERDAY       19            29    -10       26
  MONTH TO DATE  259           301    -42      342
  SINCE DEC 1    259           301    -42      342
  SINCE JUL 1   1016          1146   -130      849

 COOLING
  YESTERDAY        0             0      0        0
  MONTH TO DATE    0             0      0        0
  SINCE DEC 1      0             0      0        0
  SINCE JAN 1   1491          1490      1     1775
......................................................


WIND (MPH)
  HIGHEST WIND SPEED    32   HIGHEST WIND DIRECTION     N (340)
  HIGHEST GUST SPEED    41   HIGHEST GUST DIRECTION    NW (330)
  AVERAGE WIND SPEED    19.0


SKY COVER
  AVERAGE SKY COVER 0.3


WEATHER CONDITIONS
 THE FOLLOWING WEATHER WAS RECORDED YESTERDAY.
  NO SIGNIFICANT WEATHER WAS OBSERVED.


RELATIVE HUMIDITY (PERCENT)
 HIGHEST    65           900 PM
 LOWEST     30          1100 AM
 AVERAGE    48

..........................................................


THE SEDALIA MO CLIMATE NORMALS FOR TODAY
                         NORMAL
 MAXIMUM TEMPERATURE (F)   44
 MINIMUM TEMPERATURE (F)   27


SUNRISE AND SUNSET
DECEMBER 12 2017......SUNRISE   721 AM CST   SUNSET   451 PM CST
DECEMBER 13 2017......SUNRISE   722 AM CST   SUNSET   451 PM CST


-  INDICATES NEGATIVE NUMBERS.
R  INDICATES RECORD WAS SET OR TIED.
MM INDICATES DATA IS MISSING.
T  INDICATES TRACE AMOUNT.




$$
