000
CDUS43 KEAX 270634
CLIDMO


CLIMATE REPORT
NATIONAL WEATHER SERVICE KANSAS CITY/PLEASANT HILL MO
1233 AM CST MON FEB 27 2017


...................................

...THE SEDALIA MO CLIMATE SUMMARY FOR FEBRUARY 26 2017...

CLIMATE NORMAL PERIOD 1981 TO 2010
CLIMATE RECORD PERIOD 9999 TO 9999


WEATHER ITEM   OBSERVED TIME   NORMAL DEPARTURE LAST
                VALUE   (LST)  VALUE  FROM      YEAR
                                      NORMAL
......................................................
TEMPERATURE (F)
 YESTERDAY
  MAXIMUM         48    250 PM  50     -2       49
  MINIMUM         30   1243 AM  30      0       31
  AVERAGE         39            40     -1       40

PRECIPITATION (IN)
  YESTERDAY        0.00          0.07  -0.07     0.00
  MONTH TO DATE    0.02          1.81  -1.79     0.24
  SINCE DEC 1      1.79          5.80  -4.01     6.35
  SINCE JAN 1      1.01          3.48  -2.47     1.15

DEGREE DAYS
 HEATING
  YESTERDAY       26            25      1       25
  MONTH TO DATE  484           754   -270      671
  SINCE DEC 1   2357          2724   -367     2309
  SINCE JUL 1   2864          3569   -705     2954

 COOLING
  YESTERDAY        0             0      0        0
  MONTH TO DATE    0             0      0        0
  SINCE DEC 1      0             0      0        0
  SINCE JAN 1      0             0      0        0
......................................................


WIND (MPH)
  HIGHEST WIND SPEED    18   HIGHEST WIND DIRECTION    SW (220)
  HIGHEST GUST SPEED    22   HIGHEST GUST DIRECTION    SW (220)
  AVERAGE WIND SPEED    10.4


SKY COVER
  AVERAGE SKY COVER 0.7


WEATHER CONDITIONS
 THE FOLLOWING WEATHER WAS RECORDED YESTERDAY.
  NO SIGNIFICANT WEATHER WAS OBSERVED.


RELATIVE HUMIDITY (PERCENT)
 HIGHEST    85           800 PM
 LOWEST     31           200 PM
 AVERAGE    58

..........................................................


THE SEDALIA MO CLIMATE NORMALS FOR TODAY
                         NORMAL
 MAXIMUM TEMPERATURE (F)   50
 MINIMUM TEMPERATURE (F)   30


SUNRISE AND SUNSET
FEBRUARY 27 2017......SUNRISE   647 AM CST   SUNSET   604 PM CST
FEBRUARY 28 2017......SUNRISE   646 AM CST   SUNSET   605 PM CST


-  INDICATES NEGATIVE NUMBERS.
R  INDICATES RECORD WAS SET OR TIED.
MM INDICATES DATA IS MISSING.
T  INDICATES TRACE AMOUNT.




$$
