000
CDUS43 KEAX 010039
CLIDMO


CLIMATE REPORT
NATIONAL WEATHER SERVICE KANSAS CITY/PLEASANT HILL MO
738 PM CDT SUN APR 30 2017


...................................

...THE SEDALIA MO CLIMATE SUMMARY FOR APRIL 30 2017...
VALID TODAY AS OF 0700 PM LOCAL TIME.

CLIMATE NORMAL PERIOD 1981 TO 2010
CLIMATE RECORD PERIOD 9999 TO 9999


WEATHER ITEM   OBSERVED TIME   NORMAL DEPARTURE LAST
                VALUE   (LST)  VALUE  FROM      YEAR
                                      NORMAL
......................................................
TEMPERATURE (F)
 TODAY
  MAXIMUM         69   1203 PM  71     -2       75
  MINIMUM         47    114 AM  51     -4       57
  AVERAGE         58            61     -3       66

PRECIPITATION (IN)
  TODAY            0.43          0.20   0.23     0.08
  MONTH TO DATE    7.48          4.25   3.23     1.91
  SINCE MAR 1     10.78          6.86   3.92     3.60
  SINCE JAN 1     12.20         10.46   1.74     4.75

DEGREE DAYS
 HEATING
  TODAY            7             5      2        0
  MONTH TO DATE  195           280    -85      195
  SINCE MAR 1    649           865   -216      582
  SINCE JUL 1   3532          4482   -950     3570

 COOLING
  TODAY            0             1     -1        1
  MONTH TO DATE   42            31     11       20
  SINCE MAR 1     50            34     16       24
  SINCE JAN 1     50            34     16       24
......................................................


WIND (MPH)
  HIGHEST WIND SPEED    36   HIGHEST WIND DIRECTION     E (100)
  HIGHEST GUST SPEED    42   HIGHEST GUST DIRECTION     E (110)
  AVERAGE WIND SPEED    15.0


SKY COVER
  AVERAGE SKY COVER 0.9


WEATHER CONDITIONS
 THE FOLLOWING WEATHER WAS RECORDED TODAY.
  THUNDERSTORM
  RAIN
  LIGHT RAIN
  FOG


RELATIVE HUMIDITY (PERCENT)
 HIGHEST   100          1200 AM
 LOWEST     57           600 PM
 AVERAGE    79

..........................................................


THE SEDALIA MO CLIMATE NORMALS FOR TOMORROW
                         NORMAL
 MAXIMUM TEMPERATURE (F)   72
 MINIMUM TEMPERATURE (F)   51


SUNRISE AND SUNSET
APRIL 30 2017.........SUNRISE   616 AM CDT   SUNSET   804 PM CDT
MAY  1 2017...........SUNRISE   615 AM CDT   SUNSET   805 PM CDT


-  INDICATES NEGATIVE NUMBERS.
R  INDICATES RECORD WAS SET OR TIED.
MM INDICATES DATA IS MISSING.
T  INDICATES TRACE AMOUNT.




$$
