000
CDUS42 KCAE 040525
CLIDNL


CLIMATE REPORT
NATIONAL WEATHER SERVICE COLUMBIA SC
125 AM EDT WED MAY 4 2016


...................................

...THE AUGUSTA DANIEL FIELD GA CLIMATE SUMMARY FOR MAY 3 2016...

CLIMATE NORMAL PERIOD 1981 TO 2010
CLIMATE RECORD PERIOD 9999 TO 9999


WEATHER ITEM   OBSERVED TIME   NORMAL DEPARTURE LAST
                VALUE   (LST)  VALUE  FROM      YEAR
                                      NORMAL
......................................................
TEMPERATURE (F)
 YESTERDAY
  MAXIMUM         82    214 PM  80      2       82
  MINIMUM         68    519 AM  58     10       56
  AVERAGE         75            69      6       69

PRECIPITATION (IN)
  YESTERDAY        0.83          0.06   0.77     0.00
  MONTH TO DATE    1.75          0.17   1.58     0.00
  SINCE MAR 1      6.98          7.43  -0.45     6.06
  SINCE JAN 1     11.59         15.67  -4.08    10.99

DEGREE DAYS
 HEATING
  YESTERDAY        0             1     -1        0
  MONTH TO DATE    0             3     -3        2
  SINCE MAR 1    155           349   -194      181
  SINCE JUL 1   1456          2162   -706     2036

 COOLING
  YESTERDAY       10             5      5        4
  MONTH TO DATE   39            15     24        5
  SINCE MAR 1    266           112    154      196
  SINCE JAN 1    272           116    156      196
......................................................


WIND (MPH)
  HIGHEST WIND SPEED    15   HIGHEST WIND DIRECTION     S (190)
  HIGHEST GUST SPEED    19   HIGHEST GUST DIRECTION     S (180)
  AVERAGE WIND SPEED     4.1


SKY COVER
  AVERAGE SKY COVER 0.5


WEATHER CONDITIONS
 THE FOLLOWING WEATHER WAS RECORDED YESTERDAY.
  HEAVY RAIN
  RAIN
  LIGHT RAIN
  FOG


RELATIVE HUMIDITY (PERCENT)
 HIGHEST    90           500 AM
 LOWEST     58          1200 PM

..........................................................


THE AUGUSTA DANIEL FIELD GA CLIMATE NORMALS FOR TODAY
                         NORMAL    RECORD    YEAR
 MAXIMUM TEMPERATURE (F)   80        MM        MM
 MINIMUM TEMPERATURE (F)   58        MM        MM


SUNRISE AND SUNSET
MAY  4 2016...........SUNRISE   636 AM EDT   SUNSET   814 PM EDT
MAY  5 2016...........SUNRISE   636 AM EDT   SUNSET   814 PM EDT


-  INDICATES NEGATIVE NUMBERS.
R  INDICATES RECORD WAS SET OR TIED.
MM INDICATES DATA IS MISSING.
T  INDICATES TRACE AMOUNT.




$$
