000
CDUS42 KCAE 250653
CLIDNL


CLIMATE REPORT
NATIONAL WEATHER SERVICE COLUMBIA SC
253 AM EDT FRI JUL 25 2014


...................................

...THE AUGUSTA DANIEL FIELD GA CLIMATE SUMMARY FOR JULY 24 2014...

CLIMATE NORMAL PERIOD 1981 TO 2010
CLIMATE RECORD PERIOD 9999 TO 9999


WEATHER ITEM   OBSERVED TIME   RECORD YEAR NORMAL DEPARTURE LAST
                VALUE   (LST)  VALUE       VALUE  FROM      YEAR
                                                  NORMAL
..................................................................
TEMPERATURE (F)
 YESTERDAY
  MAXIMUM         94    246 PM  MM      MM  92      2       93
  MINIMUM         76    628 AM  MM      MM  73      3       72
  AVERAGE         85                        82      3       83

PRECIPITATION (IN)
  YESTERDAY        T            MM      MM   0.14  -0.14      T
  MONTH TO DATE    1.11                      4.07  -2.96     7.25
  SINCE JUN 1      5.34                      8.36  -3.02    21.04
  SINCE JAN 1     24.14                     27.04  -2.90    39.49

DEGREE DAYS
 HEATING
  YESTERDAY        0                         0      0        0
  MONTH TO DATE    0                         0      0        0
  SINCE JUN 1      0                         1     -1        0
  SINCE JUL 1      0                         0      0        0

 COOLING
  YESTERDAY       20                        17      3       18
  MONTH TO DATE  429                       406     23      348
  SINCE JUN 1    931                       840     91      764
  SINCE JAN 1   1393                      1197    196     1058
..................................................................


WIND (MPH)
  HIGHEST WIND SPEED    14   HIGHEST WIND DIRECTION    SW (220)
  HIGHEST GUST SPEED    20   HIGHEST GUST DIRECTION    SW (230)
  AVERAGE WIND SPEED     4.9


SKY COVER
  AVERAGE SKY COVER 0.2


WEATHER CONDITIONS
 THE FOLLOWING WEATHER WAS RECORDED YESTERDAY.
  NO SIGNIFICANT WEATHER WAS OBSERVED.


RELATIVE HUMIDITY (PERCENT)
 HIGHEST    87           500 AM
 LOWEST     44           400 PM

..........................................................


THE AUGUSTA DANIEL FIELD GA CLIMATE NORMALS FOR TODAY
                         NORMAL    RECORD    YEAR
 MAXIMUM TEMPERATURE (F)   92        MM        MM
 MINIMUM TEMPERATURE (F)   73        MM        MM


SUNRISE AND SUNSET
JULY 25 2014..........SUNRISE   636 AM EDT   SUNSET   833 PM EDT
JULY 26 2014..........SUNRISE   636 AM EDT   SUNSET   832 PM EDT


-  INDICATES NEGATIVE NUMBERS.
R  INDICATES RECORD WAS SET OR TIED.
MM INDICATES DATA IS MISSING.
T  INDICATES TRACE AMOUNT.




$$
