000
CDUS42 KCAE 280537
CLIDNL


CLIMATE REPORT
NATIONAL WEATHER SERVICE COLUMBIA SC
1237 AM EST SAT FEB 28 2015


...................................

...THE AUGUSTA DANIEL FIELD GA CLIMATE SUMMARY FOR FEBRUARY 27 2015...

CLIMATE NORMAL PERIOD 1981 TO 2010
CLIMATE RECORD PERIOD 9999 TO 9999


WEATHER ITEM   OBSERVED TIME   NORMAL DEPARTURE LAST
                VALUE   (LST)  VALUE  FROM      YEAR
                                      NORMAL
......................................................
TEMPERATURE (F)
 YESTERDAY
  MAXIMUM         58    448 PM  64     -6       58
  MINIMUM         42    803 AM  43     -1       32
  AVERAGE         50            53     -3       45

PRECIPITATION (IN)
  YESTERDAY        0.00          0.17  -0.17     0.00
  MONTH TO DATE    3.44          3.87  -0.43     3.76
  SINCE DEC 1      7.87         11.70  -3.83    12.65
  SINCE JAN 1      4.92          8.08  -3.16     6.29

DEGREE DAYS
 HEATING
  YESTERDAY       15            12      3       20
  MONTH TO DATE  524           396    128      359
  SINCE DEC 1   1437          1468    -31     1445
  SINCE JUL 1   1837          1802     35     1818

 COOLING
  YESTERDAY        0             0      0        0
  MONTH TO DATE    0             0      0        8
  SINCE DEC 1      0             6     -6       23
  SINCE JAN 1      0             1     -1        8
......................................................


WIND (MPH)
  HIGHEST WIND SPEED     8   HIGHEST WIND DIRECTION     E (110)
  HIGHEST GUST SPEED    12   HIGHEST GUST DIRECTION    SE (120)
  AVERAGE WIND SPEED     2.6


SKY COVER
  AVERAGE SKY COVER 0.5


WEATHER CONDITIONS
 THE FOLLOWING WEATHER WAS RECORDED YESTERDAY.
  NO SIGNIFICANT WEATHER WAS OBSERVED.


RELATIVE HUMIDITY (PERCENT)
 HIGHEST    89           400 AM
 LOWEST     36           500 PM

..........................................................


THE AUGUSTA DANIEL FIELD GA CLIMATE NORMALS FOR TODAY
                         NORMAL    RECORD    YEAR
 MAXIMUM TEMPERATURE (F)   64        MM        MM
 MINIMUM TEMPERATURE (F)   43        MM        MM


SUNRISE AND SUNSET
FEBRUARY 28 2015......SUNRISE   658 AM EST   SUNSET   624 PM EST
MARCH  1 2015.........SUNRISE   657 AM EST   SUNSET   625 PM EST


-  INDICATES NEGATIVE NUMBERS.
R  INDICATES RECORD WAS SET OR TIED.
MM INDICATES DATA IS MISSING.
T  INDICATES TRACE AMOUNT.




$$
