000
CDUS42 KCAE 030618
CLIDNL


CLIMATE REPORT
NATIONAL WEATHER SERVICE COLUMBIA SC
116 AM EST SAT DEC 3 2016


...................................

...THE AUGUSTA DANIEL FIELD GA CLIMATE SUMMARY FOR DECEMBER 2 2016...

CLIMATE NORMAL PERIOD 1981 TO 2010
CLIMATE RECORD PERIOD 9999 TO 9999


WEATHER ITEM   OBSERVED TIME   NORMAL DEPARTURE LAST
                VALUE   (LST)  VALUE  FROM      YEAR
                                      NORMAL
......................................................
TEMPERATURE (F)
 YESTERDAY
  MAXIMUM         62    354 PM  62      0       66
  MINIMUM         40    521 AM  42     -2       53
  AVERAGE         51            52     -1       60

PRECIPITATION (IN)
  YESTERDAY        0.00          0.12  -0.12     0.46
  MONTH TO DATE    0.00          0.25  -0.25     0.46
  SINCE DEC 1      0.00          0.25  -0.25     0.46
  SINCE JAN 1     32.28         43.18 -10.90    35.23

DEGREE DAYS
 HEATING
  YESTERDAY       14            13      1        5
  MONTH TO DATE   21            26     -5        5
  SINCE DEC 1     21            26     -5        5
  SINCE JUL 1    190           360   -170      196

 COOLING
  YESTERDAY        0             0      0        0
  MONTH TO DATE    0             0      0        0
  SINCE DEC 1      0             0      0        0
  SINCE JAN 1   3074          2256    818     2761
......................................................


WIND (MPH)
  HIGHEST WIND SPEED    12   HIGHEST WIND DIRECTION    NW (300)
  HIGHEST GUST SPEED    17   HIGHEST GUST DIRECTION    NW (310)
  AVERAGE WIND SPEED     4.6


SKY COVER
  AVERAGE SKY COVER 0.0


WEATHER CONDITIONS
 THE FOLLOWING WEATHER WAS RECORDED YESTERDAY.
  HAZE


RELATIVE HUMIDITY (PERCENT)
 HIGHEST    70           600 AM
 LOWEST     27           400 PM

..........................................................


THE AUGUSTA DANIEL FIELD GA CLIMATE NORMALS FOR TODAY
                         NORMAL    RECORD    YEAR
 MAXIMUM TEMPERATURE (F)   62        MM        MM
 MINIMUM TEMPERATURE (F)   42        MM        MM


SUNRISE AND SUNSET
DECEMBER  3 2016......SUNRISE   716 AM EST   SUNSET   520 PM EST
DECEMBER  4 2016......SUNRISE   717 AM EST   SUNSET   520 PM EST


-  INDICATES NEGATIVE NUMBERS.
R  INDICATES RECORD WAS SET OR TIED.
MM INDICATES DATA IS MISSING.
T  INDICATES TRACE AMOUNT.




$$
