000
CDUS43 KLOT 030643
CLIDPA


CLIMATE REPORT
NATIONAL WEATHER SERVICE CHICAGO IL
143 AM CDT FRI JUL 3 2015


...................................

...THE DU PAGE  AIRPORT CLIMATE SUMMARY FOR JULY 2 2015...

CLIMATE NORMAL PERIOD 1981 TO 2010
CLIMATE RECORD PERIOD 1997 TO 2015


WEATHER ITEM   OBSERVED TIME   RECORD YEAR NORMAL DEPARTURE LAST
                VALUE   (LST)  VALUE       VALUE  FROM      YEAR
                                                  NORMAL
..................................................................
TEMPERATURE (F)
 YESTERDAY
  MAXIMUM         70    343 PM  95    2012  85    -15       69
  MINIMUM         48    316 AM  42    2001  62    -14       57
  AVERAGE         59                        74    -15       63

PRECIPITATION (IN)
  YESTERDAY        0.00          1.23        0.07  -0.07     0.22
  MONTH TO DATE    0.00                      0.14  -0.14     0.22
  SINCE JUN 1      8.01                      4.03   3.98     7.16
  SINCE JAN 1     19.00                     17.05   1.95    14.80

SNOWFALL (IN)
  YESTERDAY       MM
  MONTH TO DATE    0.0
  SINCE JUL 1      0.0

DEGREE DAYS
 HEATING
  YESTERDAY        6                         0      6        2
  MONTH TO DATE    9                         0      9        2
  SINCE JUN 1     43                        36      7       20
  SINCE JUL 1      9                         0      9        2

 COOLING
  YESTERDAY        0                         9     -9        0
  MONTH TO DATE    0                        18    -18        8
  SINCE JUN 1    120                       196    -76      217
  SINCE JAN 1    174                       242    -68      286
..................................................................


WIND (MPH)
  RESULTANT WIND SPEED   9   RESULTANT WIND DIRECTION  NE (50)
  HIGHEST WIND SPEED    17   HIGHEST WIND DIRECTION    NE (30)
  HIGHEST GUST SPEED    23   HIGHEST GUST DIRECTION    NE (30)
  AVERAGE WIND SPEED     9.5



WEATHER CONDITIONS
 THE FOLLOWING WEATHER WAS RECORDED YESTERDAY.
  NO SIGNIFICANT WEATHER WAS OBSERVED.


..........................................................


THE DU PAGE  AIRPORT CLIMATE NORMALS FOR TODAY
                         NORMAL    RECORD    YEAR
 MAXIMUM TEMPERATURE (F)   85        94      2012
 MINIMUM TEMPERATURE (F)   62        52      2008
                                             2005


SUNRISE AND SUNSET
JULY  3 2015..........SUNRISE   522 AM CDT   SUNSET   832 PM CDT
JULY  4 2015..........SUNRISE   523 AM CDT   SUNSET   832 PM CDT


-  INDICATES NEGATIVE NUMBERS.
R  INDICATES RECORD WAS SET OR TIED.
MM INDICATES DATA IS MISSING.
T  INDICATES TRACE AMOUNT.




$$
