000
CDUS44 KDRT 110811
CLIDRT


CLIMATE REPORT
NATIONAL WEATHER SERVICE AUSTIN/SAN ANTONIO, TX
210 AM CST THU FEB 11 2016


...................................

...THE DEL RIO CLIMATE SUMMARY FOR FEBRUARY 10 2016...

CLIMATE NORMAL PERIOD 1981 TO 2010
CLIMATE RECORD PERIOD 1906 TO 2016


WEATHER ITEM   OBSERVED TIME   RECORD YEAR NORMAL DEPARTURE LAST
                VALUE   (LST)  VALUE       VALUE  FROM      YEAR
                                                  NORMAL
..................................................................
TEMPERATURE (F)
 YESTERDAY
  MAXIMUM         79    459 PM  92    1957  68     11       84
  MINIMUM         35    656 AM  23    2011  44     -9       51
                                      1973
  AVERAGE         57                        56      1       68

PRECIPITATION (IN)
  YESTERDAY        0.00          0.38 1942   0.03  -0.03    MM
  MONTH TO DATE    0.00                      0.28  -0.28     0.18
  SINCE DEC 1      1.02                      1.65  -0.63     1.20
  SINCE JAN 1      0.68                      1.00  -0.32     0.95

SNOWFALL (IN)
  YESTERDAY        0.0
  MONTH TO DATE    0.0
  SINCE DEC 1      T
  SINCE JUL 1      T

DEGREE DAYS
 HEATING
  YESTERDAY        8                        10     -2        0
  MONTH TO DATE  115                       106      9      100
  SINCE DEC 1    782                       899   -117      848
  SINCE JUL 1    925                      1096   -171     1120

 COOLING
  YESTERDAY        0                         0      0        3
  MONTH TO DATE    5                         0      5        3
  SINCE DEC 1      6                         6      0        9
  SINCE JAN 1      5                         3      2        3
..................................................................


WIND (MPH)
  HIGHEST WIND SPEED    12   HIGHEST WIND DIRECTION    SE (140)
  HIGHEST GUST SPEED    15   HIGHEST GUST DIRECTION     S (170)
  AVERAGE WIND SPEED     3.9


SKY COVER
  AVERAGE SKY COVER 0.0


WEATHER CONDITIONS
 THE FOLLOWING WEATHER WAS RECORDED YESTERDAY.
  NO SIGNIFICANT WEATHER WAS OBSERVED.


RELATIVE HUMIDITY (PERCENT)
 HIGHEST    76           800 AM
 LOWEST     13           400 PM
 AVERAGE    45

..........................................................


THE DEL RIO CLIMATE NORMALS FOR TODAY
                         NORMAL    RECORD    YEAR
 MAXIMUM TEMPERATURE (F)   68        87      1976
 MINIMUM TEMPERATURE (F)   44        21      1981


SUNRISE AND SUNSET
FEBRUARY 11 2016......SUNRISE   726 AM CST   SUNSET   630 PM CST
FEBRUARY 12 2016......SUNRISE   726 AM CST   SUNSET   631 PM CST


-  INDICATES NEGATIVE NUMBERS.
R  INDICATES RECORD WAS SET OR TIED.
MM INDICATES DATA IS MISSING.
T  INDICATES TRACE AMOUNT.




$$
