000
CDUS44 KEWX 110741
CLIDRT


CLIMATE REPORT
NATIONAL WEATHER SERVICE AUSTIN/SAN ANTONIO, TX
135 AM CST MON DEC 11 2017


...................................

...THE DEL RIO CLIMATE SUMMARY FOR DECEMBER 10 2017...

CLIMATE NORMAL PERIOD 1981 TO 2010
CLIMATE RECORD PERIOD 1906 TO 2017


WEATHER ITEM   OBSERVED TIME   RECORD YEAR NORMAL DEPARTURE LAST
                VALUE   (LST)  VALUE       VALUE  FROM      YEAR
                                                  NORMAL
..................................................................
TEMPERATURE (F)
 YESTERDAY
  MAXIMUM         69    316 PM  86    1910  65      4       51
  MINIMUM         35    620 AM  25    1978  41     -6       42
  AVERAGE         52                        53     -1       47

PRECIPITATION (IN)
  YESTERDAY        0.00          0.49 1986   0.02  -0.02     0.00
  MONTH TO DATE    1.29                      0.19   1.10     2.37
  SINCE DEC 1      1.29                      0.19   1.10     2.37
  SINCE JAN 1     23.97                     19.06   4.91    32.36

SNOWFALL (IN)
  YESTERDAY        0.0
  MONTH TO DATE    0.0
  SINCE DEC 1      0.0
  SINCE JUL 1      0.0

DEGREE DAYS
 HEATING
  YESTERDAY       13                        12      1       18
  MONTH TO DATE   39                       113    -74      144
  SINCE DEC 1     39                       113    -74      144
  SINCE JUL 1    190                       310   -120      213

 COOLING
  YESTERDAY        0                         0      0        0
  MONTH TO DATE   10                         0     10        0
  SINCE DEC 1     10                         0     10        0
  SINCE JAN 1   3579                      3372    207     3579
..................................................................


WIND (MPH)
  HIGHEST WIND SPEED    12   HIGHEST WIND DIRECTION     W (280)
  HIGHEST GUST SPEED    14   HIGHEST GUST DIRECTION     W (280)
  AVERAGE WIND SPEED     2.5


SKY COVER
  AVERAGE SKY COVER 0.0


WEATHER CONDITIONS
 THE FOLLOWING WEATHER WAS RECORDED YESTERDAY.
  NO SIGNIFICANT WEATHER WAS OBSERVED.


RELATIVE HUMIDITY (PERCENT)
 HIGHEST    76           900 PM
 LOWEST     30           300 PM
 AVERAGE    53

..........................................................


THE DEL RIO CLIMATE NORMALS FOR TODAY
                         NORMAL    RECORD    YEAR
 MAXIMUM TEMPERATURE (F)   64        89      1987
 MINIMUM TEMPERATURE (F)   41        24      1966


SUNRISE AND SUNSET
DECEMBER 11 2017......SUNRISE   728 AM CST   SUNSET   546 PM CST
DECEMBER 12 2017......SUNRISE   729 AM CST   SUNSET   546 PM CST


-  INDICATES NEGATIVE NUMBERS.
R  INDICATES RECORD WAS SET OR TIED.
MM INDICATES DATA IS MISSING.
T  INDICATES TRACE AMOUNT.




$$
