000
CDUS44 KEWX 240818
CLIDRT


CLIMATE REPORT
NATIONAL WEATHER SERVICE AUSTIN/SAN ANTONIO, TX
218 AM CST TUE JAN 24 2017


...................................

...THE DEL RIO CLIMATE SUMMARY FOR JANUARY 23 2017...

CLIMATE NORMAL PERIOD 1981 TO 2010
CLIMATE RECORD PERIOD 1906 TO 2017


WEATHER ITEM   OBSERVED TIME   RECORD YEAR NORMAL DEPARTURE LAST
                VALUE   (LST)  VALUE       VALUE  FROM      YEAR
                                                  NORMAL
..................................................................
TEMPERATURE (F)
 YESTERDAY
  MAXIMUM         81    438 PM  89    1972  64     17       63
  MINIMUM         36    732 AM  13    1930  41     -5       35
  AVERAGE         59                        53      6       49

PRECIPITATION (IN)
  YESTERDAY        0.00          1.03 1958   0.03  -0.03     0.00
  MONTH TO DATE    0.18                      0.52  -0.34     0.57
  SINCE DEC 1      2.66                      1.17   1.49     0.91
  SINCE JAN 1      0.18                      0.52  -0.34     0.57

SNOWFALL (IN)
  YESTERDAY        0.0
  MONTH TO DATE    0.0
  SINCE DEC 1      0.0
  SINCE JUL 1      0.0

DEGREE DAYS
 HEATING
  YESTERDAY        6                        12     -6       16
  MONTH TO DATE  203                       307   -104      309
  SINCE DEC 1    536                       701   -165      592
  SINCE JUL 1    605                       898   -293      735

 COOLING
  YESTERDAY        0                         0      0        0
  MONTH TO DATE   12                         0     12        0
  SINCE DEC 1     24                         3     21        1
  SINCE JAN 1     12                         0     12        0
..................................................................


WIND (MPH)
  HIGHEST WIND SPEED    20   HIGHEST WIND DIRECTION    SE (140)
  HIGHEST GUST SPEED    25   HIGHEST GUST DIRECTION    SE (150)
  AVERAGE WIND SPEED     8.1


SKY COVER
  AVERAGE SKY COVER 0.0


WEATHER CONDITIONS
 THE FOLLOWING WEATHER WAS RECORDED YESTERDAY.
  NO SIGNIFICANT WEATHER WAS OBSERVED.


RELATIVE HUMIDITY (PERCENT)
 HIGHEST    76           300 AM
 LOWEST     16           200 PM
 AVERAGE    46

..........................................................


THE DEL RIO CLIMATE NORMALS FOR TODAY
                         NORMAL    RECORD    YEAR
 MAXIMUM TEMPERATURE (F)   65        89      1943
 MINIMUM TEMPERATURE (F)   41        16      1963


SUNRISE AND SUNSET
JANUARY 24 2017.......SUNRISE   737 AM CST   SUNSET   615 PM CST
JANUARY 25 2017.......SUNRISE   736 AM CST   SUNSET   616 PM CST


-  INDICATES NEGATIVE NUMBERS.
R  INDICATES RECORD WAS SET OR TIED.
MM INDICATES DATA IS MISSING.
T  INDICATES TRACE AMOUNT.




$$
