000
CDUS43 KDMX 300631 RRA
CLIDSM

CLIMATE REPORT
NATIONAL WEATHER SERVICE DES MOINES IA
129 AM CDT SAT MAY 30 2015


...................................

...THE DES MOINES IA CLIMATE SUMMARY FOR MAY 29 2015...

CLIMATE NORMAL PERIOD 1981 TO 2010
CLIMATE RECORD PERIOD 1878 TO 2015


WEATHER ITEM   OBSERVED TIME   RECORD YEAR NORMAL DEPARTURE LAST
                VALUE   (LST)  VALUE       VALUE  FROM      YEAR
                                                  NORMAL
..................................................................
TEMPERATURE (F)
 YESTERDAY
  MAXIMUM         76    541 PM 104    1934  76      0       86
  MINIMUM         61   1159 PM  32    1947  57      4       65
  AVERAGE         69                        66      3       76

PRECIPITATION (IN)
  YESTERDAY        0.19          1.41 1880   0.15   0.04     0.00
  MONTH TO DATE    4.31                      4.43  -0.12     3.39
  SINCE MAR 1      7.31                     10.59  -3.28     8.80
  SINCE JAN 1      9.33                     12.87  -3.54    11.14

SNOWFALL (IN)
  YESTERDAY        0.0          MM      MM   0.0    0.0      0.0
  MONTH TO DATE    0.0                       0.0    0.0       T
  SINCE MAR 1      T                         7.0   -7.0      6.4
  SINCE JUL 1     29.1                      35.3   -6.2     48.3
  SNOW DEPTH       0

DEGREE DAYS
 HEATING
  YESTERDAY        0                         2     -2        0
  MONTH TO DATE   95                       142    -47      137
  SINCE MAR 1   1065                      1350   -285     1480
  SINCE JUL 1   5903                      6181   -278     6787

 COOLING
  YESTERDAY        4                         4      0       11
  MONTH TO DATE   73                        55     18       91
  SINCE MAR 1     80                        69     11      103
  SINCE JAN 1     80                        69     11      103
..................................................................


WIND (MPH)
  HIGHEST WIND SPEED    22   HIGHEST WIND DIRECTION    SW (230)
  HIGHEST GUST SPEED    27   HIGHEST GUST DIRECTION    SW (220)
  AVERAGE WIND SPEED    10.6


SKY COVER
  POSSIBLE SUNSHINE  MM
  AVERAGE SKY COVER 0.8


WEATHER CONDITIONS
 THE FOLLOWING WEATHER WAS RECORDED YESTERDAY.
  RAIN
  LIGHT RAIN
  FOG


RELATIVE HUMIDITY (PERCENT)
 HIGHEST    93          1200 AM
 LOWEST     68           700 PM
 AVERAGE    81

..........................................................


THE DES MOINES IA CLIMATE NORMALS FOR TODAY
                         NORMAL    RECORD    YEAR
 MAXIMUM TEMPERATURE (F)   77       105      1934
 MINIMUM TEMPERATURE (F)   57        40      1897


SUNRISE AND SUNSET
MAY 30 2015...........SUNRISE   544 AM CDT   SUNSET   840 PM CDT
MAY 31 2015...........SUNRISE   544 AM CDT   SUNSET   841 PM CDT


-  INDICATES NEGATIVE NUMBERS.
R  INDICATES RECORD WAS SET OR TIED.
MM INDICATES DATA IS MISSING.
T  INDICATES TRACE AMOUNT.




$$
