223
CDUS43 KDMX 310112
CLIDSM

CLIMATE REPORT
NATIONAL WEATHER SERVICE DES MOINES IA
811 PM CDT TUE AUG 30 2016

...................................

...THE DES MOINES IA CLIMATE SUMMARY FOR AUGUST 30 2016...
VALID TODAY AS OF 0500 PM LOCAL TIME.

CLIMATE NORMAL PERIOD 1981 TO 2010
CLIMATE RECORD PERIOD 1878 TO 2016


WEATHER ITEM   OBSERVED TIME   RECORD YEAR NORMAL DEPARTURE LAST
                VALUE   (LST)  VALUE       VALUE  FROM      YEAR
                                                  NORMAL
..................................................................
TEMPERATURE (F)
 TODAY
  MAXIMUM         83    344 PM 104    2013  82      1       79
  MINIMUM         71    612 AM  42    1893  62      9       60
  AVERAGE         77                        72      5       70

PRECIPITATION (IN)
  TODAY            T             1.78 1983   0.12  -0.12      T
  MONTH TO DATE    5.64                      4.01   1.63     4.25
  SINCE JUN 1     14.09                     13.42   0.67    19.82
  SINCE JAN 1     25.33                     26.60  -1.27    29.17

SNOWFALL (IN)
  TODAY            0.0          MM      MM   0.0    0.0      0.0
  MONTH TO DATE    0.0                       0.0    0.0      0.0
  SINCE JUN 1      0.0                       0.0    0.0      0.0
  SINCE JUL 1      0.0                       0.0    0.0      0.0
  SNOW DEPTH       0

DEGREE DAYS
 HEATING
  TODAY            0                         0      0        0
  MONTH TO DATE    0                         0      0        2
  SINCE JUN 1      0                        18    -18        5
  SINCE JUL 1      0                         1     -1        2

 COOLING
  TODAY           12                         7      5        5
  MONTH TO DATE  342                       287     55      249
  SINCE JUN 1   1094                       857    237      859
  SINCE JAN 1   1187                       933    254      939
..................................................................


WIND (MPH)
  HIGHEST WIND SPEED    13   HIGHEST WIND DIRECTION    NW (330)
  HIGHEST GUST SPEED    15   HIGHEST GUST DIRECTION    NW (330)
  AVERAGE WIND SPEED     4.5


SKY COVER
  POSSIBLE SUNSHINE  MM
  AVERAGE SKY COVER 0.9


WEATHER CONDITIONS
 THE FOLLOWING WEATHER WAS RECORDED TODAY.
  FOG


RELATIVE HUMIDITY (PERCENT)
 HIGHEST    93           300 AM
 LOWEST     62           400 PM
 AVERAGE    78

..........................................................


THE DES MOINES IA CLIMATE NORMALS FOR TOMORROW
                         NORMAL    RECORD    YEAR
 MAXIMUM TEMPERATURE (F)   82        99      1913
 MINIMUM TEMPERATURE (F)   62        45      1967
                                             1915


SUNRISE AND SUNSET
AUGUST 30 2016........SUNRISE   639 AM CDT   SUNSET   750 PM CDT
AUGUST 31 2016........SUNRISE   640 AM CDT   SUNSET   748 PM CDT


-  INDICATES NEGATIVE NUMBERS.
R  INDICATES RECORD WAS SET OR TIED.
MM INDICATES DATA IS MISSING.
T  INDICATES TRACE AMOUNT.




$$
