000
CDUS43 KDTX 300535
CLIDTW


CLIMATE REPORT
NATIONAL WEATHER SERVICE DETROIT/PONTIAC MI
135 AM EDT SAT MAY 30 2015


...................................

...THE DETROIT MI CLIMATE SUMMARY FOR MAY 29 2015...

CLIMATE NORMAL PERIOD 1981 TO 2010
CLIMATE RECORD PERIOD 1874 TO 2015


WEATHER ITEM   OBSERVED TIME   RECORD YEAR NORMAL DEPARTURE LAST
                VALUE   (LST)  VALUE       VALUE  FROM      YEAR
                                                  NORMAL
..................................................................
TEMPERATURE (F)
 YESTERDAY
  MAXIMUM         83    508 PM  92    2006  74      9       75
                                      1987
                                      1929
  MINIMUM         63    508 AM  32    1966  54      9       54
  AVERAGE         73                        64      9       65

PRECIPITATION (IN)
  YESTERDAY        0.01          1.65 1876   0.11  -0.10     0.00
  MONTH TO DATE    3.20                      3.15   0.05     4.87
  SINCE MAR 1      6.61                      8.33  -1.72     8.93
  SINCE JAN 1      9.41                     12.31  -2.90    14.67

SNOWFALL (IN)
  YESTERDAY        0.0           0.0    MM   0.0    0.0      0.0
  MONTH TO DATE    0.0                       0.0    0.0      0.0
  SINCE MAR 1      2.8                       8.6   -5.8     15.7
  SINCE JUL 1     47.5                      42.5    5.0     94.9
  SNOW DEPTH       0

DEGREE DAYS
 HEATING
  YESTERDAY        0                         4     -4        0
  MONTH TO DATE   96                       202   -106      169
  SINCE MAR 1   1474                      1543    -69     1761
  SINCE JUL 1   6585                      6096    489     7011

 COOLING
  YESTERDAY        8                         3      5        0
  MONTH TO DATE  100                        35     65       58
  SINCE MAR 1    100                        41     59       58
  SINCE JAN 1    100                        41     59       58
..................................................................


WIND (MPH)
  HIGHEST WIND SPEED    16   HIGHEST WIND DIRECTION     S (160)
  HIGHEST GUST SPEED    21   HIGHEST GUST DIRECTION    SE (150)
  AVERAGE WIND SPEED     7.2


SKY COVER
  POSSIBLE SUNSHINE  MM
  AVERAGE SKY COVER 0.8


WEATHER CONDITIONS
 THE FOLLOWING WEATHER WAS RECORDED YESTERDAY.
  LIGHT RAIN


RELATIVE HUMIDITY (PERCENT)
 HIGHEST    79           900 PM
 LOWEST     56          1200 AM
 AVERAGE    68

..........................................................


THE DETROIT MI CLIMATE NORMALS FOR TODAY
                         NORMAL    RECORD    YEAR
 MAXIMUM TEMPERATURE (F)   74        93      1942
 MINIMUM TEMPERATURE (F)   54        36      1966
                                             1889


SUNRISE AND SUNSET
MAY 30 2015...........SUNRISE   601 AM EDT   SUNSET   901 PM EDT
MAY 31 2015...........SUNRISE   600 AM EDT   SUNSET   902 PM EDT


-  INDICATES NEGATIVE NUMBERS.
R  INDICATES RECORD WAS SET OR TIED.
MM INDICATES DATA IS MISSING.
T  INDICATES TRACE AMOUNT.




$$
