000
CDUS45 KTWC 270031
CLIDUG

CLIMATE REPORT
NATIONAL WEATHER SERVICE TUCSON AZ
530 PM MST THU FEB 26 2015


...................................

...THE DOUGLAS AZ CLIMATE SUMMARY FOR FEBRUARY 26 2015...
VALID TODAY AS OF 0500 PM LOCAL TIME.

CLIMATE NORMAL PERIOD 1981 TO 2010
CLIMATE RECORD PERIOD 1948 TO 2015


WEATHER ITEM   OBSERVED TIME   RECORD YEAR NORMAL DEPARTURE LAST
                VALUE   (LST)  VALUE       VALUE  FROM      YEAR
                                                  NORMAL
..................................................................
TEMPERATURE (F)
 TODAY
  MAXIMUM         70    438 PM  84    1986  69      1       73
  MINIMUM         31    718 AM  18    2013  35     -4       43
  AVERAGE         51                        52     -1       58

PRECIPITATION (IN)
  TODAY            0.00                      0.02  -0.02     0.00
  MONTH TO DATE    0.37                      0.61  -0.24      T
  SINCE OCT 1      3.48                      3.90  -0.42     0.82
  SINCE JAN 1      1.51                      1.35   0.16      T

DEGREE DAYS
 HEATING
  TODAY           14                        13      1        7
  MONTH TO DATE  273                       405   -132      324
  SINCE DEC 1   1426                      1575   -149     1506
  SINCE JUL 1   1820                      2010   -190     1952
..................................................................


WIND (MPH)
  HIGHEST WIND SPEED    24   HIGHEST WIND DIRECTION     W (260)
  HIGHEST GUST SPEED    28   HIGHEST GUST DIRECTION     W (260)
  AVERAGE WIND SPEED     6.7


SKY COVER
  POSSIBLE SUNSHINE  MM
  AVERAGE SKY COVER 0.0


WEATHER CONDITIONS
 THE FOLLOWING WEATHER WAS RECORDED TODAY.
  NO SIGNIFICANT WEATHER WAS OBSERVED.


RELATIVE HUMIDITY (PERCENT)
 HIGHEST    78
 LOWEST     15
 AVERAGE    47

..........................................................


THE DOUGLAS AZ CLIMATE NORMALS FOR TOMORROW
                         NORMAL    RECORD    YEAR
 MAXIMUM TEMPERATURE (F)   69        81      1986
 MINIMUM TEMPERATURE (F)   35        17      1964


SUNRISE AND SUNSET
FEBRUARY 26 2015......SUNRISE   649 AM MST   SUNSET   614 PM MST
FEBRUARY 27 2015......SUNRISE   648 AM MST   SUNSET   615 PM MST


-  INDICATES NEGATIVE NUMBERS.
R  INDICATES RECORD WAS SET OR TIED.
MM INDICATES DATA IS MISSING.
T  INDICATES TRACE AMOUNT.




$$
