000
CDUS45 KTWC 290034
CLIDUG

CLIMATE REPORT
NATIONAL WEATHER SERVICE TUCSON AZ
534 PM MST THU MAY 28 2015


...................................

...THE DOUGLAS AZ CLIMATE SUMMARY FOR MAY 28 2015...
VALID TODAY AS OF 0500 PM LOCAL TIME.

CLIMATE NORMAL PERIOD 1981 TO 2010
CLIMATE RECORD PERIOD 1948 TO 2015


WEATHER ITEM   OBSERVED TIME   RECORD YEAR NORMAL DEPARTURE LAST
                VALUE   (LST)  VALUE       VALUE  FROM      YEAR
                                                  NORMAL
..................................................................
TEMPERATURE (F)
 TODAY
  MAXIMUM         92    335 PM 102    2000  92      0       99
  MINIMUM         45    433 AM  37    1962  55    -10       61
  AVERAGE         69                        73     -4       80

PRECIPITATION (IN)
  TODAY            0.00                      0.01  -0.01     0.00
  MONTH TO DATE    T                         0.25  -0.25      T
  SINCE OCT 1      4.80                      4.92  -0.12     1.39
  SINCE JAN 1      2.83                      2.37   0.46     0.57

DEGREE DAYS
 COOLING
  TODAY            4                         8     -4       15
  MONTH TO DATE   31                       146   -115      111
  SINCE MAR 1     35                       176   -141      129
  SINCE JAN 1     35                       176   -141      129
..................................................................


WIND (MPH)
  HIGHEST WIND SPEED    20   HIGHEST WIND DIRECTION    SW (210)
  HIGHEST GUST SPEED    24   HIGHEST GUST DIRECTION     W (250)
  AVERAGE WIND SPEED     6.3


SKY COVER
  POSSIBLE SUNSHINE  MM
  AVERAGE SKY COVER 0.0


WEATHER CONDITIONS
 THE FOLLOWING WEATHER WAS RECORDED TODAY.
  NO SIGNIFICANT WEATHER WAS OBSERVED.


RELATIVE HUMIDITY (PERCENT)
 HIGHEST    31
 LOWEST      8
 AVERAGE    20

..........................................................


THE DOUGLAS AZ CLIMATE NORMALS FOR TOMORROW
                         NORMAL    RECORD    YEAR
 MAXIMUM TEMPERATURE (F)   92       103      2000
 MINIMUM TEMPERATURE (F)   55        40      1962


SUNRISE AND SUNSET
MAY 28 2015...........SUNRISE   516 AM MST   SUNSET   716 PM MST
MAY 29 2015...........SUNRISE   515 AM MST   SUNSET   717 PM MST


-  INDICATES NEGATIVE NUMBERS.
R  INDICATES RECORD WAS SET OR TIED.
MM INDICATES DATA IS MISSING.
T  INDICATES TRACE AMOUNT.




$$
