000
CDUS45 KTWC 220739
CLIDUG

CLIMATE REPORT
NATIONAL WEATHER SERVICE TUCSON AZ
1237 AM MST WED OCT 22 2014


...................................

...THE DOUGLAS AZ CLIMATE SUMMARY FOR OCTOBER 21 2014...

CLIMATE NORMAL PERIOD 1981 TO 2010
CLIMATE RECORD PERIOD 1948 TO 2014


WEATHER ITEM   OBSERVED TIME   RECORD YEAR NORMAL DEPARTURE LAST
                VALUE   (LST)  VALUE       VALUE  FROM      YEAR
                                                  NORMAL
..................................................................
TEMPERATURE (F)
 YESTERDAY
  MAXIMUM         78    331 PM  90    2003  80     -2       80
  MINIMUM         47    546 AM  29    2013  46      1       29
  AVERAGE         63                        63      0       55

PRECIPITATION (IN)
  YESTERDAY        0.00          0.52 1981   0.02  -0.02     0.00
  MONTH TO DATE    1.36                      0.65   0.71     0.00
  SINCE OCT 1      1.36                      0.65   0.71     0.00
  SINCE JAN 1     14.93                     11.20   3.73    17.11

DEGREE DAYS
 HEATING
  YESTERDAY        2                         3     -1       10
  MONTH TO DATE   10                        33    -23       76
  SINCE SEP 1     10                        35    -25       76
  SINCE JUL 1     10                        35    -25       76

 COOLING
  YESTERDAY        0                         1     -1        0
  MONTH TO DATE   34                        55    -21       23
  SINCE SEP 1    320                       336    -16      298
  SINCE JAN 1   1766                      1806    -40     1838
..................................................................


WIND (MPH)
  HIGHEST WIND SPEED    10   HIGHEST WIND DIRECTION     S (180)
  HIGHEST GUST SPEED    17   HIGHEST GUST DIRECTION     S (160)
  AVERAGE WIND SPEED     5.3


SKY COVER
  POSSIBLE SUNSHINE  MM
  AVERAGE SKY COVER 0.0


WEATHER CONDITIONS
 THE FOLLOWING WEATHER WAS RECORDED YESTERDAY.
  NO SIGNIFICANT WEATHER WAS OBSERVED.


RELATIVE HUMIDITY (PERCENT)
 HIGHEST    93
 LOWEST     27
 AVERAGE    60

..........................................................


THE DOUGLAS AZ CLIMATE NORMALS FOR TODAY
                         NORMAL    RECORD    YEAR
 MAXIMUM TEMPERATURE (F)   80        90      2011
 MINIMUM TEMPERATURE (F)   45        28      1996


SUNRISE AND SUNSET
OCTOBER 22 2014.......SUNRISE   627 AM MST   SUNSET   539 PM MST
OCTOBER 23 2014.......SUNRISE   627 AM MST   SUNSET   538 PM MST


-  INDICATES NEGATIVE NUMBERS.
R  INDICATES RECORD WAS SET OR TIED.
MM INDICATES DATA IS MISSING.
T  INDICATES TRACE AMOUNT.




$$
