000
CDUS45 KTWC 260732
CLIDUG

CLIMATE REPORT
NATIONAL WEATHER SERVICE TUCSON AZ
1230 AM MST WED NOV 26 2014


...................................

...THE DOUGLAS AZ CLIMATE SUMMARY FOR NOVEMBER 25 2014...

CLIMATE NORMAL PERIOD 1981 TO 2010
CLIMATE RECORD PERIOD 1948 TO 2014


WEATHER ITEM   OBSERVED TIME   RECORD YEAR NORMAL DEPARTURE LAST
                VALUE   (LST)  VALUE       VALUE  FROM      YEAR
                                                  NORMAL
..................................................................
TEMPERATURE (F)
 YESTERDAY
  MAXIMUM         60    335 PM  80    1949  67     -7       54
  MINIMUM         19    710 AM  15    1992  33    -14       28
  AVERAGE         40                        50    -10       41

PRECIPITATION (IN)
  YESTERDAY        0.00          0.45 2011   0.03  -0.03     0.00
  MONTH TO DATE    0.01                      0.57  -0.56     0.52
  SINCE OCT 1      1.37                      1.46  -0.09     0.52
  SINCE JAN 1     14.94                     12.01   2.93    17.63

DEGREE DAYS
 HEATING
  YESTERDAY       25                        15     10       24
  MONTH TO DATE  301                       272     29      234
  SINCE SEP 1    320                       355    -35      353
  SINCE JUL 1    320                       355    -35      353

 COOLING
  YESTERDAY        0                         0      0        0
  MONTH TO DATE    2                         0      2        0
  SINCE SEP 1    334                       342     -8      302
  SINCE JAN 1   1780                      1812    -32     1842
..................................................................


WIND (MPH)
  HIGHEST WIND SPEED    14   HIGHEST WIND DIRECTION     N (360)
  HIGHEST GUST SPEED    19   HIGHEST GUST DIRECTION     E (80)
  AVERAGE WIND SPEED     6.8


SKY COVER
  POSSIBLE SUNSHINE  MM
  AVERAGE SKY COVER 0.0


WEATHER CONDITIONS
 THE FOLLOWING WEATHER WAS RECORDED YESTERDAY.
  NO SIGNIFICANT WEATHER WAS OBSERVED.


RELATIVE HUMIDITY (PERCENT)
 HIGHEST    45
 LOWEST     10
 AVERAGE    28

..........................................................


THE DOUGLAS AZ CLIMATE NORMALS FOR TODAY
                         NORMAL    RECORD    YEAR
 MAXIMUM TEMPERATURE (F)   67        80      1977
 MINIMUM TEMPERATURE (F)   32        17      2010


SUNRISE AND SUNSET
NOVEMBER 26 2014......SUNRISE   656 AM MST   SUNSET   516 PM MST
NOVEMBER 27 2014......SUNRISE   657 AM MST   SUNSET   515 PM MST


-  INDICATES NEGATIVE NUMBERS.
R  INDICATES RECORD WAS SET OR TIED.
MM INDICATES DATA IS MISSING.
T  INDICATES TRACE AMOUNT.




$$
