000
CDUS45 KTWC 180729
CLIDUG

CLIMATE REPORT
NATIONAL WEATHER SERVICE TUCSON AZ
1229 AM MST THU DEC 18 2014


...................................

...THE DOUGLAS AZ CLIMATE SUMMARY FOR DECEMBER 17 2014...

CLIMATE NORMAL PERIOD 1981 TO 2010
CLIMATE RECORD PERIOD 1948 TO 2014


WEATHER ITEM   OBSERVED TIME   RECORD YEAR NORMAL DEPARTURE LAST
                VALUE   (LST)  VALUE       VALUE  FROM      YEAR
                                                  NORMAL
..................................................................
TEMPERATURE (F)
 YESTERDAY
  MAXIMUM         56    353 PM  74    2013  62     -6       74
                                      1980
  MINIMUM         43   1159 PM  17    2003  29     14       26
                                      1992
                                      1972
  AVERAGE         50                        46      4       50

PRECIPITATION (IN)
  YESTERDAY        0.06          0.75 1962   0.03   0.03     0.00
  MONTH TO DATE    0.32                      0.55  -0.23     0.25
  SINCE OCT 1      1.69                      2.13  -0.44     0.77
  SINCE JAN 1     15.26                     12.68   2.58    17.88

DEGREE DAYS
 HEATING
  YESTERDAY       15                        19     -4       15
  MONTH TO DATE  244                       312    -68      329
  SINCE DEC 1    244                       312    -68      329
  SINCE JUL 1    638                       747   -109      775

 COOLING
  YESTERDAY        0                         0      0        0
  MONTH TO DATE    0                         0      0        0
  SINCE DEC 1      0                         0      0        0
  SINCE JAN 1   1780                      1813    -33     1842
..................................................................


WIND (MPH)
  HIGHEST WIND SPEED    28   HIGHEST WIND DIRECTION    SW (220)
  HIGHEST GUST SPEED    34   HIGHEST GUST DIRECTION    SW (220)
  AVERAGE WIND SPEED     9.2


SKY COVER
  POSSIBLE SUNSHINE  MM
  AVERAGE SKY COVER 0.8


WEATHER CONDITIONS
 THE FOLLOWING WEATHER WAS RECORDED YESTERDAY.
  LIGHT RAIN


RELATIVE HUMIDITY (PERCENT)
 HIGHEST    83
 LOWEST     43
 AVERAGE    63

..........................................................


THE DOUGLAS AZ CLIMATE NORMALS FOR TODAY
                         NORMAL    RECORD    YEAR
 MAXIMUM TEMPERATURE (F)   62        74      1980
 MINIMUM TEMPERATURE (F)   29        17      1968


SUNRISE AND SUNSET
DECEMBER 18 2014......SUNRISE   712 AM MST   SUNSET   518 PM MST
DECEMBER 19 2014......SUNRISE   713 AM MST   SUNSET   519 PM MST


-  INDICATES NEGATIVE NUMBERS.
R  INDICATES RECORD WAS SET OR TIED.
MM INDICATES DATA IS MISSING.
T  INDICATES TRACE AMOUNT.




$$
