195
CDUS45 KTWC 290733 RRA
CLIDUG

CLIMATE REPORT
NATIONAL WEATHER SERVICE TUCSON AZ
1232 AM MST FRI APR 29 2016


...................................

...THE DOUGLAS AZ CLIMATE SUMMARY FOR APRIL 28 2016...

CLIMATE NORMAL PERIOD 1981 TO 2010
CLIMATE RECORD PERIOD 1948 TO 2016


WEATHER ITEM   OBSERVED TIME   RECORD YEAR NORMAL DEPARTURE LAST
                VALUE   (LST)  VALUE       VALUE  FROM      YEAR
                                                  NORMAL
..................................................................
TEMPERATURE (F)
 YESTERDAY
  MAXIMUM         79    247 PM  96    1990  83     -4       74
  MINIMUM         48   1159 PM  30    1975  47      1       52
  AVERAGE         64                        65     -1       63

PRECIPITATION (IN)
  YESTERDAY        0.00          0.16 1988   0.00   0.00     0.00
  MONTH TO DATE    0.04                      0.21  -0.17     0.40
  SINCE OCT 1      2.68                      4.65  -1.97     4.80
  SINCE JAN 1      1.47                      2.10  -0.63     2.83

DEGREE DAYS
 HEATING
  YESTERDAY        1                         2     -1        2
  MONTH TO DATE  140                       134      6      140
  SINCE MAR 1    407                       459    -52      378
  SINCE JUL 1   2579                      2495     84     2216

 COOLING
  YESTERDAY        0                         2     -2        0
  MONTH TO DATE   18                        22     -4        0
  SINCE MAR 1     18                        23     -5        4
  SINCE JAN 1     18                        23     -5        4
..................................................................


WIND (MPH)
  HIGHEST WIND SPEED    38   HIGHEST WIND DIRECTION    SW (240)
  HIGHEST GUST SPEED    48   HIGHEST GUST DIRECTION    SW (230)
  AVERAGE WIND SPEED    17.8


SKY COVER
  POSSIBLE SUNSHINE  MM
  AVERAGE SKY COVER 0.0


WEATHER CONDITIONS
 THE FOLLOWING WEATHER WAS RECORDED YESTERDAY.
  NO SIGNIFICANT WEATHER WAS OBSERVED.


RELATIVE HUMIDITY (PERCENT)
 HIGHEST    33
 LOWEST      6
 AVERAGE    20

..........................................................


THE DOUGLAS AZ CLIMATE NORMALS FOR TODAY
                         NORMAL    RECORD    YEAR
 MAXIMUM TEMPERATURE (F)   83        95      1992
 MINIMUM TEMPERATURE (F)   47        28      1991


SUNRISE AND SUNSET
APRIL 29 2016.........SUNRISE   535 AM MST   SUNSET   657 PM MST
APRIL 30 2016.........SUNRISE   534 AM MST   SUNSET   658 PM MST


-  INDICATES NEGATIVE NUMBERS.
R  INDICATES RECORD WAS SET OR TIED.
MM INDICATES DATA IS MISSING.
T  INDICATES TRACE AMOUNT.




$$
