000
CDUS45 KTWC 290745 RRA
CLIDUG

CLIMATE REPORT
NATIONAL WEATHER SERVICE TUCSON AZ
1238 AM MST THU SEP 29 2016

...................................

...THE DOUGLAS AZ CLIMATE SUMMARY FOR SEPTEMBER 28 2016...

CLIMATE NORMAL PERIOD 1981 TO 2010
CLIMATE RECORD PERIOD 1948 TO 2016


WEATHER ITEM   OBSERVED TIME   RECORD YEAR NORMAL DEPARTURE LAST
                VALUE   (LST)  VALUE       VALUE  FROM      YEAR
                                                  NORMAL
..................................................................
TEMPERATURE (F)
 YESTERDAY
  MAXIMUM         80   1251 PM  97    1951  86     -6       92
  MINIMUM         59    623 AM  48    2013  55      4       54
                                      2006
                                      1975
  AVERAGE         70                        71     -1       73

PRECIPITATION (IN)
  YESTERDAY        0.01          2.26 1985   0.04  -0.03     0.00
  MONTH TO DATE    1.63                      1.46   0.17      T
  SINCE OCT 1     13.04                     13.02   0.02    13.33
  SINCE JAN 1     11.83                     10.47   1.36    11.36

DEGREE DAYS
 HEATING
  YESTERDAY        0                         0      0        0
  MONTH TO DATE    4                         0      4        0
  SINCE SEP 1      4                         0      4        0
  SINCE JUL 1      4                         0      4        0

 COOLING
  YESTERDAY        5                         6     -1        8
  MONTH TO DATE  220                       270    -50      266
  SINCE SEP 1    220                       270    -50      266
  SINCE JAN 1   1691                      1740    -49     1575
..................................................................


WIND (MPH)
  HIGHEST WIND SPEED    15   HIGHEST WIND DIRECTION    SE (120)
  HIGHEST GUST SPEED    18   HIGHEST GUST DIRECTION    SE (120)
  AVERAGE WIND SPEED     5.9


SKY COVER
  POSSIBLE SUNSHINE  MM
  AVERAGE SKY COVER  MM


WEATHER CONDITIONS
 THE FOLLOWING WEATHER WAS RECORDED YESTERDAY.
  LIGHT RAIN


RELATIVE HUMIDITY (PERCENT)
 HIGHEST    93
 LOWEST     42
 AVERAGE    68

..........................................................


THE DOUGLAS AZ CLIMATE NORMALS FOR TODAY
                         NORMAL    RECORD    YEAR
 MAXIMUM TEMPERATURE (F)   86        96      2011
                                             2009
 MINIMUM TEMPERATURE (F)   54        44      1970


SUNRISE AND SUNSET
SEPTEMBER 29 2016.....SUNRISE   611 AM MST   SUNSET   605 PM MST
SEPTEMBER 30 2016.....SUNRISE   612 AM MST   SUNSET   604 PM MST


-  INDICATES NEGATIVE NUMBERS.
R  INDICATES RECORD WAS SET OR TIED.
MM INDICATES DATA IS MISSING.
T  INDICATES TRACE AMOUNT.

$$
