000
CDUS45 KTWC 280027 RRA
CLIDUG

CLIMATE REPORT
NATIONAL WEATHER SERVICE TUCSON AZ
526 PM MST WED JUL 27 2016

...................................

...THE DOUGLAS AZ CLIMATE SUMMARY FOR JULY 27 2016...
VALID TODAY AS OF 0500 PM LOCAL TIME.

CLIMATE NORMAL PERIOD 1981 TO 2010
CLIMATE RECORD PERIOD 1948 TO 2016


WEATHER ITEM   OBSERVED TIME   RECORD YEAR NORMAL DEPARTURE LAST
                VALUE   (LST)  VALUE       VALUE  FROM      YEAR
                                                  NORMAL
..................................................................
TEMPERATURE (F)
 TODAY
  MAXIMUM         93    402 PM 105    2009  92      1       89
                                      1995
  MINIMUM         72    606 AM  59    1993  66      6       67
  AVERAGE         83                        79      4       78

PRECIPITATION (IN)
  TODAY            0.00                      0.12  -0.12     0.00
  MONTH TO DATE    3.45                      2.45   1.00     4.29
  SINCE OCT 1      7.99                      8.01  -0.02    10.28
  SINCE JAN 1      6.78                      5.46   1.32     8.31

DEGREE DAYS
 COOLING
  TODAY           18                        14      4       13
  MONTH TO DATE  449                       412     37      381
  SINCE JUN 1    917                       807    110      837
  SINCE JAN 1   1065                      1008     57      899
..................................................................


WIND (MPH)
  HIGHEST WIND SPEED    17   HIGHEST WIND DIRECTION    NE (30)
  HIGHEST GUST SPEED    21   HIGHEST GUST DIRECTION     N (20)
  AVERAGE WIND SPEED     6.8


SKY COVER
  POSSIBLE SUNSHINE  MM
  AVERAGE SKY COVER 0.2


WEATHER CONDITIONS
 THE FOLLOWING WEATHER WAS RECORDED TODAY.
  THUNDERSTORM


RELATIVE HUMIDITY (PERCENT)
 HIGHEST    79
 LOWEST     33
 AVERAGE    56

..........................................................


THE DOUGLAS AZ CLIMATE NORMALS FOR TOMORROW
                         NORMAL    RECORD    YEAR
 MAXIMUM TEMPERATURE (F)   92       106      1995
 MINIMUM TEMPERATURE (F)   66        61      1999
                                             1976


SUNRISE AND SUNSET
JULY 27 2016..........SUNRISE   532 AM MST   SUNSET   718 PM MST
JULY 28 2016..........SUNRISE   533 AM MST   SUNSET   717 PM MST


-  INDICATES NEGATIVE NUMBERS.
R  INDICATES RECORD WAS SET OR TIED.
MM INDICATES DATA IS MISSING.
T  INDICATES TRACE AMOUNT.

$$
