000
CDUS45 KTWC 091443 RRA
CLIDUG

CLIMATE REPORT
NATIONAL WEATHER SERVICE TUCSON AZ
742 AM MST FRI DEC 9 2016


...................................

...THE DOUGLAS AZ CLIMATE SUMMARY FOR DECEMBER 9 2016...
VALID AS OF 0700 AM LOCAL TIME.

CLIMATE NORMAL PERIOD 1981 TO 2010
CLIMATE RECORD PERIOD 1948 TO 2016


WEATHER ITEM   OBSERVED TIME   RECORD YEAR NORMAL DEPARTURE LAST
                VALUE   (LST)  VALUE       VALUE  FROM      YEAR
                                                  NORMAL
..................................................................
TEMPERATURE (F)
 TODAY
  MINIMUM         27    615 AM   1    1978  30     -3       26

PRECIPITATION (IN)
  TODAY            0.00          0.65 1965   0.03  -0.03     0.00
  MONTH TO DATE    0.16                      0.28  -0.12     0.00
  SINCE OCT 1      0.42                      1.86  -1.44     0.86
  SINCE JAN 1     12.56                     12.41   0.15    12.22

DEGREE DAYS
 HEATING
  TODAY           31                        19     12       15

 COOLING
  TODAY            0                         0      0        0
..................................................................


WIND (MPH)
  HIGHEST WIND SPEED    12   HIGHEST WIND DIRECTION     N (10)
  HIGHEST GUST SPEED    14   HIGHEST GUST DIRECTION     N (10)
  AVERAGE WIND SPEED     5.0


SKY COVER
  POSSIBLE SUNSHINE  MM
  AVERAGE SKY COVER 0.0


WEATHER CONDITIONS
 THE FOLLOWING WEATHER WAS RECORDED TODAY.
  NO SIGNIFICANT WEATHER WAS OBSERVED.


RELATIVE HUMIDITY (PERCENT)
 HIGHEST   100           600 AM

..........................................................


THE DOUGLAS AZ CLIMATE NORMALS FOR TOMORROW
                         NORMAL    RECORD    YEAR
 MAXIMUM TEMPERATURE (F)   63        78      2015
                                             1993
 MINIMUM TEMPERATURE (F)   30         7      1978


SUNRISE AND SUNSET
DECEMBER  9 2016......SUNRISE   706 AM MST   SUNSET   516 PM MST
DECEMBER 10 2016......SUNRISE   707 AM MST   SUNSET   516 PM MST


-  INDICATES NEGATIVE NUMBERS.
R  INDICATES RECORD WAS SET OR TIED.
MM INDICATES DATA IS MISSING.
T  INDICATES TRACE AMOUNT.




$$
