000
CDUS45 KTWC 290733 RRA
CLIDUG

CLIMATE REPORT
NATIONAL WEATHER SERVICE TUCSON AZ
1230 AM MST WED MAR 29 2017


...................................

...THE DOUGLAS AZ CLIMATE SUMMARY FOR MARCH 28 2017...

CLIMATE NORMAL PERIOD 1981 TO 2010
CLIMATE RECORD PERIOD 1948 TO 2017


WEATHER ITEM   OBSERVED TIME   RECORD YEAR NORMAL DEPARTURE LAST
                VALUE   (LST)  VALUE       VALUE  FROM      YEAR
                                                  NORMAL
..................................................................
TEMPERATURE (F)
 YESTERDAY
  MAXIMUM         67    211 PM  87    2015  75     -8       78
  MINIMUM         43   1159 PM  25    1994  39      4       44
  AVERAGE         55                        57     -2       61

PRECIPITATION (IN)
  YESTERDAY        0.08          0.43 1992   0.01   0.07     0.00
  MONTH TO DATE    0.08                      0.47  -0.39     0.19
  SINCE OCT 1      3.05                      4.41  -1.36     2.64
  SINCE JAN 1      1.70                      1.86  -0.16     1.43

DEGREE DAYS
 HEATING
  YESTERDAY       10                         8      2        4
  MONTH TO DATE  157                       301   -144      232
  SINCE MAR 1    157                       301   -144      232
  SINCE JUL 1   1950                      2337   -387     2404

 COOLING
  YESTERDAY        0                         0      0        0
  MONTH TO DATE    7                         0      7        0
  SINCE MAR 1      7                         0      7        0
  SINCE JAN 1      7                         0      7        0
..................................................................


WIND (MPH)
  HIGHEST WIND SPEED    30   HIGHEST WIND DIRECTION     W (290)
  HIGHEST GUST SPEED    37   HIGHEST GUST DIRECTION    NW (320)
  AVERAGE WIND SPEED    11.9


SKY COVER
  POSSIBLE SUNSHINE  MM
  AVERAGE SKY COVER 0.4


WEATHER CONDITIONS
 THE FOLLOWING WEATHER WAS RECORDED YESTERDAY.
  LIGHT RAIN
  FOG


RELATIVE HUMIDITY (PERCENT)
 HIGHEST    80
 LOWEST     22
 AVERAGE    51

..........................................................


THE DOUGLAS AZ CLIMATE NORMALS FOR TODAY
                         NORMAL    RECORD    YEAR
 MAXIMUM TEMPERATURE (F)   75        85      2012
                                             1971
 MINIMUM TEMPERATURE (F)   39        21      1972


SUNRISE AND SUNSET
MARCH 29 2017.........SUNRISE   610 AM MST   SUNSET   636 PM MST
MARCH 30 2017.........SUNRISE   609 AM MST   SUNSET   637 PM MST


-  INDICATES NEGATIVE NUMBERS.
R  INDICATES RECORD WAS SET OR TIED.
MM INDICATES DATA IS MISSING.
T  INDICATES TRACE AMOUNT.




$$
