000
CDUS45 KTWC 030733
CLIDUG

CLIMATE REPORT
NATIONAL WEATHER SERVICE TUCSON AZ
1230 AM MST FRI JUL 3 2015


...................................

...THE DOUGLAS AZ CLIMATE SUMMARY FOR JULY 2 2015...

CLIMATE NORMAL PERIOD 1981 TO 2010
CLIMATE RECORD PERIOD 1948 TO 2015


WEATHER ITEM   OBSERVED TIME   RECORD YEAR NORMAL DEPARTURE LAST
                VALUE   (LST)  VALUE       VALUE  FROM      YEAR
                                                  NORMAL
..................................................................
TEMPERATURE (F)
 YESTERDAY
  MAXIMUM         98    350 PM 105    2007  97      1       97
                                      2002
                                      1997
  MINIMUM         66    544 AM  55    1983  65      1       68
  AVERAGE         82                        81      1       83

PRECIPITATION (IN)
  YESTERDAY        0.02          1.15 1974   0.05  -0.03      T
  MONTH TO DATE    0.02                      0.10  -0.08      T
  SINCE OCT 1      6.01                      5.66   0.35     1.47
  SINCE JAN 1      4.04                      3.11   0.93     0.65

DEGREE DAYS
 HEATING
  YESTERDAY        0                         0      0        0
  MONTH TO DATE    0                         0      0        0
  SINCE JUN 1      0                         0      0        0
  SINCE JUL 1      0                         0      0        0

 COOLING
  YESTERDAY       17                        16      1       18
  MONTH TO DATE   34                        32      2       36
  SINCE JUN 1    490                       427     63      534
  SINCE JAN 1    552                       628    -76      702
..................................................................


WIND (MPH)
  HIGHEST WIND SPEED    33   HIGHEST WIND DIRECTION     S (170)
  HIGHEST GUST SPEED    40   HIGHEST GUST DIRECTION     S (170)
  AVERAGE WIND SPEED    10.6


SKY COVER
  POSSIBLE SUNSHINE  MM
  AVERAGE SKY COVER 0.0


WEATHER CONDITIONS
 THE FOLLOWING WEATHER WAS RECORDED YESTERDAY.
  THUNDERSTORM
  LIGHT RAIN
  HAZE


RELATIVE HUMIDITY (PERCENT)
 HIGHEST    79
 LOWEST     22
 AVERAGE    51

..........................................................


THE DOUGLAS AZ CLIMATE NORMALS FOR TODAY
                         NORMAL    RECORD    YEAR
 MAXIMUM TEMPERATURE (F)   97       109      1989
 MINIMUM TEMPERATURE (F)   65        56      1983


SUNRISE AND SUNSET
JULY  3 2015..........SUNRISE   518 AM MST   SUNSET   727 PM MST
JULY  4 2015..........SUNRISE   519 AM MST   SUNSET   727 PM MST


-  INDICATES NEGATIVE NUMBERS.
R  INDICATES RECORD WAS SET OR TIED.
MM INDICATES DATA IS MISSING.
T  INDICATES TRACE AMOUNT.




$$
