000
CDUS43 KDVN 222220
CLIDVN


CLIMATE REPORT
NATIONAL WEATHER SERVICE QUAD CITIES IA IL
420 PM CST WED NOV 22 2017


...................................

...THE DAVENPORT IA CLIMATE SUMMARY FOR NOVEMBER 22 2017...
VALID TODAY AS OF 0400 PM LOCAL TIME.

CLIMATE NORMAL PERIOD 1981 TO 2010
CLIMATE RECORD PERIOD 9999 TO 9999


WEATHER ITEM   OBSERVED TIME   RECORD YEAR NORMAL DEPARTURE LAST
                VALUE   (LST)  VALUE       VALUE  FROM      YEAR
                                                  NORMAL
..................................................................
TEMPERATURE (F)
 TODAY
  MAXIMUM         35    220 PM  MM      MM  44     -9       45
  MINIMUM         15    645 AM  MM      MM  27    -12       34
  AVERAGE         25                        35    -10       40

PRECIPITATION (IN)
  TODAY            0.00         MM      MM   0.06  -0.06     0.16
  MONTH TO DATE    0.80                      1.87  -1.07     0.31
  SINCE SEP 1      8.94                      7.90   1.04     5.84
  SINCE JAN 1     36.37                     33.72   2.65    38.32

SNOWFALL (IN)
  TODAY            0.0          MM      MM  MM     MM         T
  MONTH TO DATE    0.1                      MM     MM         T
  SINCE SEP 1      0.1                      MM     MM         T
  SINCE JUL 1      0.1                      MM     MM         T
  SNOW DEPTH       0

DEGREE DAYS
 HEATING
  TODAY           40                        30     10       25
  MONTH TO DATE  635                       531    104      368
  SINCE SEP 1   1015                      1077    -62      652
  SINCE JUL 1   1027                      1091    -64      656

 COOLING
  TODAY            0                         0      0        0
  MONTH TO DATE    0                         0      0        3
  SINCE SEP 1    149                        82     67      211
  SINCE JAN 1    770                       786    -16     1063
..................................................................


WIND (MPH)
  HIGHEST WIND SPEED    10   HIGHEST WIND DIRECTION    SW (230)
  HIGHEST GUST SPEED    13   HIGHEST GUST DIRECTION    SW (220)
  AVERAGE WIND SPEED     6.4


SKY COVER
  POSSIBLE SUNSHINE  MM
  AVERAGE SKY COVER 0.0


WEATHER CONDITIONS
 THE FOLLOWING WEATHER WAS RECORDED TODAY.
  NO SIGNIFICANT WEATHER WAS OBSERVED.


RELATIVE HUMIDITY (PERCENT)
 HIGHEST    88           600 AM
 LOWEST     43           300 PM
 AVERAGE    66

..........................................................


THE DAVENPORT IA CLIMATE NORMALS FOR TOMORROW
                         NORMAL    RECORD    YEAR
 MAXIMUM TEMPERATURE (F)   44        MM        MM
 MINIMUM TEMPERATURE (F)   26        MM        MM


SUNRISE AND SUNSET
NOVEMBER 22 2017......SUNRISE   700 AM CST   SUNSET   437 PM CST
NOVEMBER 23 2017......SUNRISE   701 AM CST   SUNSET   436 PM CST


-  INDICATES NEGATIVE NUMBERS.
R  INDICATES RECORD WAS SET OR TIED.
MM INDICATES DATA IS MISSING.
T  INDICATES TRACE AMOUNT.




$$
