000
CDUS43 KDVN 242130
CLIDVN


CLIMATE REPORT
NATIONAL WEATHER SERVICE QUAD CITIES IA IL
430 PM CDT THU APR 24 2014


...................................

...THE DAVENPORT IA CLIMATE SUMMARY FOR APRIL 24 2014...
VALID TODAY AS OF 0400 PM LOCAL TIME.

CLIMATE NORMAL PERIOD 1981 TO 2010
CLIMATE RECORD PERIOD 9999 TO 9999


WEATHER ITEM   OBSERVED TIME   RECORD YEAR NORMAL DEPARTURE LAST
                VALUE   (LST)  VALUE       VALUE  FROM      YEAR
                                                  NORMAL
..................................................................
TEMPERATURE (F)
 TODAY
  MAXIMUM         63   1117 AM  MM      MM  65     -2       52
  MINIMUM         43    356 AM  MM      MM  42      1       34
  AVERAGE         53                        53      0       43

PRECIPITATION (IN)
  TODAY            0.08         MM      MM   0.12  -0.04      T
  MONTH TO DATE    1.98                      2.57  -0.59     6.75
  SINCE MAR 1      2.50                      5.09  -2.59     8.75
  SINCE JAN 1      5.29                      7.62  -2.33    12.45

SNOWFALL (IN)
  TODAY            0.0          MM      MM  MM     MM        0.0
  MONTH TO DATE    T                        MM     MM         T
  SINCE MAR 1      7.4                      MM     MM        8.5
  SINCE JUL 1     50.2                      MM     MM       27.1
  SNOW DEPTH       0

DEGREE DAYS
 HEATING
  TODAY           12                        12      0       22
  MONTH TO DATE  404                       381     23      480
  SINCE MAR 1   1441                      1214    227     1548
  SINCE JUL 1   7304                      6239   1065     6334

 COOLING
  TODAY            0                         0      0        0
  MONTH TO DATE    6                         0      6        0
  SINCE MAR 1      6                         0      6        0
  SINCE JAN 1      6                         0      6        0
..................................................................


WIND (MPH)
  HIGHEST WIND SPEED    31   HIGHEST WIND DIRECTION    SE (150)
  HIGHEST GUST SPEED    38   HIGHEST GUST DIRECTION    SE (150)
  AVERAGE WIND SPEED    18.8


SKY COVER
  POSSIBLE SUNSHINE  MM
  AVERAGE SKY COVER 0.5


WEATHER CONDITIONS
 THE FOLLOWING WEATHER WAS RECORDED TODAY.
  THUNDERSTORM
  RAIN
  LIGHT RAIN


RELATIVE HUMIDITY (PERCENT)
 HIGHEST    76           100 AM
 LOWEST     43          1100 AM
 AVERAGE    60

..........................................................


THE DAVENPORT IA CLIMATE NORMALS FOR TOMORROW
                         NORMAL    RECORD    YEAR
 MAXIMUM TEMPERATURE (F)   65        MM        MM
 MINIMUM TEMPERATURE (F)   42        MM        MM


SUNRISE AND SUNSET
APRIL 24 2014.........SUNRISE   609 AM CDT   SUNSET   753 PM CDT
APRIL 25 2014.........SUNRISE   607 AM CDT   SUNSET   754 PM CDT


-  INDICATES NEGATIVE NUMBERS.
R  INDICATES RECORD WAS SET OR TIED.
MM INDICATES DATA IS MISSING.
T  INDICATES TRACE AMOUNT.




$$
