000
CDUS43 KDVN 272122
CLIDVN


CLIMATE REPORT
NATIONAL WEATHER SERVICE QUAD CITIES IA IL
421 PM CDT SAT MAY 27 2017


...................................

...THE DAVENPORT IA CLIMATE SUMMARY FOR MAY 27 2017...
VALID TODAY AS OF 0400 PM LOCAL TIME.

CLIMATE NORMAL PERIOD 1981 TO 2010
CLIMATE RECORD PERIOD 9999 TO 9999


WEATHER ITEM   OBSERVED TIME   RECORD YEAR NORMAL DEPARTURE LAST
                VALUE   (LST)  VALUE       VALUE  FROM      YEAR
                                                  NORMAL
..................................................................
TEMPERATURE (F)
 TODAY
  MAXIMUM         76    143 PM  MM      MM  76      0       78
  MINIMUM         56    646 AM  MM      MM  54      2       63
  AVERAGE         66                        65      1       71

PRECIPITATION (IN)
  TODAY            T            MM      MM   0.13  -0.13     0.32
  MONTH TO DATE    4.78                      3.72   1.06     2.77
  SINCE MAR 1     12.49                      9.75   2.74     8.31
  SINCE JAN 1     14.44                     12.28   2.16     9.09

SNOWFALL (IN)
  TODAY            0.0          MM      MM  MM     MM        0.0
  MONTH TO DATE    T                        MM     MM        0.0
  SINCE MAR 1      6.1                      MM     MM        1.2
  SINCE JUL 1     25.2                      MM     MM       16.6
  SNOW DEPTH       0

DEGREE DAYS
 HEATING
  TODAY            0                         3     -3        0
  MONTH TO DATE  187                       172     15      178
  SINCE MAR 1   1350                      1451   -101     1283
  SINCE JUL 1   5406                      6476  -1070     5507

 COOLING
  TODAY            1                         3     -2        6
  MONTH TO DATE   35                        43     -8       41
  SINCE MAR 1     48                        49     -1       52
  SINCE JAN 1     48                        49     -1       52
..................................................................


WIND (MPH)
  HIGHEST WIND SPEED     9   HIGHEST WIND DIRECTION     E (90)
  HIGHEST GUST SPEED    11   HIGHEST GUST DIRECTION     E (90)
  AVERAGE WIND SPEED     5.5


SKY COVER
  POSSIBLE SUNSHINE  MM
  AVERAGE SKY COVER 0.7


WEATHER CONDITIONS
 THE FOLLOWING WEATHER WAS RECORDED TODAY.
  LIGHT RAIN
  FOG


RELATIVE HUMIDITY (PERCENT)
 HIGHEST   100           400 AM
 LOWEST     64           100 PM
 AVERAGE    82

..........................................................


THE DAVENPORT IA CLIMATE NORMALS FOR TOMORROW
                         NORMAL    RECORD    YEAR
 MAXIMUM TEMPERATURE (F)   76        MM        MM
 MINIMUM TEMPERATURE (F)   54        MM        MM


SUNRISE AND SUNSET
MAY 27 2017...........SUNRISE   533 AM CDT   SUNSET   826 PM CDT
MAY 28 2017...........SUNRISE   532 AM CDT   SUNSET   827 PM CDT


-  INDICATES NEGATIVE NUMBERS.
R  INDICATES RECORD WAS SET OR TIED.
MM INDICATES DATA IS MISSING.
T  INDICATES TRACE AMOUNT.




$$
