000
CDUS46 KOTX 170831
CLIEAT


CLIMATE REPORT
NATIONAL WEATHER SERVICE SPOKANE, WA
130 AM PDT TUE OCT 17 2017


...................................

...THE WENATCHEE WA PANGBORN FIELD CLIMATE SUMMARY FOR OCTOBER 16 2017...

CLIMATE NORMAL PERIOD 1981 TO 2010
CLIMATE RECORD PERIOD 1959 TO 2017


WEATHER ITEM   OBSERVED TIME   RECORD YEAR NORMAL DEPARTURE LAST
                VALUE   (LST)  VALUE       VALUE  FROM      YEAR
                                                  NORMAL
..................................................................
TEMPERATURE (F)
 YESTERDAY
  MAXIMUM         60    359 PM  77    1963  61     -1       60
  MINIMUM         33    653 AM  30    1989  41     -8       45
  AVERAGE         47                        51     -4       53

PRECIPITATION (IN)
  YESTERDAY        0.00          0.20 2003   0.01  -0.01      T
  MONTH TO DATE    0.05                      0.16  -0.11     1.10
  SINCE OCT 1      0.05                      0.16  -0.11     1.10
  SINCE JAN 1      7.13                      5.22   1.91     8.45

SNOWFALL (IN)
  YESTERDAY       MM

DEGREE DAYS
 HEATING
  YESTERDAY       18                        14      4       12
  MONTH TO DATE  242                       170     72      200
  SINCE SEP 1    344                       268     76      269
  SINCE JUL 1    344                       282     62      273

 COOLING
  YESTERDAY        0                         0      0        0
  MONTH TO DATE    0                         0      0        0
  SINCE SEP 1    113                         2    111       28
  SINCE JAN 1   1058                       790    268      801
..................................................................


WIND (MPH)
  HIGHEST WIND SPEED    14   HIGHEST WIND DIRECTION    SE (130)
  HIGHEST GUST SPEED    18   HIGHEST GUST DIRECTION    SE (120)
  AVERAGE WIND SPEED     4.3


SKY COVER
  POSSIBLE SUNSHINE  MM
  AVERAGE SKY COVER 0.0


WEATHER CONDITIONS
 THE FOLLOWING WEATHER WAS RECORDED YESTERDAY.
  FOG
  HAZE


RELATIVE HUMIDITY (PERCENT)
 HIGHEST    96           700 AM
 LOWEST     42           300 PM
 AVERAGE    69

..........................................................


THE WENATCHEE WA PANGBORN FIELD CLIMATE NORMALS FOR TODAY
                         NORMAL    RECORD    YEAR
 MAXIMUM TEMPERATURE (F)   60        77      1960
 MINIMUM TEMPERATURE (F)   40        28      1984


SUNRISE AND SUNSET
OCTOBER 17 2017.......SUNRISE   723 AM PDT   SUNSET   609 PM PDT
OCTOBER 18 2017.......SUNRISE   724 AM PDT   SUNSET   607 PM PDT


-  INDICATES NEGATIVE NUMBERS.
R  INDICATES RECORD WAS SET OR TIED.
MM INDICATES DATA IS MISSING.
T  INDICATES TRACE AMOUNT.




$$
