000
CDUS46 KOTX 040827
CLIEAT


CLIMATE REPORT
NATIONAL WEATHER SERVICE SPOKANE, WA
127 AM PDT TUE AUG 4 2015


...................................

...THE WENATCHEE WA PANGBORN FIELD CLIMATE SUMMARY FOR AUGUST 3 2015...

CLIMATE NORMAL PERIOD 1981 TO 2010
CLIMATE RECORD PERIOD 1959 TO 2015


WEATHER ITEM   OBSERVED TIME   RECORD YEAR NORMAL DEPARTURE LAST
                VALUE   (LST)  VALUE       VALUE  FROM      YEAR
                                                  NORMAL
..................................................................
TEMPERATURE (F)
 YESTERDAY
  MAXIMUM         92   1038 AM 107    1961  89      3       96
  MINIMUM         75   1159 PM  52    2002  63     12       66
  AVERAGE         84                        76      8       81

PRECIPITATION (IN)
  YESTERDAY        T             0.76 1962   0.01  -0.01     0.00
  MONTH TO DATE    T                         0.02  -0.02     0.02
  SINCE OCT 1      7.15                      7.49  -0.34     3.71
  SINCE JAN 1      3.97                      4.54  -0.57     3.15

SNOWFALL (IN)
  YESTERDAY       MM

DEGREE DAYS
 HEATING
  YESTERDAY        0                         0      0        0
  MONTH TO DATE    0                         0      0        0
  SINCE JUN 1      0                        65    -65       15
  SINCE JUL 1      0                         7     -7        0

 COOLING
  YESTERDAY       19                        11      8       16
  MONTH TO DATE   62                        33     29       53
  SINCE JUN 1    925                       594    331      700
  SINCE JAN 1   1024                       741    283      758
..................................................................


WIND (MPH)
  HIGHEST WIND SPEED    23   HIGHEST WIND DIRECTION    NW (310)
  HIGHEST GUST SPEED    28   HIGHEST GUST DIRECTION     N (340)
  AVERAGE WIND SPEED    12.5


SKY COVER
  POSSIBLE SUNSHINE  MM
  AVERAGE SKY COVER 0.1


WEATHER CONDITIONS
 THE FOLLOWING WEATHER WAS RECORDED YESTERDAY.
  NO SIGNIFICANT WEATHER WAS OBSERVED.


RELATIVE HUMIDITY (PERCENT)
 HIGHEST    36          1100 PM
 LOWEST     16          1000 AM
 AVERAGE    26

..........................................................


THE WENATCHEE WA PANGBORN FIELD CLIMATE NORMALS FOR TODAY
                         NORMAL    RECORD    YEAR
 MAXIMUM TEMPERATURE (F)   89       109      1961
 MINIMUM TEMPERATURE (F)   63        53      1962


SUNRISE AND SUNSET
AUGUST  4 2015........SUNRISE   543 AM PDT   SUNSET   830 PM PDT
AUGUST  5 2015........SUNRISE   544 AM PDT   SUNSET   829 PM PDT


-  INDICATES NEGATIVE NUMBERS.
R  INDICATES RECORD WAS SET OR TIED.
MM INDICATES DATA IS MISSING.
T  INDICATES TRACE AMOUNT.




$$
