000
CDUS46 KOTX 060825
CLIEAT


CLIMATE REPORT
NATIONAL WEATHER SERVICE SPOKANE, WA
124 AM PDT FRI MAY 6 2016


...................................

...THE WENATCHEE WA PANGBORN FIELD CLIMATE SUMMARY FOR MAY 5 2016...

CLIMATE NORMAL PERIOD 1981 TO 2010
CLIMATE RECORD PERIOD 1959 TO 2016


WEATHER ITEM   OBSERVED TIME   RECORD YEAR NORMAL DEPARTURE LAST
                VALUE   (LST)  VALUE       VALUE  FROM      YEAR
                                                  NORMAL
..................................................................
TEMPERATURE (F)
 YESTERDAY
  MAXIMUM         68    548 PM  91    1966  68      0       67
  MINIMUM         55   1157 PM  32    1968  45     10       46
  AVERAGE         62                        56      6       57

PRECIPITATION (IN)
  YESTERDAY        0.02          0.08 1979   0.02   0.00     0.00
  MONTH TO DATE    0.14                      0.07   0.07     0.00
  SINCE OCT 1      9.44                      5.99   3.45     5.66
  SINCE JAN 1      5.58                      3.04   2.54     2.48

SNOWFALL (IN)
  YESTERDAY       MM

DEGREE DAYS
 HEATING
  YESTERDAY        3                         9     -6        8
  MONTH TO DATE    5                        48    -43       18
  SINCE MAR 1    771                      1100   -329      813
  SINCE JUL 1   4644                      5564   -920     4442

 COOLING
  YESTERDAY        0                         1     -1        0
  MONTH TO DATE    6                         1      5        2
  SINCE MAR 1     18                        39    -21        2
  SINCE JAN 1     18                        39    -21        2
..................................................................


WIND (MPH)
  HIGHEST WIND SPEED    10   HIGHEST WIND DIRECTION     W (290)
  HIGHEST GUST SPEED    14   HIGHEST GUST DIRECTION    NE (40)
  AVERAGE WIND SPEED     6.3


SKY COVER
  POSSIBLE SUNSHINE  MM
  AVERAGE SKY COVER 0.7


WEATHER CONDITIONS
 THE FOLLOWING WEATHER WAS RECORDED YESTERDAY.
  LIGHT RAIN


RELATIVE HUMIDITY (PERCENT)
 HIGHEST    86           400 AM
 LOWEST     48           600 PM
 AVERAGE    67

..........................................................


THE WENATCHEE WA PANGBORN FIELD CLIMATE NORMALS FOR TODAY
                         NORMAL    RECORD    YEAR
 MAXIMUM TEMPERATURE (F)   68        93      1992
 MINIMUM TEMPERATURE (F)   46        33      2002


SUNRISE AND SUNSET
MAY  6 2016...........SUNRISE   536 AM PDT   SUNSET   820 PM PDT
MAY  7 2016...........SUNRISE   534 AM PDT   SUNSET   821 PM PDT


-  INDICATES NEGATIVE NUMBERS.
R  INDICATES RECORD WAS SET OR TIED.
MM INDICATES DATA IS MISSING.
T  INDICATES TRACE AMOUNT.




$$
