000
CDUS46 KOTX 230854
CLIEAT


CLIMATE REPORT
NATIONAL WEATHER SERVICE SPOKANE, WA
1254 AM PST FRI FEB 23 2018


...................................

...THE WENATCHEE WA PANGBORN FIELD CLIMATE SUMMARY FOR FEBRUARY 22 2018...

CLIMATE NORMAL PERIOD 1981 TO 2010
CLIMATE RECORD PERIOD 1959 TO 2018


WEATHER ITEM   OBSERVED TIME   RECORD YEAR NORMAL DEPARTURE LAST
                VALUE   (LST)  VALUE       VALUE  FROM      YEAR
                                                  NORMAL
..................................................................
TEMPERATURE (F)
 YESTERDAY
  MAXIMUM         33    330 PM  63    2002  44    -11       40
  MINIMUM         14R   724 AM  18    1969  29    -15       26
  AVERAGE         24                        36    -12       33

PRECIPITATION (IN)
  YESTERDAY        T             0.24 1989   0.02  -0.02     0.00
  MONTH TO DATE    0.23                      0.64  -0.41     1.64
  SINCE OCT 1      4.39                      4.65  -0.26     5.57
  SINCE JAN 1      1.31                      1.70  -0.39     2.75

SNOWFALL (IN)
  YESTERDAY       MM

DEGREE DAYS
 HEATING
  YESTERDAY       41                        28     13       32
  MONTH TO DATE  642                       681    -39      840
  SINCE DEC 1   2806                      2929   -123     3494
  SINCE JUL 1   4229                      4301    -72     4571

 COOLING
  YESTERDAY        0                         0      0        0
  MONTH TO DATE    0                         0      0        0
  SINCE DEC 1      0                         0      0        0
  SINCE JAN 1      0                         0      0        0
..................................................................


WIND (MPH)
  HIGHEST WIND SPEED    16   HIGHEST WIND DIRECTION     W (270)
  HIGHEST GUST SPEED    20   HIGHEST GUST DIRECTION     W (280)
  AVERAGE WIND SPEED     5.9


SKY COVER
  POSSIBLE SUNSHINE  MM
  AVERAGE SKY COVER 0.3


WEATHER CONDITIONS
 THE FOLLOWING WEATHER WAS RECORDED YESTERDAY.
  LIGHT SNOW
  FOG


RELATIVE HUMIDITY (PERCENT)
 HIGHEST    92           600 AM
 LOWEST     33           300 PM
 AVERAGE    63

..........................................................


THE WENATCHEE WA PANGBORN FIELD CLIMATE NORMALS FOR TODAY
                         NORMAL    RECORD    YEAR
 MAXIMUM TEMPERATURE (F)   45        63      1968
 MINIMUM TEMPERATURE (F)   29        19      1993


SUNRISE AND SUNSET
FEBRUARY 23 2018......SUNRISE   652 AM PST   SUNSET   537 PM PST
FEBRUARY 24 2018......SUNRISE   650 AM PST   SUNSET   539 PM PST


-  INDICATES NEGATIVE NUMBERS.
R  INDICATES RECORD WAS SET OR TIED.
MM INDICATES DATA IS MISSING.
T  INDICATES TRACE AMOUNT.




$$
