000
CDUS46 KOTX 290829
CLIEAT


CLIMATE REPORT
NATIONAL WEATHER SERVICE SPOKANE, WA
129 AM PDT SUN MAR 29 2015


...................................

...THE WENATCHEE WA PANGBORN FIELD CLIMATE SUMMARY FOR MARCH 28 2015...

CLIMATE NORMAL PERIOD 1981 TO 2010
CLIMATE RECORD PERIOD 1959 TO 2015


WEATHER ITEM   OBSERVED TIME   RECORD YEAR NORMAL DEPARTURE LAST
                VALUE   (LST)  VALUE       VALUE  FROM      YEAR
                                                  NORMAL
..................................................................
TEMPERATURE (F)
 YESTERDAY
  MAXIMUM         65    131 PM  78    1994  58      7       46
  MINIMUM         50   1159 PM  22    1998  38     12       39
  AVERAGE         58                        48     10       43

PRECIPITATION (IN)
  YESTERDAY        0.00          0.19 1982   0.02  -0.02     0.04
  MONTH TO DATE    0.65                      0.59   0.06     0.64
  SINCE OCT 1      5.36                      5.41  -0.05     2.40
  SINCE JAN 1      2.18                      2.46  -0.28     1.84

SNOWFALL (IN)
  YESTERDAY       MM

DEGREE DAYS
 HEATING
  YESTERDAY        7                        17    -10       22
  MONTH TO DATE  406                       597   -191      590
  SINCE MAR 1    406                       597   -191      590
  SINCE JUL 1   4035                      5061  -1026     5160

 COOLING
  YESTERDAY        0                         0      0        0
  MONTH TO DATE    0                         0      0        0
  SINCE MAR 1      0                         0      0        0
  SINCE JAN 1      0                         0      0        0
..................................................................


WIND (MPH)
  HIGHEST WIND SPEED    32   HIGHEST WIND DIRECTION     W (280)
  HIGHEST GUST SPEED    41   HIGHEST GUST DIRECTION     W (290)
  AVERAGE WIND SPEED    15.3


SKY COVER
  POSSIBLE SUNSHINE  MM
  AVERAGE SKY COVER 0.1


WEATHER CONDITIONS
 THE FOLLOWING WEATHER WAS RECORDED YESTERDAY.
  NO SIGNIFICANT WEATHER WAS OBSERVED.


RELATIVE HUMIDITY (PERCENT)
 HIGHEST    54          1000 PM
 LOWEST     27           300 PM
 AVERAGE    41

..........................................................


THE WENATCHEE WA PANGBORN FIELD CLIMATE NORMALS FOR TODAY
                         NORMAL    RECORD    YEAR
 MAXIMUM TEMPERATURE (F)   58        75      1994
 MINIMUM TEMPERATURE (F)   38        27      1987


SUNRISE AND SUNSET
MARCH 29 2015.........SUNRISE   646 AM PDT   SUNSET   726 PM PDT
MARCH 30 2015.........SUNRISE   644 AM PDT   SUNSET   728 PM PDT


-  INDICATES NEGATIVE NUMBERS.
R  INDICATES RECORD WAS SET OR TIED.
MM INDICATES DATA IS MISSING.
T  INDICATES TRACE AMOUNT.




$$
