000
CDUS46 KOTX 260825
CLIEAT


CLIMATE REPORT
NATIONAL WEATHER SERVICE SPOKANE, WA
1222 AM PST FRI DEC 26 2014


...................................

...THE WENATCHEE WA PANGBORN FIELD CLIMATE SUMMARY FOR DECEMBER 25 2014...

CLIMATE NORMAL PERIOD 1981 TO 2010
CLIMATE RECORD PERIOD 1959 TO 2014


WEATHER ITEM   OBSERVED TIME   RECORD YEAR NORMAL DEPARTURE LAST
                VALUE   (LST)  VALUE       VALUE  FROM      YEAR
                                                  NORMAL
..................................................................
TEMPERATURE (F)
 YESTERDAY
  MAXIMUM         48    242 PM  50    1963  31     17       31
  MINIMUM         33    632 AM   4    1990  22     11       23
  AVERAGE         41                        27     14       27

PRECIPITATION (IN)
  YESTERDAY        0.00        0.42   1980  0.04  -0.04     0.00
  MONTH TO DATE    1.21                     1.16   0.05     0.11
  SINCE OCT 1      3.05                     2.71   0.34     0.56
  SINCE JAN 1      7.17                     7.77  -0.60     7.25

SNOWFALL (IN)
  YESTERDAY       MM

DEGREE DAYS
 HEATING
  YESTERDAY       24                        38    -14       38
  MONTH TO DATE  714                       917   -203      988
  SINCE DEC 1    714                       917   -203      988
  SINCE JUL 1   1820                      2289   -469     2353

 COOLING
  YESTERDAY        0                         0      0        0
  MONTH TO DATE    0                         0      0        0
  SINCE DEC 1      0                         0      0        0
  SINCE JAN 1   1218                       790    428     1028
..................................................................


WIND (MPH)
  HIGHEST WIND SPEED    18   HIGHEST WIND DIRECTION    NW (310)
  HIGHEST GUST SPEED    22   HIGHEST GUST DIRECTION    NW (310)
  AVERAGE WIND SPEED     9.2


SKY COVER
  POSSIBLE SUNSHINE  MM
  AVERAGE SKY COVER 0.0


WEATHER CONDITIONS
 THE FOLLOWING WEATHER WAS RECORDED YESTERDAY.
  NO SIGNIFICANT WEATHER WAS OBSERVED.


RELATIVE HUMIDITY (PERCENT)
 HIGHEST    69           500 AM
 LOWEST     34           200 PM
 AVERAGE    52

..........................................................


THE WENATCHEE WA PANGBORN FIELD CLIMATE NORMALS FOR TODAY
                         NORMAL    RECORD    YEAR
 MAXIMUM TEMPERATURE (F)   31        56      1980
 MINIMUM TEMPERATURE (F)   22         5      2008
                                             1990


SUNRISE AND SUNSET
DECEMBER 26 2014......SUNRISE   747 AM PST   SUNSET   416 PM PST
DECEMBER 27 2014......SUNRISE   748 AM PST   SUNSET   416 PM PST


-  INDICATES NEGATIVE NUMBERS.
R  INDICATES RECORD WAS SET OR TIED.
MM INDICATES DATA IS MISSING.
T  INDICATES TRACE AMOUNT.

$$
