000
CDUS46 KOTX 100826
CLIEAT


CLIMATE REPORT
NATIONAL WEATHER SERVICE SPOKANE, WA
1226 AM PST WED FEB 10 2016


...................................

...THE WENATCHEE WA PANGBORN FIELD CLIMATE SUMMARY FOR FEBRUARY 9 2016...

CLIMATE NORMAL PERIOD 1981 TO 2010
CLIMATE RECORD PERIOD 1959 TO 2016


WEATHER ITEM   OBSERVED TIME   RECORD YEAR NORMAL DEPARTURE LAST
                VALUE   (LST)  VALUE       VALUE  FROM      YEAR
                                                  NORMAL
..................................................................
TEMPERATURE (F)
 YESTERDAY
  MAXIMUM         44    346 PM  55    1998  40      4       52
  MINIMUM         26    735 AM   8    1985  27     -1       39
  AVERAGE         35                        34      1       46

PRECIPITATION (IN)
  YESTERDAY        0.00          0.57 1961   0.03  -0.03     0.04
  MONTH TO DATE    0.06                      0.27  -0.21     0.59
  SINCE OCT 1      6.14                      4.28   1.86     4.40
  SINCE JAN 1      2.28                      1.33   0.95     1.22

SNOWFALL (IN)
  YESTERDAY       MM

DEGREE DAYS
 HEATING
  YESTERDAY       30                        32     -2       19
  MONTH TO DATE  297                       291      6      222
  SINCE DEC 1   2350                      2539   -189     2145
  SINCE JUL 1   3415                      3911   -496     3251

 COOLING
  YESTERDAY        0                         0      0        0
  MONTH TO DATE    0                         0      0        0
  SINCE DEC 1      0                         0      0        0
  SINCE JAN 1      0                         0      0        0
..................................................................


WIND (MPH)
  HIGHEST WIND SPEED     9   HIGHEST WIND DIRECTION     W (290)
  HIGHEST GUST SPEED    12   HIGHEST GUST DIRECTION     W (290)
  AVERAGE WIND SPEED     4.3


SKY COVER
  POSSIBLE SUNSHINE  MM
  AVERAGE SKY COVER 0.0


WEATHER CONDITIONS
 THE FOLLOWING WEATHER WAS RECORDED YESTERDAY.
  NO SIGNIFICANT WEATHER WAS OBSERVED.


RELATIVE HUMIDITY (PERCENT)
 HIGHEST    89           900 PM
 LOWEST     58           300 PM
 AVERAGE    74

..........................................................


THE WENATCHEE WA PANGBORN FIELD CLIMATE NORMALS FOR TODAY
                         NORMAL    RECORD    YEAR
 MAXIMUM TEMPERATURE (F)   40        60      1990
 MINIMUM TEMPERATURE (F)   27         9      1981


SUNRISE AND SUNSET
FEBRUARY 10 2016......SUNRISE   715 AM PST   SUNSET   516 PM PST
FEBRUARY 11 2016......SUNRISE   713 AM PST   SUNSET   518 PM PST


-  INDICATES NEGATIVE NUMBERS.
R  INDICATES RECORD WAS SET OR TIED.
MM INDICATES DATA IS MISSING.
T  INDICATES TRACE AMOUNT.




$$
