000
CDUS43 KMPX 250631
CLIEAU


CLIMATE REPORT
NATIONAL WEATHER SERVICE CHANHASSEN MN
128 AM CDT MON SEP 25 2017


...................................

...THE EAU CLAIRE WI CLIMATE SUMMARY FOR SEPTEMBER 24 2017...

CLIMATE NORMAL PERIOD 1981 TO 2010
CLIMATE RECORD PERIOD 1893 TO 2017


WEATHER ITEM   OBSERVED TIME   RECORD YEAR NORMAL DEPARTURE LAST
                VALUE   (LST)  VALUE       VALUE  FROM      YEAR
                                                  NORMAL
..................................................................
TEMPERATURE (F)
 YESTERDAY
  MAXIMUM         88    353 PM  90    1935  68     20       67
  MINIMUM         64    556 AM  27    1976  45     19       61
  AVERAGE         76                        56     20       64

PRECIPITATION (IN)
  YESTERDAY        0.00          1.18 1984   0.13  -0.13     0.00
  MONTH TO DATE    0.90                      3.00  -2.10     7.89
  SINCE SEP 1      0.90                      3.00  -2.10     7.89
  SINCE JAN 1     29.02                     25.12   3.90    34.72

SNOWFALL (IN)
  YESTERDAY        0.0           0.0    MM   0.0    0.0      0.0
  MONTH TO DATE    0.0                       0.0    0.0      0.0
  SINCE SEP 1      0.0                       0.0    0.0      0.0
  SINCE JUL 1      0.0                       0.0    0.0      0.0
  SNOW DEPTH       0

DEGREE DAYS
 HEATING
  YESTERDAY        0                         9     -9        1
  MONTH TO DATE   76                       128    -52       37
  SINCE SEP 1     76                       128    -52       37
  SINCE JUL 1    119                       167    -48       47

 COOLING
  YESTERDAY       11                         1     10        0
  MONTH TO DATE   85                        45     40       39
  SINCE SEP 1     85                        45     40       39
  SINCE JAN 1    457                       572   -115      622
..................................................................


WIND (MPH)
  HIGHEST WIND SPEED    20   HIGHEST WIND DIRECTION    SW (210)
  HIGHEST GUST SPEED    26   HIGHEST GUST DIRECTION    SW (220)
  AVERAGE WIND SPEED     9.1


SKY COVER
  POSSIBLE SUNSHINE  MM
  AVERAGE SKY COVER 0.1


WEATHER CONDITIONS
 THE FOLLOWING WEATHER WAS RECORDED YESTERDAY.
  NO SIGNIFICANT WEATHER WAS OBSERVED.


RELATIVE HUMIDITY (PERCENT)
 HIGHEST    93           600 AM
 LOWEST     40          1200 PM
 AVERAGE    67

..........................................................


THE EAU CLAIRE WI CLIMATE NORMALS FOR TODAY
                         NORMAL    RECORD    YEAR
 MAXIMUM TEMPERATURE (F)   67        91      1920
 MINIMUM TEMPERATURE (F)   45        27      1942


SUNRISE AND SUNSET
SEPTEMBER 25 2017.....SUNRISE   657 AM CDT   SUNSET   657 PM CDT
SEPTEMBER 26 2017.....SUNRISE   658 AM CDT   SUNSET   655 PM CDT


-  INDICATES NEGATIVE NUMBERS.
R  INDICATES RECORD WAS SET OR TIED.
MM INDICATES DATA IS MISSING.
T  INDICATES TRACE AMOUNT.




$$
