000
CDUS43 KMPX 300646
CLIEAU


CLIMATE REPORT
NATIONAL WEATHER SERVICE CHANHASSEN MN
145 AM CDT TUE MAY 30 2017


...................................

...THE EAU CLAIRE WI CLIMATE SUMMARY FOR MAY 29 2017...

CLIMATE NORMAL PERIOD 1981 TO 2010
CLIMATE RECORD PERIOD 1893 TO 2017


WEATHER ITEM   OBSERVED TIME   RECORD YEAR NORMAL DEPARTURE LAST
                VALUE   (LST)  VALUE       VALUE  FROM      YEAR
                                                  NORMAL
..................................................................
TEMPERATURE (F)
 YESTERDAY
  MAXIMUM         65    240 PM  95    2006  73     -8       76
  MINIMUM         49    328 AM  32    1966  50     -1       58
                                      1965
  AVERAGE         57                        62     -5       67

PRECIPITATION (IN)
  YESTERDAY        0.11          1.65 2013   0.12  -0.01     0.22
  MONTH TO DATE    4.36                      3.22   1.14     3.24
  SINCE MAR 1     10.42                      7.70   2.72    10.46
  SINCE JAN 1     14.50                      9.40   5.10    11.62

SNOWFALL (IN)
  YESTERDAY        0.0           0.0    MM   0.0    0.0      0.0
  MONTH TO DATE    T                         0.2   -0.2      0.0
  SINCE MAR 1      5.6                      10.7   -5.1     13.9
  SINCE JUL 1     54.5                      47.0    7.5     38.0
  SNOW DEPTH       0

DEGREE DAYS
 HEATING
  YESTERDAY        8                         5      3        0
  MONTH TO DATE  273                       247     26      245
  SINCE MAR 1   1844                      1867    -23     1633
  SINCE JUL 1   6954                      7887   -933     6811

 COOLING
  YESTERDAY        0                         2     -2        2
  MONTH TO DATE    8                        24    -16       27
  SINCE MAR 1      8                        28    -20       31
  SINCE JAN 1      8                        28    -20       31
..................................................................


WIND (MPH)
  HIGHEST WIND SPEED    23   HIGHEST WIND DIRECTION     W (260)
  HIGHEST GUST SPEED    31   HIGHEST GUST DIRECTION     W (260)
  AVERAGE WIND SPEED    10.4


SKY COVER
  POSSIBLE SUNSHINE  MM
  AVERAGE SKY COVER 0.8


WEATHER CONDITIONS
 THE FOLLOWING WEATHER WAS RECORDED YESTERDAY.
  THUNDERSTORM
  LIGHT RAIN
  HAZE


RELATIVE HUMIDITY (PERCENT)
 HIGHEST   100           300 AM
 LOWEST     56           300 PM
 AVERAGE    78

..........................................................


THE EAU CLAIRE WI CLIMATE NORMALS FOR TODAY
                         NORMAL    RECORD    YEAR
 MAXIMUM TEMPERATURE (F)   74        96      1939
 MINIMUM TEMPERATURE (F)   50        34      1966


SUNRISE AND SUNSET
MAY 30 2017...........SUNRISE   524 AM CDT   SUNSET   844 PM CDT
MAY 31 2017...........SUNRISE   523 AM CDT   SUNSET   844 PM CDT


-  INDICATES NEGATIVE NUMBERS.
R  INDICATES RECORD WAS SET OR TIED.
MM INDICATES DATA IS MISSING.
T  INDICATES TRACE AMOUNT.




$$
