000
CDUS42 KAKQ 230826
CLIECG


CLIMATE REPORT
NATIONAL WEATHER SERVICE WAKEFIELD, VA
325 AM EST SUN NOV 23 2014


...................................

...THE ELIZABETH CITY NC CLIMATE SUMMARY FOR NOVEMBER 22 2014...

CLIMATE NORMAL PERIOD 1981 TO 2010
CLIMATE RECORD PERIOD 1934 TO 2014


WEATHER ITEM   OBSERVED TIME   RECORD YEAR NORMAL DEPARTURE LAST
                VALUE   (LST)  VALUE       VALUE  FROM      YEAR
                                                  NORMAL
..................................................................
TEMPERATURE (F)
 YESTERDAY
  MAXIMUM         55    211 PM  79    1953  62     -7       70
  MINIMUM         22    658 AM  21    2008  40    -18       44
  AVERAGE         39                        51    -12       57

PRECIPITATION (IN)
  YESTERDAY        0.00          2.04 2006   0.09  -0.09      T
  MONTH TO DATE    0.87                      2.32  -1.45     1.47
  SINCE SEP 1      7.80                      9.32  -1.52     8.04
  SINCE JAN 1     35.24                     43.28  -8.04    38.07

SNOWFALL (IN)
  YESTERDAY        0.0           T    1949  MM     MM
  MONTH TO DATE    0.0                      MM     MM
  SINCE NOV 1      0.0                      MM     MM
  SINCE JUL 1      0.0                      MM     MM
  SNOW DEPTH       0

DEGREE DAYS
 HEATING
  YESTERDAY       26                        14     12        8
  MONTH TO DATE  320                       243     77      248
  SINCE SEP 1    401                       394      7      382
  SINCE JUL 1    401                       394      7      382

 COOLING
  YESTERDAY        0                         0      0        0
  MONTH TO DATE    3                         4     -1        8
  SINCE SEP 1    337                       289     48      285
  SINCE JAN 1   1580                      1585     -5     1665
..................................................................


WIND (MPH)
  HIGHEST WIND SPEED    13   HIGHEST WIND DIRECTION     S (190)
  HIGHEST GUST SPEED    17   HIGHEST GUST DIRECTION     S (190)
  AVERAGE WIND SPEED     3.0


SKY COVER
  POSSIBLE SUNSHINE  MM
  AVERAGE SKY COVER 0.0


WEATHER CONDITIONS
 THE FOLLOWING WEATHER WAS RECORDED YESTERDAY.
  NO SIGNIFICANT WEATHER WAS OBSERVED.


RELATIVE HUMIDITY (PERCENT)
 HIGHEST    85           800 AM
 LOWEST     29           200 PM
 AVERAGE    57

..........................................................


THE ELIZABETH CITY NC CLIMATE NORMALS FOR TODAY
                         NORMAL    RECORD    YEAR
 MAXIMUM TEMPERATURE (F)   62        81      1992
 MINIMUM TEMPERATURE (F)   40        19      1937


SUNRISE AND SUNSET
NOVEMBER 23 2014......SUNRISE   650 AM EST   SUNSET   452 PM EST
NOVEMBER 24 2014......SUNRISE   651 AM EST   SUNSET   452 PM EST


-  INDICATES NEGATIVE NUMBERS.
R  INDICATES RECORD WAS SET OR TIED.
MM INDICATES DATA IS MISSING.
T  INDICATES TRACE AMOUNT.




$$
