000
CDUS42 KAKQ 270556
CLIECG


CLIMATE REPORT
NATIONAL WEATHER SERVICE WAKEFIELD, VA
155 AM EDT SAT MAY 27 2017


...................................

...THE ELIZABETH CITY NC CLIMATE SUMMARY FOR MAY 26 2017...

CLIMATE NORMAL PERIOD 1981 TO 2010
CLIMATE RECORD PERIOD 1934 TO 2017


WEATHER ITEM   OBSERVED TIME   RECORD YEAR NORMAL DEPARTURE LAST
                VALUE   (LST)  VALUE       VALUE  FROM      YEAR
                                                  NORMAL
..................................................................
TEMPERATURE (F)
 YESTERDAY
  MAXIMUM         81    239 PM  95    1953  80      1       87
  MINIMUM         63    524 AM  42    2013  60      3       66
  AVERAGE         72                        70      2       77

PRECIPITATION (IN)
  YESTERDAY        0.00          1.79 1965   0.13  -0.13     0.00
  MONTH TO DATE    5.29                      2.94   2.35     2.81
  SINCE MAR 1     11.60                     10.06   1.54     9.07
  SINCE JAN 1     16.21                     16.50  -0.29    16.66

SNOWFALL (IN)
  YESTERDAY        0.0           T    1949  MM     MM
  MONTH TO DATE    0.0                      MM     MM
  SINCE NOV 1      1.2                      MM     MM
  SINCE JUL 1      1.2                      MM     MM
  SNOW DEPTH       0

DEGREE DAYS
 HEATING
  YESTERDAY        0                         1     -1        0
  MONTH TO DATE   34                        64    -30       58
  SINCE MAR 1    592                       753   -161      570
  SINCE JUL 1   2687                      3225   -538     2481

 COOLING
  YESTERDAY        7                         6      1       12
  MONTH TO DATE  108                        90     18       72
  SINCE MAR 1    239                       130    109      127
  SINCE JAN 1    242                       132    110      127
..................................................................


WIND (MPH)
  HIGHEST WIND SPEED    23   HIGHEST WIND DIRECTION     W (280)
  HIGHEST GUST SPEED    29   HIGHEST GUST DIRECTION     W (280)
  AVERAGE WIND SPEED    13.8


SKY COVER
  POSSIBLE SUNSHINE  MM
  AVERAGE SKY COVER 0.1


WEATHER CONDITIONS
 THE FOLLOWING WEATHER WAS RECORDED YESTERDAY.
  NO SIGNIFICANT WEATHER WAS OBSERVED.


RELATIVE HUMIDITY (PERCENT)
 HIGHEST    87          1000 PM
 LOWEST     45           300 PM
 AVERAGE    66

..........................................................


THE ELIZABETH CITY NC CLIMATE NORMALS FOR TODAY
                         NORMAL    RECORD    YEAR
 MAXIMUM TEMPERATURE (F)   80        97      1941
 MINIMUM TEMPERATURE (F)   60        38      1997


SUNRISE AND SUNSET
MAY 27 2017...........SUNRISE   551 AM EDT   SUNSET   814 PM EDT
MAY 28 2017...........SUNRISE   550 AM EDT   SUNSET   814 PM EDT


-  INDICATES NEGATIVE NUMBERS.
R  INDICATES RECORD WAS SET OR TIED.
MM INDICATES DATA IS MISSING.
T  INDICATES TRACE AMOUNT.




$$
