000
CDUS42 KAKQ 190835
CLIECG


CLIMATE REPORT
NATIONAL WEATHER SERVICE WAKEFIELD, VA
435 AM EDT SAT APR 19 2014


...................................

...THE ELIZABETH CITY NC CLIMATE SUMMARY FOR APRIL 18 2014...

CLIMATE NORMAL PERIOD 1981 TO 2010
CLIMATE RECORD PERIOD 1934 TO 2014


WEATHER ITEM   OBSERVED TIME   RECORD YEAR NORMAL DEPARTURE LAST
                VALUE   (LST)  VALUE       VALUE  FROM      YEAR
                                                  NORMAL
..................................................................
TEMPERATURE (F)
 YESTERDAY
  MAXIMUM         54    314 PM  91    1941  70    -16       76
  MINIMUM         44    615 AM  32    1997  49     -5       61
  AVERAGE         49                        59    -10       69

PRECIPITATION (IN)
  YESTERDAY        0.00          1.25 1969   0.09  -0.09     0.00
  MONTH TO DATE    2.24                      1.95   0.29     0.94
  SINCE MAR 1      4.65                      5.93  -1.28     2.70
  SINCE JAN 1      8.79                     12.37  -3.58     7.75

SNOWFALL (IN)
  YESTERDAY        0.0           0.0  2002  MM     MM
  MONTH TO DATE    0.0                      MM     MM
  SINCE NOV 1     10.2                      MM     MM
  SINCE JUL 1     10.2                      MM     MM
  SNOW DEPTH       0

DEGREE DAYS
 HEATING
  YESTERDAY       16                         7      9        0
  MONTH TO DATE  110                       157    -47      109
  SINCE MAR 1    658                       622     36      700
  SINCE JUL 1   3231                      3094    137     2709

 COOLING
  YESTERDAY        0                         1     -1        4
  MONTH TO DATE   22                        18      4       40
  SINCE MAR 1     22                        23     -1       40
  SINCE JAN 1     22                        25     -3       45
..................................................................


WIND (MPH)
  HIGHEST WIND SPEED    21   HIGHEST WIND DIRECTION    NE (30)
  HIGHEST GUST SPEED    26   HIGHEST GUST DIRECTION    NE (30)
  AVERAGE WIND SPEED    12.8


SKY COVER
  POSSIBLE SUNSHINE  MM
  AVERAGE SKY COVER 0.5


WEATHER CONDITIONS
 THE FOLLOWING WEATHER WAS RECORDED YESTERDAY.
  NO SIGNIFICANT WEATHER WAS OBSERVED.


RELATIVE HUMIDITY (PERCENT)
 HIGHEST    86           900 PM
 LOWEST     63          1000 AM
 AVERAGE    75

..........................................................


THE ELIZABETH CITY NC CLIMATE NORMALS FOR TODAY
                         NORMAL    RECORD    YEAR
 MAXIMUM TEMPERATURE (F)   71        92      1941
 MINIMUM TEMPERATURE (F)   49        32      2001


SUNRISE AND SUNSET
APRIL 19 2014.........SUNRISE   626 AM EDT   SUNSET   742 PM EDT
APRIL 20 2014.........SUNRISE   625 AM EDT   SUNSET   743 PM EDT


-  INDICATES NEGATIVE NUMBERS.
R  INDICATES RECORD WAS SET OR TIED.
MM INDICATES DATA IS MISSING.
T  INDICATES TRACE AMOUNT.




$$
