000
CDUS42 KAKQ 180845
CLIECG


CLIMATE REPORT
NATIONAL WEATHER SERVICE WAKEFIELD, VA
345 AM EST THU DEC 18 2014


...................................

...THE ELIZABETH CITY NC CLIMATE SUMMARY FOR DECEMBER 17 2014...

CLIMATE NORMAL PERIOD 1981 TO 2010
CLIMATE RECORD PERIOD 1934 TO 2014


WEATHER ITEM   OBSERVED TIME   RECORD YEAR NORMAL DEPARTURE LAST
                VALUE   (LST)  VALUE       VALUE  FROM      YEAR
                                                  NORMAL
..................................................................
TEMPERATURE (F)
 YESTERDAY
  MAXIMUM         63    219 PM  76    1971  54      9       58
  MINIMUM         41    736 AM  12    1943  34      7       40
  AVERAGE         52                        44      8       49

PRECIPITATION (IN)
  YESTERDAY        0.00          0.73 1973   0.09  -0.09      T
  MONTH TO DATE    0.70                      1.43  -0.73     2.92
  SINCE DEC 1      0.70                      1.43  -0.73     2.92
  SINCE JAN 1     37.99                     45.45  -7.46    42.51

SNOWFALL (IN)
  YESTERDAY        0.0           0.0  2001  MM     MM
  MONTH TO DATE    0.0                      MM     MM
  SINCE NOV 1      0.0                      MM     MM
  SINCE JUL 1      0.0                      MM     MM
  SNOW DEPTH       0

DEGREE DAYS
 HEATING
  YESTERDAY       13                        21     -8       16
  MONTH TO DATE  238                       323    -85      312
  SINCE DEC 1    238                       323    -85      312
  SINCE JUL 1    753                       838    -85      875

 COOLING
  YESTERDAY        0                         0      0        0
  MONTH TO DATE    0                         0      0        7
  SINCE DEC 1      0                         0      0        7
  SINCE JAN 1   1586                      1588     -2     1672
..................................................................


WIND (MPH)
  HIGHEST WIND SPEED    14   HIGHEST WIND DIRECTION     W (280)
  HIGHEST GUST SPEED    33   HIGHEST GUST DIRECTION    NW (330)
  AVERAGE WIND SPEED     7.3


SKY COVER
  POSSIBLE SUNSHINE  MM
  AVERAGE SKY COVER 0.2


WEATHER CONDITIONS
 THE FOLLOWING WEATHER WAS RECORDED YESTERDAY.
  FOG
  FOG W/VISIBILITY <= 1/4 MILE
  HAZE


RELATIVE HUMIDITY (PERCENT)
 HIGHEST    93           500 AM
 LOWEST     43           300 PM
 AVERAGE    68

..........................................................


THE ELIZABETH CITY NC CLIMATE NORMALS FOR TODAY
                         NORMAL    RECORD    YEAR
 MAXIMUM TEMPERATURE (F)   53        78      1984
 MINIMUM TEMPERATURE (F)   34        17      1963


SUNRISE AND SUNSET
DECEMBER 18 2014......SUNRISE   711 AM EST   SUNSET   452 PM EST
DECEMBER 19 2014......SUNRISE   711 AM EST   SUNSET   453 PM EST


-  INDICATES NEGATIVE NUMBERS.
R  INDICATES RECORD WAS SET OR TIED.
MM INDICATES DATA IS MISSING.
T  INDICATES TRACE AMOUNT.




$$
