000
CDUS42 KAKQ 300825
CLIECG


CLIMATE REPORT
NATIONAL WEATHER SERVICE WAKEFIELD, VA
425 AM EDT TUE SEP 30 2014


...................................

...THE ELIZABETH CITY NC CLIMATE SUMMARY FOR SEPTEMBER 29 2014...

CLIMATE NORMAL PERIOD 1981 TO 2010
CLIMATE RECORD PERIOD 1934 TO 2014


WEATHER ITEM   OBSERVED TIME   RECORD YEAR NORMAL DEPARTURE LAST
                VALUE   (LST)  VALUE       VALUE  FROM      YEAR
                                                  NORMAL
..................................................................
TEMPERATURE (F)
 YESTERDAY
  MAXIMUM         75    137 PM  91    1973  77     -2       76
  MINIMUM         60    348 AM  45    1970  59      1       57
  AVERAGE         68                        68      0       67

PRECIPITATION (IN)
  YESTERDAY        0.00          2.40 1959   0.13  -0.13      T
  MONTH TO DATE    6.00                      3.81   2.19     0.84
  SINCE SEP 1      6.00                      3.81   2.19     0.84
  SINCE JAN 1     33.44                     37.77  -4.33    30.87

SNOWFALL (IN)
  YESTERDAY        0.0           0.0  2002  MM     MM
  MONTH TO DATE    0.0                      MM     MM
  SINCE NOV 1     10.2                      MM     MM
  SINCE JUL 1      0.0                      MM     MM
  SNOW DEPTH       0

DEGREE DAYS
 HEATING
  YESTERDAY        0                         1     -1        0
  MONTH TO DATE    1                         9     -8       15
  SINCE SEP 1      1                         9     -8       15
  SINCE JUL 1      1                         9     -8       15

 COOLING
  YESTERDAY        3                         4     -1        2
  MONTH TO DATE  255                       223     32      190
  SINCE SEP 1    255                       223     32      190
  SINCE JAN 1   1498                      1519    -21     1570
..................................................................


WIND (MPH)
  HIGHEST WIND SPEED    10   HIGHEST WIND DIRECTION     N (340)
  HIGHEST GUST SPEED    13   HIGHEST GUST DIRECTION     N (340)
  AVERAGE WIND SPEED     3.5


SKY COVER
  POSSIBLE SUNSHINE  MM
  AVERAGE SKY COVER 0.4


WEATHER CONDITIONS
 THE FOLLOWING WEATHER WAS RECORDED YESTERDAY.
  FOG
  FOG W/VISIBILITY <= 1/4 MILE


RELATIVE HUMIDITY (PERCENT)
 HIGHEST   100          1200 AM
 LOWEST     68          1200 PM
 AVERAGE    84

..........................................................


THE ELIZABETH CITY NC CLIMATE NORMALS FOR TODAY
                         NORMAL    RECORD    YEAR
 MAXIMUM TEMPERATURE (F)   77        90      1986
 MINIMUM TEMPERATURE (F)   59        42      1970


SUNRISE AND SUNSET
SEPTEMBER 30 2014.....SUNRISE   659 AM EDT   SUNSET   650 PM EDT
OCTOBER  1 2014.......SUNRISE   700 AM EDT   SUNSET   648 PM EDT


-  INDICATES NEGATIVE NUMBERS.
R  INDICATES RECORD WAS SET OR TIED.
MM INDICATES DATA IS MISSING.
T  INDICATES TRACE AMOUNT.




$$
