000
CDUS45 KGJT 290743
CLIEEO


CLIMATE REPORT
NATIONAL WEATHER SERVICE GRAND JUNCTION CO
140 AM MDT THU JUN 29 2017


...................................

...THE MEEKER CO CLIMATE SUMMARY FOR JUNE 28 2017...

CLIMATE NORMAL PERIOD 1981 TO 2010
CLIMATE RECORD PERIOD 9999 TO 9999


WEATHER ITEM   OBSERVED TIME   RECORD YEAR NORMAL DEPARTURE LAST
                VALUE   (LST)  VALUE       VALUE  FROM      YEAR
                                                  NORMAL
..................................................................
TEMPERATURE (F)
 YESTERDAY
  MAXIMUM         86    336 PM  MM      MM  83      3       91
  MINIMUM         47    506 AM  MM      MM  45      2       47
  AVERAGE         67                        64      3       69

PRECIPITATION (IN)
  YESTERDAY        0.00         MM      MM   0.03  -0.03      T
  MONTH TO DATE    0.78                      1.17  -0.39     0.27
  SINCE JUN 1      0.78                      1.17  -0.39     0.27
  SINCE JAN 1      7.04                      7.32  -0.28     8.13

SNOWFALL (IN)
  YESTERDAY       MM            MM      MM  MM     MM       MM
  MONTH TO DATE   MM                        MM     MM       MM
  SINCE JUN 1     MM                        MM     MM       MM
  SINCE JUL 1     MM                        MM     MM       MM
  SNOW DEPTH      MM

DEGREE DAYS
 HEATING
  YESTERDAY        0                         2     -2        0
  MONTH TO DATE   50                       140    -90       32
  SINCE JUN 1     50                       140    -90       32
  SINCE JUL 1   6765                      7973  -1208     7506

 COOLING
  YESTERDAY        2                         1      1        4
  MONTH TO DATE   44                        17     27       58
  SINCE JUN 1     44                        17     27       58
  SINCE JAN 1     44                        18     26       58
..................................................................


WIND (MPH)
  HIGHEST WIND SPEED    29   HIGHEST WIND DIRECTION    SW (240)
  HIGHEST GUST SPEED    44   HIGHEST GUST DIRECTION     W (250)
  AVERAGE WIND SPEED     7.2


SKY COVER
  POSSIBLE SUNSHINE  MM
  AVERAGE SKY COVER 0.0


WEATHER CONDITIONS
 THE FOLLOWING WEATHER WAS RECORDED YESTERDAY.
  NO SIGNIFICANT WEATHER WAS OBSERVED.


RELATIVE HUMIDITY (PERCENT)
 HIGHEST    65           400 AM
 LOWEST      8           500 PM
 AVERAGE    37

..........................................................


THE MEEKER CO CLIMATE NORMALS FOR TODAY
                         NORMAL    RECORD    YEAR
 MAXIMUM TEMPERATURE (F)   83        MM        MM
 MINIMUM TEMPERATURE (F)   45        MM        MM


SUNRISE AND SUNSET
JUNE 29 2017..........SUNRISE   545 AM MDT   SUNSET   845 PM MDT
JUNE 30 2017..........SUNRISE   546 AM MDT   SUNSET   844 PM MDT


-  INDICATES NEGATIVE NUMBERS.
R  INDICATES RECORD WAS SET OR TIED.
MM INDICATES DATA IS MISSING.
T  INDICATES TRACE AMOUNT.




$$
