000
CDUS45 KGJT 190755
CLIEEO


CLIMATE REPORT
NATIONAL WEATHER SERVICE GRAND JUNCTION CO
130 AM MDT FRI SEP 19 2014


...................................

...THE MEEKER CO CLIMATE SUMMARY FOR SEPTEMBER 18 2014...

CLIMATE NORMAL PERIOD 1981 TO 2010
CLIMATE RECORD PERIOD 9999 TO 9999


WEATHER ITEM   OBSERVED TIME   RECORD YEAR NORMAL DEPARTURE LAST
                VALUE   (LST)  VALUE       VALUE  FROM      YEAR
                                                  NORMAL
..................................................................
TEMPERATURE (F)
 YESTERDAY
  MAXIMUM         85    337 PM  MM      MM  73     12       77
  MINIMUM         41    549 AM  MM      MM  39      2       54
  AVERAGE         63                        56      7       66

PRECIPITATION (IN)
  YESTERDAY        0.00         MM      MM   0.06  -0.06     0.04
  MONTH TO DATE    1.29                      1.03   0.26     1.77
  SINCE SEP 1      1.29                      1.03   0.26     1.77
  SINCE JAN 1     13.02                     10.89   2.13    11.86

SNOWFALL (IN)
  YESTERDAY       MM            MM      MM  MM     MM       MM
  MONTH TO DATE   MM                        MM     MM       MM
  SINCE SEP 1     MM                        MM     MM       MM
  SINCE JUL 1     MM                        MM     MM       MM
  SNOW DEPTH      MM

DEGREE DAYS
 HEATING
  YESTERDAY        2                         9     -7        0
  MONTH TO DATE   92                       109    -17       33
  SINCE SEP 1     92                       109    -17       33
  SINCE JUL 1    149                       163    -14       52

 COOLING
  YESTERDAY        0                         0      0        1
  MONTH TO DATE    1                         0      1       41
  SINCE SEP 1      1                         0      1       41
  SINCE JAN 1    197                       168     29      324
..................................................................


WIND (MPH)
  HIGHEST WIND SPEED    15   HIGHEST WIND DIRECTION     W (270)
  HIGHEST GUST SPEED    18   HIGHEST GUST DIRECTION     W (270)
  AVERAGE WIND SPEED     4.1


SKY COVER
  POSSIBLE SUNSHINE  MM
  AVERAGE SKY COVER 0.0


WEATHER CONDITIONS
 THE FOLLOWING WEATHER WAS RECORDED YESTERDAY.
  NO SIGNIFICANT WEATHER WAS OBSERVED.


RELATIVE HUMIDITY (PERCENT)
 HIGHEST    76           400 AM
 LOWEST     15           300 PM
 AVERAGE    46

..........................................................


THE MEEKER CO CLIMATE NORMALS FOR TODAY
                         NORMAL    RECORD    YEAR
 MAXIMUM TEMPERATURE (F)   73        MM        MM
 MINIMUM TEMPERATURE (F)   38        MM        MM


SUNRISE AND SUNSET
SEPTEMBER 19 2014.....SUNRISE   656 AM MDT   SUNSET   713 PM MDT
SEPTEMBER 20 2014.....SUNRISE   657 AM MDT   SUNSET   712 PM MDT


-  INDICATES NEGATIVE NUMBERS.
R  INDICATES RECORD WAS SET OR TIED.
MM INDICATES DATA IS MISSING.
T  INDICATES TRACE AMOUNT.




$$
