000
CDUS45 KGJT 202331
CLIEEO


CLIMATE REPORT
NATIONAL WEATHER SERVICE GRAND JUNCTION CO
530 PM MDT WED AUG 20 2014


...................................

...THE MEEKER CO CLIMATE SUMMARY FOR AUGUST 20 2014...
VALID TODAY AS OF 0500 PM LOCAL TIME.

CLIMATE NORMAL PERIOD 1981 TO 2010
CLIMATE RECORD PERIOD 9999 TO 9999


WEATHER ITEM   OBSERVED TIME   RECORD YEAR NORMAL DEPARTURE LAST
                VALUE   (LST)  VALUE       VALUE  FROM      YEAR
                                                  NORMAL
..................................................................
TEMPERATURE (F)
 TODAY
  MAXIMUM         72   1255 PM  MM      MM  83    -11       86
  MINIMUM         56    455 AM  MM      MM  48      8       55
  AVERAGE         64                        66     -2       71

PRECIPITATION (IN)
  TODAY            0.08         MM      MM   0.04   0.04      T
  MONTH TO DATE    1.77                      0.80   0.97     0.59
  SINCE JUN 1      2.74                      3.19  -0.45     2.73
  SINCE JAN 1     10.17                      9.34   0.83     9.10

SNOWFALL (IN)
  TODAY           MM            MM      MM  MM     MM       MM
  MONTH TO DATE   MM                        MM     MM       MM
  SINCE JUN 1     MM                        MM     MM       MM
  SINCE JUL 1     MM                        MM     MM       MM
  SNOW DEPTH      MM

DEGREE DAYS
 HEATING
  TODAY            1                         1      0        0
  MONTH TO DATE    7                        13     -6       16
  SINCE JUN 1    149                       177    -28       92
  SINCE JUL 1     14                        33    -19       16

 COOLING
  TODAY            0                         2     -2        6
  MONTH TO DATE   39                        53    -14       42
  SINCE JUN 1    195                       155     40      243
  SINCE JAN 1    196                       156     40      243
..................................................................


WIND (MPH)
  HIGHEST WIND SPEED    21   HIGHEST WIND DIRECTION     W (280)
  HIGHEST GUST SPEED    26   HIGHEST GUST DIRECTION    NW (300)
  AVERAGE WIND SPEED     4.8


SKY COVER
  POSSIBLE SUNSHINE  MM
  AVERAGE SKY COVER 0.9


WEATHER CONDITIONS
 THE FOLLOWING WEATHER WAS RECORDED TODAY.
  THUNDERSTORM
  RAIN
  LIGHT RAIN


RELATIVE HUMIDITY (PERCENT)
 HIGHEST    93           200 AM
 LOWEST     44           400 PM
 AVERAGE    69

..........................................................


THE MEEKER CO CLIMATE NORMALS FOR TOMORROW
                         NORMAL    RECORD    YEAR
 MAXIMUM TEMPERATURE (F)   83        MM        MM
 MINIMUM TEMPERATURE (F)   48        MM        MM


SUNRISE AND SUNSET
AUGUST 20 2014........SUNRISE   628 AM MDT   SUNSET   801 PM MDT
AUGUST 21 2014........SUNRISE   629 AM MDT   SUNSET   800 PM MDT


-  INDICATES NEGATIVE NUMBERS.
R  INDICATES RECORD WAS SET OR TIED.
MM INDICATES DATA IS MISSING.
T  INDICATES TRACE AMOUNT.




$$
