000
CDUS45 KGJT 272328
CLIEEO


CLIMATE REPORT
NATIONAL WEATHER SERVICE GRAND JUNCTION CO
525 PM MDT MON JUL 27 2015


...................................

...THE MEEKER CO CLIMATE SUMMARY FOR JULY 27 2015...
VALID TODAY AS OF 0500 PM LOCAL TIME.

CLIMATE NORMAL PERIOD 1981 TO 2010
CLIMATE RECORD PERIOD 9999 TO 9999


WEATHER ITEM   OBSERVED TIME   RECORD YEAR NORMAL DEPARTURE LAST
                VALUE   (LST)  VALUE       VALUE  FROM      YEAR
                                                  NORMAL
..................................................................
TEMPERATURE (F)
 TODAY
  MAXIMUM         88    350 PM  MM      MM  87      1       88
  MINIMUM         51    519 AM  MM      MM  50      1       57
  AVERAGE         70                        68      2       73

PRECIPITATION (IN)
  TODAY            0.00         MM      MM   0.05  -0.05      T
  MONTH TO DATE    1.62                      0.97   0.65     0.21
  SINCE JUN 1      2.52                      2.21   0.31     0.71
  SINCE JAN 1     11.74                      8.36   3.38     8.14

SNOWFALL (IN)
  TODAY           MM            MM      MM  MM     MM       MM
  MONTH TO DATE   MM                        MM     MM       MM
  SINCE JUN 1     MM                        MM     MM       MM
  SINCE JUL 1     MM                        MM     MM       MM
  SNOW DEPTH      MM

DEGREE DAYS
 HEATING
  TODAY            0                         0      0        0
  MONTH TO DATE   21                        16      5        6
  SINCE JUN 1     72                       160    -88      141
  SINCE JUL 1     21                        16      5        6

 COOLING
  TODAY            5                         4      1        8
  MONTH TO DATE   59                        69    -10      141
  SINCE JUN 1    138                        86     52      146
  SINCE JAN 1    138                        87     51      147
..................................................................


WIND (MPH)
  HIGHEST WIND SPEED    35   HIGHEST WIND DIRECTION    SW (210)
  HIGHEST GUST SPEED    48   HIGHEST GUST DIRECTION    SW (240)
  AVERAGE WIND SPEED    10.4


SKY COVER
  POSSIBLE SUNSHINE  MM
  AVERAGE SKY COVER 0.2


WEATHER CONDITIONS
 THE FOLLOWING WEATHER WAS RECORDED TODAY.
  NO SIGNIFICANT WEATHER WAS OBSERVED.


RELATIVE HUMIDITY (PERCENT)
 HIGHEST    71           200 AM
 LOWEST      9           400 PM
 AVERAGE    40

..........................................................


THE MEEKER CO CLIMATE NORMALS FOR TOMORROW
                         NORMAL    RECORD    YEAR
 MAXIMUM TEMPERATURE (F)   87        MM        MM
 MINIMUM TEMPERATURE (F)   50        MM        MM


SUNRISE AND SUNSET
JULY 27 2015..........SUNRISE   605 AM MDT   SUNSET   830 PM MDT
JULY 28 2015..........SUNRISE   606 AM MDT   SUNSET   830 PM MDT


-  INDICATES NEGATIVE NUMBERS.
R  INDICATES RECORD WAS SET OR TIED.
MM INDICATES DATA IS MISSING.
T  INDICATES TRACE AMOUNT.




$$
