000
CDUS46 KEKA 171211
CLIEKA


CLIMATE REPORT
NATIONAL WEATHER SERVICE EUREKA CA
509 AM PDT WED SEP 17 2014


...................................

...THE EUREKA CA CLIMATE SUMMARY FOR SEPTEMBER 16 2014...

CLIMATE NORMAL PERIOD 1981 TO 2010
CLIMATE RECORD PERIOD 1886 TO 2014


WEATHER ITEM   OBSERVED RECORD YEAR NORMAL DEPARTURE LAST
                VALUE   VALUE       VALUE  FROM      YEAR
                                           NORMAL
...........................................................
TEMPERATURE (F)
 YESTERDAY
  MAXIMUM         69     75    2009  64      5       68
                               1927
  MINIMUM         50     44    1969  50      0       51
  AVERAGE         60                 57      3       60

PRECIPITATION (IN)
  YESTERDAY        0.00   1.09 1948   0.01  -0.01     0.00
  MONTH TO DATE    T                  0.25  -0.25     0.03
  SINCE JUL 1      0.04               0.74  -0.70     0.11
  SINCE JAN 1     16.03              24.02  -7.99    11.59

SNOWFALL (IN)
  YESTERDAY        0.0   MM      MM   0.0    0.0      0.0
  MONTH TO DATE    0.0                0.0    0.0      0.0
  SINCE SEP 1      0.0                0.0    0.0      0.0
  SINCE JUL 1      0.0                0.0    0.0      0.0
  SNOW DEPTH       0

DEGREE DAYS
 HEATING
  YESTERDAY        5                  8     -3        5
  MONTH TO DATE  117                118     -1       46
  SINCE SEP 1    117                118     -1       46
  SINCE JUL 1    480                544    -64      465

 COOLING
  YESTERDAY        0                  0      0        0
  MONTH TO DATE    0                  0      0        1
  SINCE SEP 1      0                  0      0        1
  SINCE JAN 1      1                  0      1        6
...........................................................


WIND (MPH)
  HIGHEST WIND SPEED     9   HIGHEST WIND DIRECTION     W (280)
  HIGHEST GUST SPEED    13   HIGHEST GUST DIRECTION    MM
  AVERAGE WIND SPEED     3.9


SKY COVER
  AVERAGE SKY COVER 0.5


WEATHER CONDITIONS
 THE FOLLOWING WEATHER WAS RECORDED YESTERDAY.
  NO SIGNIFICANT WEATHER WAS OBSERVED.


..........................................................


THE EUREKA CA CLIMATE NORMALS FOR TODAY
                         NORMAL    RECORD    YEAR
 MAXIMUM TEMPERATURE (F)   64        82      1897
 MINIMUM TEMPERATURE (F)   50        44      2003
                                             1965


SUNRISE AND SUNSET
SEPTEMBER 17 2014.....SUNRISE   659 AM PDT   SUNSET   722 PM PDT
SEPTEMBER 18 2014.....SUNRISE   700 AM PDT   SUNSET   720 PM PDT


-  INDICATES NEGATIVE NUMBERS.
R  INDICATES RECORD WAS SET OR TIED.
MM INDICATES DATA IS MISSING.
T  INDICATES TRACE AMOUNT.




&&

..........................................................

TOTAL SEASON     NORMAL   % OF NORMAL     LAST SEASON

     0.04          0.74        5             0.11
