000
CDUS46 KEKA 011212
CLIEKA


CLIMATE REPORT
NATIONAL WEATHER SERVICE EUREKA CA
410 AM PST SUN FEB 1 2015


...................................

...THE EUREKA CA CLIMATE SUMMARY FOR JANUARY 31 2015...

CLIMATE NORMAL PERIOD 1981 TO 2010
CLIMATE RECORD PERIOD 1886 TO 2015


WEATHER ITEM   OBSERVED RECORD YEAR NORMAL DEPARTURE LAST
                VALUE   VALUE       VALUE  FROM      YEAR
                                           NORMAL
...........................................................
TEMPERATURE (F)
 YESTERDAY
  MAXIMUM         64     68    1991  56      8       51
  MINIMUM         40     27    1923  41     -1       36
  AVERAGE         52                 49      3       44

PRECIPITATION (IN)
  YESTERDAY        0.00   1.74 1992   0.19  -0.19     0.00
  MONTH TO DATE    1.36               6.50  -5.14     1.35
  SINCE JUL 1     22.87              23.55  -0.68     6.47
  SINCE JAN 1      1.36               6.50  -5.14     1.35

SNOWFALL (IN)
  YESTERDAY        0.0    0.0  2002   0.0    0.0      0.0
  MONTH TO DATE    0.0                T      0.0      0.0
  SINCE DEC 1      0.0                T      0.0       T
  SINCE JUL 1      0.0                T      0.0       T
  SNOW DEPTH       0

DEGREE DAYS
 HEATING
  YESTERDAY       13                 16     -3       21
  MONTH TO DATE  424                517    -93      531
  SINCE DEC 1    795               1049   -254     1223
  SINCE JUL 1   1815               2471   -656     2674

 COOLING
  YESTERDAY        0                  0      0        0
  MONTH TO DATE    0                  0      0        0
  SINCE DEC 1      0                  0      0        0
  SINCE JAN 1      0                  0      0        0
...........................................................


WIND (MPH)
  HIGHEST WIND SPEED     8   HIGHEST WIND DIRECTION     W (280)
  HIGHEST GUST SPEED    10   HIGHEST GUST DIRECTION    MM
  AVERAGE WIND SPEED     2.5


SKY COVER
  AVERAGE SKY COVER 0.4


WEATHER CONDITIONS
 THE FOLLOWING WEATHER WAS RECORDED YESTERDAY.
  FOG W/VISIBILITY <= 1/4 MILE


..........................................................


THE EUREKA CA CLIMATE NORMALS FOR TODAY
                         NORMAL    RECORD    YEAR
 MAXIMUM TEMPERATURE (F)   56        71      1958
 MINIMUM TEMPERATURE (F)   41        27      1950


SUNRISE AND SUNSET
FEBRUARY  1 2015......SUNRISE   727 AM PST   SUNSET   534 PM PST
FEBRUARY  2 2015......SUNRISE   726 AM PST   SUNSET   535 PM PST


-  INDICATES NEGATIVE NUMBERS.
R  INDICATES RECORD WAS SET OR TIED.
MM INDICATES DATA IS MISSING.
T  INDICATES TRACE AMOUNT.




&&

..........................................................

TOTAL SEASON     NORMAL   % OF NORMAL     LAST SEASON

    22.87         23.55        97             6.47


$$
