000
CDUS46 KEKA 050015
CLIEKA


CLIMATE REPORT
NATIONAL WEATHER SERVICE EUREKA CA
512 PM PDT TUE AUG 4 2015


...................................

...THE EUREKA CA CLIMATE SUMMARY FOR AUGUST 4 2015...
VALID TODAY AS OF 0500 PM LOCAL TIME.

CLIMATE NORMAL PERIOD 1981 TO 2010
CLIMATE RECORD PERIOD 1886 TO 2015


WEATHER ITEM   OBSERVED RECORD YEAR NORMAL DEPARTURE LAST
                VALUE   VALUE       VALUE  FROM      YEAR
                                           NORMAL
...........................................................
TEMPERATURE (F)
 TODAY
  MAXIMUM         65     70    1983  64      1       61
  MINIMUM         58     48    1952  53      5       55
                               1950
                               1921
  AVERAGE         62                 58      4       58

PRECIPITATION (IN)
  TODAY            0.00   0.07 1999   0.01  -0.01      T
  MONTH TO DATE    0.01               0.02  -0.01      T
  SINCE OCT 1     30.83              39.45  -8.62    17.91
  SINCE JAN 1     12.45              23.48 -11.03    16.01

SNOWFALL (IN)
  TODAY            0.0    0.0  2002   0.0    0.0      0.0
                               2001
  MONTH TO DATE    0.0                0.0    0.0      0.0
  SINCE JUN 1      0.0                0.0    0.0      0.0
  SINCE JUL 1      0.0                0.0    0.0      0.0
  SNOW DEPTH      MM

...........................................................


WIND (MPH)
  HIGHEST WIND SPEED    10   HIGHEST WIND DIRECTION     W (280)
  HIGHEST GUST SPEED    11   HIGHEST GUST DIRECTION    MM
  AVERAGE WIND SPEED     2.3


SKY COVER
  AVERAGE SKY COVER 1.0


WEATHER CONDITIONS
 THE FOLLOWING WEATHER WAS RECORDED TODAY.
  NO SIGNIFICANT WEATHER WAS OBSERVED.


..........................................................


THE EUREKA CA CLIMATE NORMALS FOR TOMORROW
                         NORMAL    RECORD    YEAR
 MAXIMUM TEMPERATURE (F)   64        71      2001
                                             1934
 MINIMUM TEMPERATURE (F)   53        47      2002
                                             1955
                                             1909


SUNRISE AND SUNSET
AUGUST  4 2015........SUNRISE   616 AM PDT   SUNSET   829 PM PDT
AUGUST  5 2015........SUNRISE   617 AM PDT   SUNSET   828 PM PDT


-  INDICATES NEGATIVE NUMBERS.
R  INDICATES RECORD WAS SET OR TIED.
MM INDICATES DATA IS MISSING.
T  INDICATES TRACE AMOUNT.




&&

..........................................................

TOTAL SEASON     NORMAL   % OF NORMAL     LAST SEASON

    30.83         39.45        78            17.91


$$
