000
CDUS46 KEKA 250010
CLIEKA


CLIMATE REPORT
NATIONAL WEATHER SERVICE EUREKA CA
510 PM PDT WED MAY 24 2017


...................................

...THE EUREKA CA CLIMATE SUMMARY FOR MAY 24 2017...
VALID TODAY AS OF 0500 PM LOCAL TIME.

CLIMATE NORMAL PERIOD 1981 TO 2010
CLIMATE RECORD PERIOD 1886 TO 2017


WEATHER ITEM   OBSERVED RECORD YEAR NORMAL DEPARTURE LAST
                VALUE   VALUE       VALUE  FROM      YEAR
                                           NORMAL
...........................................................
TEMPERATURE (F)
 TODAY
  MAXIMUM         59     78    1890  61     -2       62
  MINIMUM         51     42    1922  48      3       53
                               1920
                               1918
  AVERAGE         55                 55      0       58

PRECIPITATION (IN)
  TODAY            T      1.04 1942   0.05  -0.05      T
  MONTH TO DATE    1.29               1.45  -0.16     0.76
  SINCE OCT 1     62.10              38.17  23.93    47.47
  SINCE JAN 1     36.33              22.20  14.13    26.75

SNOWFALL (IN)
  TODAY            0.0    0.0  2002   0.0    0.0      0.0
                               2001
  MONTH TO DATE    0.0                0.0    0.0      0.0
  SINCE MAR 1      T                  T      0.0      0.0
  SINCE JUL 1      T                  0.2   -0.2       T
  SNOW DEPTH      MM

...........................................................


WIND (MPH)
  HIGHEST WIND SPEED    14   HIGHEST WIND DIRECTION     N (350)
  HIGHEST GUST SPEED    22   HIGHEST GUST DIRECTION     N (350)
  AVERAGE WIND SPEED     7.2


SKY COVER
  AVERAGE SKY COVER 0.9


WEATHER CONDITIONS
 THE FOLLOWING WEATHER WAS RECORDED TODAY.
  LIGHT RAIN
  FOG


..........................................................


THE EUREKA CA CLIMATE NORMALS FOR TOMORROW
                         NORMAL    RECORD    YEAR
 MAXIMUM TEMPERATURE (F)   61        72      1986
 MINIMUM TEMPERATURE (F)   49        38      1920


SUNRISE AND SUNSET
MAY 24 2017...........SUNRISE   552 AM PDT   SUNSET   836 PM PDT
MAY 25 2017...........SUNRISE   551 AM PDT   SUNSET   837 PM PDT


-  INDICATES NEGATIVE NUMBERS.
R  INDICATES RECORD WAS SET OR TIED.
MM INDICATES DATA IS MISSING.
T  INDICATES TRACE AMOUNT.




&&

..........................................................

TOTAL SEASON     NORMAL   % OF NORMAL     LAST SEASON

    62.10         38.17        163            47.47


$$
