000
CDUS46 KEKA 281211
CLIEKA


CLIMATE REPORT
NATIONAL WEATHER SERVICE EUREKA CA
410 AM PST FRI NOV 28 2014


...................................

...THE EUREKA CA CLIMATE SUMMARY FOR NOVEMBER 27 2014...

CLIMATE NORMAL PERIOD 1981 TO 2010
CLIMATE RECORD PERIOD 1886 TO 2014


WEATHER ITEM   OBSERVED RECORD YEAR NORMAL DEPARTURE LAST
                VALUE   VALUE       VALUE  FROM      YEAR
                                           NORMAL
...........................................................
TEMPERATURE (F)
 YESTERDAY
  MAXIMUM         64     72    2002  56      8       56
  MINIMUM         49     27    1896  42      7       37
  AVERAGE         57                 49      8       47

PRECIPITATION (IN)
  YESTERDAY        0.00   3.70 1893   0.23  -0.23     0.00
  MONTH TO DATE    2.77               4.90  -2.13     1.29
  SINCE JUL 1     10.64               8.22   2.42     4.56
  SINCE JAN 1     26.63              31.50  -4.87    16.04

SNOWFALL (IN)
  YESTERDAY        0.0    0.0  2002   0.0    0.0      0.0
                               2001
  MONTH TO DATE    0.0                0.0    0.0      0.0
  SINCE SEP 1      0.0                0.0    0.0      0.0
  SINCE JUL 1      0.0                0.0    0.0      0.0
  SNOW DEPTH       0

DEGREE DAYS
 HEATING
  YESTERDAY        8                 16     -8       18
  MONTH TO DATE  282                379    -97      410
  SINCE SEP 1    621                947   -326      982
  SINCE JUL 1    984               1373   -389     1401

 COOLING
  YESTERDAY        0                  0      0        0
  MONTH TO DATE    0                  0      0        0
  SINCE SEP 1      3                  0      3        1
  SINCE JAN 1      4                  0      4        6
...........................................................


WIND (MPH)
  HIGHEST WIND SPEED    10   HIGHEST WIND DIRECTION    SW (210)
  HIGHEST GUST SPEED    22   HIGHEST GUST DIRECTION    SW (220)
  AVERAGE WIND SPEED     2.2


SKY COVER
  AVERAGE SKY COVER 1.0


WEATHER CONDITIONS
 THE FOLLOWING WEATHER WAS RECORDED YESTERDAY.
  NO SIGNIFICANT WEATHER WAS OBSERVED.


..........................................................


THE EUREKA CA CLIMATE NORMALS FOR TODAY
                         NORMAL    RECORD    YEAR
 MAXIMUM TEMPERATURE (F)   56        70      1901
 MINIMUM TEMPERATURE (F)   42        30      2004
                                             1896


SUNRISE AND SUNSET
NOVEMBER 28 2014......SUNRISE   719 AM PST   SUNSET   451 PM PST
NOVEMBER 29 2014......SUNRISE   720 AM PST   SUNSET   450 PM PST


-  INDICATES NEGATIVE NUMBERS.
R  INDICATES RECORD WAS SET OR TIED.
MM INDICATES DATA IS MISSING.
T  INDICATES TRACE AMOUNT.




&&

..........................................................

TOTAL SEASON     NORMAL   % OF NORMAL     LAST SEASON

    10.64          8.22        129             4.56


$$
