000
CDUS46 KEKA 031213
CLIEKA


CLIMATE REPORT
NATIONAL WEATHER SERVICE EUREKA CA
512 AM PDT THU SEP 3 2015


...................................

...THE EUREKA CA CLIMATE SUMMARY FOR SEPTEMBER 2 2015...

CLIMATE NORMAL PERIOD 1981 TO 2010
CLIMATE RECORD PERIOD 1886 TO 2015


WEATHER ITEM   OBSERVED RECORD YEAR NORMAL DEPARTURE LAST
                VALUE   VALUE       VALUE  FROM      YEAR
                                           NORMAL
...........................................................
TEMPERATURE (F)
 YESTERDAY
  MAXIMUM         70     75    1979  64      6       65
  MINIMUM         55     46    2008  52      3       54
                               1999
                               1913
  AVERAGE         63                 58      5       60

PRECIPITATION (IN)
  YESTERDAY        0.00   0.39 1912   0.02  -0.02     0.00
  MONTH TO DATE    0.00               0.03  -0.03     0.00
  SINCE OCT 1     31.23              39.77  -8.54    17.93
  SINCE JAN 1     12.85              23.80 -10.95    16.03

SNOWFALL (IN)
  YESTERDAY        0.0    0.0  2002   0.0    0.0      0.0
                               2001
  MONTH TO DATE    0.0                0.0    0.0      0.0
  SINCE SEP 1      0.0                0.0    0.0      0.0
  SINCE JUL 1      0.0                0.0    0.0      0.0
  SNOW DEPTH       0

DEGREE DAYS
 HEATING
  YESTERDAY        2                  7     -5        5
  MONTH TO DATE    4                 14    -10        9
  SINCE SEP 1      4                 14    -10        9
  SINCE JUL 1    227                440   -213      372

 COOLING
  YESTERDAY        0                  0      0        0
  MONTH TO DATE    0                  0      0        0
  SINCE SEP 1      0                  0      0        0
  SINCE JAN 1      5                  0      5        1
...........................................................


WIND (MPH)
  HIGHEST WIND SPEED    12   HIGHEST WIND DIRECTION    NW (300)
  HIGHEST GUST SPEED    14   HIGHEST GUST DIRECTION    NE (30)
  AVERAGE WIND SPEED     3.6


SKY COVER
  AVERAGE SKY COVER 0.6


WEATHER CONDITIONS
 THE FOLLOWING WEATHER WAS RECORDED YESTERDAY.
  NO SIGNIFICANT WEATHER WAS OBSERVED.


..........................................................


THE EUREKA CA CLIMATE NORMALS FOR TODAY
                         NORMAL    RECORD    YEAR
 MAXIMUM TEMPERATURE (F)   64        74      2003
 MINIMUM TEMPERATURE (F)   52        45      2012


SUNRISE AND SUNSET
SEPTEMBER  3 2015.....SUNRISE   645 AM PDT   SUNSET   746 PM PDT
SEPTEMBER  4 2015.....SUNRISE   646 AM PDT   SUNSET   744 PM PDT


-  INDICATES NEGATIVE NUMBERS.
R  INDICATES RECORD WAS SET OR TIED.
MM INDICATES DATA IS MISSING.
T  INDICATES TRACE AMOUNT.




&&

..........................................................

TOTAL SEASON     NORMAL   % OF NORMAL     LAST SEASON

    31.23         39.77        79            17.93


$$
