000
CDUS46 KEKA 061212
CLIEKA


CLIMATE REPORT
NATIONAL WEATHER SERVICE EUREKA CA
412 AM PST TUE DEC 6 2016


...................................

...THE EUREKA CA CLIMATE SUMMARY FOR DECEMBER 5 2016...

CLIMATE NORMAL PERIOD 1981 TO 2010
CLIMATE RECORD PERIOD 1886 TO 2016


WEATHER ITEM   OBSERVED RECORD YEAR NORMAL DEPARTURE LAST
                VALUE   VALUE       VALUE  FROM      YEAR
                                           NORMAL
...........................................................
TEMPERATURE (F)
 YESTERDAY
  MAXIMUM         52     67    2014  55     -3       60
                               1997
                               1934
  MINIMUM         34     26    2013  41     -7       47
  AVERAGE         43                 48     -5       54

PRECIPITATION (IN)
  YESTERDAY        0.03   1.62 1922   0.26  -0.23     0.14
  MONTH TO DATE    0.09               1.30  -1.21     1.86
  SINCE OCT 1     17.99               9.15   8.84     7.92
  SINCE JAN 1     45.35              33.51  11.84    21.04

SNOWFALL (IN)
  YESTERDAY       MM     MM      MM   0.0   MM       MM
  MONTH TO DATE    0.0                0.0    0.0      0.0
  SINCE DEC 1      0.0                0.0    0.0      0.0
  SINCE JUL 1      T                  0.0    0.0       T
  SNOW DEPTH       0

DEGREE DAYS
 HEATING
  YESTERDAY       22                 17      5       11
  MONTH TO DATE   99                 84     15       52
  SINCE DEC 1     99                 84     15       52
  SINCE JUL 1   1333               1506   -173     1134

 COOLING
  YESTERDAY        0                  0      0        0
  MONTH TO DATE    0                  0      0        0
  SINCE DEC 1      0                  0      0        0
  SINCE JAN 1      0                  0      0        6
...........................................................


WIND (MPH)
  HIGHEST WIND SPEED    12   HIGHEST WIND DIRECTION     N (360)
  HIGHEST GUST SPEED    13   HIGHEST GUST DIRECTION    MM
  AVERAGE WIND SPEED     2.9


SKY COVER
  AVERAGE SKY COVER 0.5


WEATHER CONDITIONS
 THE FOLLOWING WEATHER WAS RECORDED YESTERDAY.
  LIGHT RAIN


..........................................................


THE EUREKA CA CLIMATE NORMALS FOR TODAY
                         NORMAL    RECORD    YEAR
 MAXIMUM TEMPERATURE (F)   55        66      1934
 MINIMUM TEMPERATURE (F)   41        29      2013


SUNRISE AND SUNSET
DECEMBER  6 2016......SUNRISE   727 AM PST   SUNSET   449 PM PST
DECEMBER  7 2016......SUNRISE   728 AM PST   SUNSET   449 PM PST


-  INDICATES NEGATIVE NUMBERS.
R  INDICATES RECORD WAS SET OR TIED.
MM INDICATES DATA IS MISSING.
T  INDICATES TRACE AMOUNT.




&&

..........................................................

TOTAL SEASON     NORMAL   % OF NORMAL     LAST SEASON

    17.99          9.15        197             7.92


$$
