941
CDUS46 KEKA 011218
CLIEKA


CLIMATE REPORT
NATIONAL WEATHER SERVICE EUREKA CA
518 AM PDT SUN MAY 1 2016


...................................

...THE EUREKA CA CLIMATE SUMMARY FOR APRIL 30 2016...

CLIMATE NORMAL PERIOD 1981 TO 2010
CLIMATE RECORD PERIOD 1886 TO 2016


WEATHER ITEM   OBSERVED RECORD YEAR NORMAL DEPARTURE LAST
                VALUE   VALUE       VALUE  FROM      YEAR
                                           NORMAL
...........................................................
TEMPERATURE (F)
 YESTERDAY
  MAXIMUM         57     80    2014  59     -2       62
  MINIMUM         47     37    1972  46      1       41
                               1946
  AVERAGE         52                 52      0       52

PRECIPITATION (IN)
  YESTERDAY        0.00   0.86 1912   0.08  -0.08     0.00
  MONTH TO DATE    2.84               3.32  -0.48     2.57
  SINCE OCT 1     46.71              36.72   9.99    30.56
  SINCE JAN 1     25.99              20.75   5.24    12.18

SNOWFALL (IN)
  YESTERDAY        0.0   MM      MM   0.0    0.0      0.0
  MONTH TO DATE    0.0                T      0.0       T
  SINCE MAR 1      0.0                T      0.0       T
  SINCE JUL 1      T                  0.2   -0.2       T
  SNOW DEPTH       0

DEGREE DAYS
 HEATING
  YESTERDAY       13                 13      0       13
  MONTH TO DATE  308                424   -116      425
  SINCE MAR 1    699                899   -200      820
  SINCE JUL 1   3109               3821   -712     2975

 COOLING
  YESTERDAY        0                  0      0        0
  MONTH TO DATE    0                  0      0        0
  SINCE MAR 1      0                  0      0        0
  SINCE JAN 1      0                  0      0        0
...........................................................


WIND (MPH)
  HIGHEST WIND SPEED    18   HIGHEST WIND DIRECTION     N (360)
  HIGHEST GUST SPEED    33   HIGHEST GUST DIRECTION     N (20)
  AVERAGE WIND SPEED     9.7


SKY COVER
  AVERAGE SKY COVER 0.0


WEATHER CONDITIONS
 THE FOLLOWING WEATHER WAS RECORDED YESTERDAY.
  NO SIGNIFICANT WEATHER WAS OBSERVED.


..........................................................


THE EUREKA CA CLIMATE NORMALS FOR TODAY
                         NORMAL    RECORD    YEAR
 MAXIMUM TEMPERATURE (F)   59        79      1940
 MINIMUM TEMPERATURE (F)   46        35      1887


SUNRISE AND SUNSET
MAY  1 2016...........SUNRISE   614 AM PDT   SUNSET   814 PM PDT
MAY  2 2016...........SUNRISE   613 AM PDT   SUNSET   815 PM PDT


-  INDICATES NEGATIVE NUMBERS.
R  INDICATES RECORD WAS SET OR TIED.
MM INDICATES DATA IS MISSING.
T  INDICATES TRACE AMOUNT.




&&

..........................................................

TOTAL SEASON     NORMAL   % OF NORMAL     LAST SEASON

    46.71         36.72        127            30.56


$$
