000
CDUS41 KRLX 310719
CLIEKN


CLIMATE REPORT
NATIONAL WEATHER SERVICE CHARLESTON WV
317 AM EDT MON AUG 31 2015


...................................

...THE ELKINS WV CLIMATE SUMMARY FOR AUGUST 30 2015...

CLIMATE NORMAL PERIOD 1981 TO 2010
CLIMATE RECORD PERIOD 1899 TO 2015


WEATHER ITEM   OBSERVED TIME   RECORD YEAR NORMAL DEPARTURE LAST
                VALUE   (LST)  VALUE       VALUE  FROM      YEAR
                                                  NORMAL
..................................................................
TEMPERATURE (F)
 YESTERDAY
  MAXIMUM         84    221 PM  93    1993  79      5       87
  MINIMUM         53    449 AM  37    1965  56     -3       61
  AVERAGE         69                        67      2       74

PRECIPITATION (IN)
  YESTERDAY        0.00          1.48 1911   0.11  -0.11     0.00
  MONTH TO DATE    2.10                      3.73  -1.63     2.71
  SINCE JAN 1     37.45                     32.70   4.75    27.85

SNOWFALL (IN)
  YESTERDAY        0.0
  MONTH TO DATE    0.0
  SINCE SEP 1     70.3
  SNOW DEPTH       0

DEGREE DAYS
 HEATING
  YESTERDAY        0                         1     -1        0
  MONTH TO DATE   11                        15     -4       18
  SINCE JUN 1     32                        82    -50       65
  SINCE JUL 1     11                        27    -16       51

 COOLING
  YESTERDAY        4                         3      1        9
  MONTH TO DATE  114                       139    -25      107
  SINCE JUN 1    468                       397     71      395
  SINCE JAN 1    533                       420    113      431
..................................................................


WIND (MPH)
  HIGHEST WIND SPEED    10   HIGHEST WIND DIRECTION     W (290)
  HIGHEST GUST SPEED    13   HIGHEST GUST DIRECTION    NW (300)
  AVERAGE WIND SPEED     1.3


SKY COVER
  POSSIBLE SUNSHINE  MM
  AVERAGE SKY COVER 0.2


WEATHER CONDITIONS
 THE FOLLOWING WEATHER WAS RECORDED YESTERDAY.
  FOG


RELATIVE HUMIDITY (PERCENT)
 HIGHEST    93          1200 AM
 LOWEST     46           200 PM
 AVERAGE    70

..........................................................


THE ELKINS WV CLIMATE NORMALS FOR TODAY
                         NORMAL    RECORD    YEAR
 MAXIMUM TEMPERATURE (F)   79        93      1993
 MINIMUM TEMPERATURE (F)   56        39      1999
                                             1976


SUNRISE AND SUNSET
AUGUST 31 2015........SUNRISE   647 AM EDT   SUNSET   752 PM EDT
SEPTEMBER  1 2015.....SUNRISE   648 AM EDT   SUNSET   750 PM EDT


-  INDICATES NEGATIVE NUMBERS.
R  INDICATES RECORD WAS SET OR TIED.
MM INDICATES DATA IS MISSING.
T  INDICATES TRACE AMOUNT.




$$
