000
CDUS41 KRLX 252118
CLIEKN


CLIMATE REPORT
NATIONAL WEATHER SERVICE CHARLESTON WV
518 PM EDT TUE JUL 25 2017


...................................

...THE ELKINS WV CLIMATE SUMMARY FOR JULY 25 2017...
VALID TODAY AS OF 0500 PM LOCAL TIME.

CLIMATE NORMAL PERIOD 1981 TO 2010
CLIMATE RECORD PERIOD 1899 TO 2017


WEATHER ITEM   OBSERVED TIME   RECORD YEAR NORMAL DEPARTURE LAST
                VALUE   (LST)  VALUE       VALUE  FROM      YEAR
                                                  NORMAL
..................................................................
TEMPERATURE (F)
 TODAY
  MAXIMUM         75    250 PM  94    1934  81     -6       92
  MINIMUM         57    607 AM  46    1947  59     -2       68
  AVERAGE         66                        70     -4       80

PRECIPITATION (IN)
  TODAY            0.00          1.62 1959   0.16  -0.16      T
  MONTH TO DATE    3.70                      4.39  -0.69     3.28
  SINCE JUN 1      7.40                      8.79  -1.39     8.34
  SINCE JAN 1     28.10                     28.00   0.10    25.78

DEGREE DAYS
 HEATING
  TODAY            0                         0      0        0
  MONTH TO DATE    0                         8     -8        0
  SINCE JUN 1     58                        63     -5       28
  SINCE JUL 1      0                         8     -8        0

 COOLING
  TODAY            1                         5     -4       15
  MONTH TO DATE  181                       127     54      190
  SINCE JUN 1    287                       219     68      311
  SINCE JAN 1    331                       242     89      340
..................................................................


WIND (MPH)
  HIGHEST WIND SPEED    12   HIGHEST WIND DIRECTION     N (360)
  HIGHEST GUST SPEED    14   HIGHEST GUST DIRECTION    NW (300)
  AVERAGE WIND SPEED     4.3


SKY COVER
  POSSIBLE SUNSHINE  MM
  AVERAGE SKY COVER 0.7


WEATHER CONDITIONS
 THE FOLLOWING WEATHER WAS RECORDED TODAY.
  NO SIGNIFICANT WEATHER WAS OBSERVED.


RELATIVE HUMIDITY (PERCENT)
 HIGHEST    86           600 AM
 LOWEST     53          1200 PM
 AVERAGE    70

..........................................................


THE ELKINS WV CLIMATE NORMALS FOR TOMORROW
                         NORMAL    RECORD    YEAR
 MAXIMUM TEMPERATURE (F)   81        96      1934
 MINIMUM TEMPERATURE (F)   59        43      1920


SUNRISE AND SUNSET
JULY 25 2017..........SUNRISE   615 AM EDT   SUNSET   837 PM EDT
JULY 26 2017..........SUNRISE   615 AM EDT   SUNSET   836 PM EDT


-  INDICATES NEGATIVE NUMBERS.
R  INDICATES RECORD WAS SET OR TIED.
MM INDICATES DATA IS MISSING.
T  INDICATES TRACE AMOUNT.




$$
