000
CDUS41 KRLX 112120
CLIEKN


CLIMATE REPORT
NATIONAL WEATHER SERVICE CHARLESTON WV
520 PM EDT FRI JUL 11 2014


...................................

...THE ELKINS WV CLIMATE SUMMARY FOR JULY 11 2014...
VALID TODAY AS OF 0500 PM LOCAL TIME.

CLIMATE NORMAL PERIOD 1981 TO 2010
CLIMATE RECORD PERIOD 1899 TO 2014


WEATHER ITEM   OBSERVED TIME   RECORD YEAR NORMAL DEPARTURE LAST
                VALUE   (LST)  VALUE       VALUE  FROM      YEAR
                                                  NORMAL
..................................................................
TEMPERATURE (F)
 TODAY
  MAXIMUM         84    324 PM  91    1993  81      3       77
  MINIMUM         57    203 AM  44    1963  59     -2       63
                                      1961
                                      1953
  AVERAGE         71                        70      1       70

PRECIPITATION (IN)
  TODAY            0.00          0.90 1969   0.18  -0.18     0.16
  MONTH TO DATE    0.83                      1.95  -1.12     1.73
  SINCE JUN 1      5.35                      6.35  -1.00     5.90
  SINCE JAN 1     20.69                     25.56  -4.87    22.29

DEGREE DAYS
 HEATING
  TODAY            0                         0      0        0
  MONTH TO DATE    6                         8     -2        0
  SINCE JUN 1     20                        63    -43       12
  SINCE JUL 1      6                         8     -2        0

 COOLING
  TODAY            6                         5      1        5
  MONTH TO DATE   61                        55      6       91
  SINCE JUN 1    206                       147     59      188
  SINCE JAN 1    242                       170     72      213
..................................................................


WIND (MPH)
  HIGHEST WIND SPEED    12   HIGHEST WIND DIRECTION    NW (300)
  HIGHEST GUST SPEED    15   HIGHEST GUST DIRECTION    NW (320)
  AVERAGE WIND SPEED     1.9


SKY COVER
  POSSIBLE SUNSHINE  MM
  AVERAGE SKY COVER 0.4


WEATHER CONDITIONS
 THE FOLLOWING WEATHER WAS RECORDED TODAY.
  FOG
  FOG W/VISIBILITY <= 1/4 MILE
  HAZE


RELATIVE HUMIDITY (PERCENT)
 HIGHEST   100           300 AM
 LOWEST     36          1200 PM
 AVERAGE    68

..........................................................


THE ELKINS WV CLIMATE NORMALS FOR TOMORROW
                         NORMAL    RECORD    YEAR
 MAXIMUM TEMPERATURE (F)   81        92      1914
 MINIMUM TEMPERATURE (F)   59        42      1945


SUNRISE AND SUNSET
JULY 11 2014..........SUNRISE   604 AM EDT   SUNSET   846 PM EDT
JULY 12 2014..........SUNRISE   604 AM EDT   SUNSET   845 PM EDT


-  INDICATES NEGATIVE NUMBERS.
R  INDICATES RECORD WAS SET OR TIED.
MM INDICATES DATA IS MISSING.
T  INDICATES TRACE AMOUNT.




$$
