000
CDUS41 KRLX 252116
CLIEKN


CLIMATE REPORT
NATIONAL WEATHER SERVICE CHARLESTON WV
516 PM EDT MON SEP 25 2017


...................................

...THE ELKINS WV CLIMATE SUMMARY FOR SEPTEMBER 25 2017...
VALID TODAY AS OF 0500 PM LOCAL TIME.

CLIMATE NORMAL PERIOD 1981 TO 2010
CLIMATE RECORD PERIOD 1899 TO 2017


WEATHER ITEM   OBSERVED TIME   RECORD YEAR NORMAL DEPARTURE LAST
                VALUE   (LST)  VALUE       VALUE  FROM      YEAR
                                                  NORMAL
..................................................................
TEMPERATURE (F)
 TODAY
  MAXIMUM         83    300 PM  90    1908  70     13       83
  MINIMUM         54    649 AM  27    1963  47      7       50
  AVERAGE         69                        59     10       67

PRECIPITATION (IN)
  TODAY            0.00          2.04 2000   0.12  -0.12     0.00
  MONTH TO DATE    1.04                      3.06  -2.02     0.37
  SINCE SEP 1      1.04                      3.06  -2.02     0.37
  SINCE JAN 1     35.48                     35.87  -0.39    30.37

DEGREE DAYS
 HEATING
  TODAY            0                         7     -7        0
  MONTH TO DATE   72                        90    -18        5
  SINCE SEP 1     72                        90    -18        5
  SINCE JUL 1     94                       120    -26        5

 COOLING
  TODAY            4                         1      3        2
  MONTH TO DATE   46                        43      3      112
  SINCE SEP 1     46                        43      3      112
  SINCE JAN 1    508                       469     39      801
..................................................................


WIND (MPH)
  HIGHEST WIND SPEED     9   HIGHEST WIND DIRECTION    NW (300)
  HIGHEST GUST SPEED    14   HIGHEST GUST DIRECTION    NW (330)
  AVERAGE WIND SPEED     1.7


SKY COVER
  POSSIBLE SUNSHINE  MM
  AVERAGE SKY COVER 0.4


WEATHER CONDITIONS
 THE FOLLOWING WEATHER WAS RECORDED TODAY.
  FOG
  FOG W/VISIBILITY <= 1/4 MILE


RELATIVE HUMIDITY (PERCENT)
 HIGHEST   100           600 AM
 LOWEST     47           300 PM
 AVERAGE    74

..........................................................


THE ELKINS WV CLIMATE NORMALS FOR TOMORROW
                         NORMAL    RECORD    YEAR
 MAXIMUM TEMPERATURE (F)   70        87      1930
                                             1908
 MINIMUM TEMPERATURE (F)   47        30      1950


SUNRISE AND SUNSET
SEPTEMBER 25 2017.....SUNRISE   710 AM EDT   SUNSET   711 PM EDT
SEPTEMBER 26 2017.....SUNRISE   711 AM EDT   SUNSET   710 PM EDT


-  INDICATES NEGATIVE NUMBERS.
R  INDICATES RECORD WAS SET OR TIED.
MM INDICATES DATA IS MISSING.
T  INDICATES TRACE AMOUNT.




$$
