147
CDUS41 KRLX 192257
CLIEKN


CLIMATE REPORT
NATIONAL WEATHER SERVICE CHARLESTON WV
557 PM EST SUN FEB 19 2017


...................................

...THE ELKINS WV CLIMATE SUMMARY FOR FEBRUARY 19 2017...
VALID TODAY AS OF 0500 PM LOCAL TIME.

CLIMATE NORMAL PERIOD 1981 TO 2010
CLIMATE RECORD PERIOD 1899 TO 2017


WEATHER ITEM   OBSERVED TIME   RECORD YEAR NORMAL DEPARTURE LAST
                VALUE   (LST)  VALUE       VALUE  FROM      YEAR
                                                  NORMAL
..................................................................
TEMPERATURE (F)
 TODAY
  MAXIMUM         50    359 PM  73    1939  44      6       55
  MINIMUM         45    902 AM  -5    1978  22     23       19
                                      1903
  AVERAGE         48                        33     15       37

PRECIPITATION (IN)
  TODAY            0.06          1.08 1924   0.11  -0.05     0.00
  MONTH TO DATE    1.52                      2.06  -0.54     1.50
  SINCE DEC 1     11.51                      8.55   2.96     8.57
  SINCE JAN 1      6.61                      5.29   1.32     3.87

DEGREE DAYS
 HEATING
  TODAY           17                        32    -15       28
  MONTH TO DATE  520                       641   -121      687
  SINCE DEC 1   2300                      2758   -458     2514
  SINCE JUL 1   3245                      4042   -797     3517

 COOLING
  TODAY            0                         0      0        0
  MONTH TO DATE    0                         0      0        0
  SINCE DEC 1      0                         0      0        0
  SINCE JAN 1      0                         0      0        0
..................................................................


WIND (MPH)
  HIGHEST WIND SPEED    10   HIGHEST WIND DIRECTION     W (250)
  HIGHEST GUST SPEED    14   HIGHEST GUST DIRECTION    NW (300)
  AVERAGE WIND SPEED     3.9


SKY COVER
  POSSIBLE SUNSHINE  MM
  AVERAGE SKY COVER 1.0


WEATHER CONDITIONS
 THE FOLLOWING WEATHER WAS RECORDED TODAY.
  LIGHT RAIN
  FOG


RELATIVE HUMIDITY (PERCENT)
 HIGHEST    92           200 AM
 LOWEST     71           500 PM
 AVERAGE    82

..........................................................


THE ELKINS WV CLIMATE NORMALS FOR TOMORROW
                         NORMAL    RECORD    YEAR
 MAXIMUM TEMPERATURE (F)   44        68      1955
 MINIMUM TEMPERATURE (F)   22       -15      1978


SUNRISE AND SUNSET
FEBRUARY 19 2017......SUNRISE   705 AM EST   SUNSET   602 PM EST
FEBRUARY 20 2017......SUNRISE   704 AM EST   SUNSET   603 PM EST


-  INDICATES NEGATIVE NUMBERS.
R  INDICATES RECORD WAS SET OR TIED.
MM INDICATES DATA IS MISSING.
T  INDICATES TRACE AMOUNT.




$$
