000
CDUS41 KRLX 260827
CLIEKN


CLIMATE REPORT
NATIONAL WEATHER SERVICE CHARLESTON WV
324 AM EST WED NOV 26 2014


...................................

...THE ELKINS WV CLIMATE SUMMARY FOR NOVEMBER 25 2014...

CLIMATE NORMAL PERIOD 1981 TO 2010
CLIMATE RECORD PERIOD 1899 TO 2014


WEATHER ITEM   OBSERVED TIME   RECORD YEAR NORMAL DEPARTURE LAST
                VALUE   (LST)  VALUE       VALUE  FROM      YEAR
                                                  NORMAL
..................................................................
TEMPERATURE (F)
 YESTERDAY
  MAXIMUM         51    326 PM  74    1908  49      2       47
  MINIMUM         29    807 PM   4    1950  28      1       10
  AVERAGE         40                        39      1       29

PRECIPITATION (IN)
  YESTERDAY        0.00          1.82 1900   0.12  -0.12     0.00
  MONTH TO DATE    1.68                      2.79  -1.11     1.90
  SINCE JAN 1     37.68                     42.08  -4.40    38.49

SNOWFALL (IN)
  YESTERDAY        0.0
  MONTH TO DATE    2.5
  SINCE SEP 1      2.5
  SNOW DEPTH       0

DEGREE DAYS
 HEATING
  YESTERDAY       25                        26     -1       36
  MONTH TO DATE  670                       558    112      620
  SINCE SEP 1   1154                      1119     35     1098
  SINCE JUL 1   1205                      1149     56     1121

 COOLING
  YESTERDAY        0                         0      0        0
  MONTH TO DATE    0                         0      0        0
  SINCE SEP 1     67                        49     18       70
  SINCE JAN 1    505                       475     30      533
..................................................................


WIND (MPH)
  HIGHEST WIND SPEED    20   HIGHEST WIND DIRECTION     W (290)
  HIGHEST GUST SPEED    25   HIGHEST GUST DIRECTION     W (250)
  AVERAGE WIND SPEED     5.0


SKY COVER
  POSSIBLE SUNSHINE  MM
  AVERAGE SKY COVER 0.2


WEATHER CONDITIONS
 THE FOLLOWING WEATHER WAS RECORDED YESTERDAY.
  NO SIGNIFICANT WEATHER WAS OBSERVED.


RELATIVE HUMIDITY (PERCENT)
 HIGHEST    85           800 PM
 LOWEST     36           300 PM
 AVERAGE    61

..........................................................


THE ELKINS WV CLIMATE NORMALS FOR TODAY
                         NORMAL    RECORD    YEAR
 MAXIMUM TEMPERATURE (F)   49        71      1990
                                             1946
                                             1908
 MINIMUM TEMPERATURE (F)   28         1      1938


SUNRISE AND SUNSET
NOVEMBER 26 2014......SUNRISE   714 AM EST   SUNSET   459 PM EST
NOVEMBER 27 2014......SUNRISE   715 AM EST   SUNSET   459 PM EST


-  INDICATES NEGATIVE NUMBERS.
R  INDICATES RECORD WAS SET OR TIED.
MM INDICATES DATA IS MISSING.
T  INDICATES TRACE AMOUNT.




$$
