000
CDUS41 KRLX 232118
CLIEKN


CLIMATE REPORT
NATIONAL WEATHER SERVICE CHARLESTON WV
516 PM EDT WED JUL 23 2014


...................................

...THE ELKINS WV CLIMATE SUMMARY FOR JULY 23 2014...
VALID TODAY AS OF 0500 PM LOCAL TIME.

CLIMATE NORMAL PERIOD 1981 TO 2010
CLIMATE RECORD PERIOD 1899 TO 2014


WEATHER ITEM   OBSERVED TIME   RECORD YEAR NORMAL DEPARTURE LAST
                VALUE   (LST)  VALUE       VALUE  FROM      YEAR
                                                  NORMAL
..................................................................
TEMPERATURE (F)
 TODAY
  MAXIMUM         87    207 PM  94    1987  81      6       81
  MINIMUM         63    555 AM  41    1947  59      4       65
  AVERAGE         75                        70      5       73

PRECIPITATION (IN)
  TODAY            T             1.94 1998   0.17  -0.17     0.35
  MONTH TO DATE    3.35                      4.07  -0.72     3.79
  SINCE JUN 1      7.87                      8.47  -0.60     7.96
  SINCE JAN 1     23.21                     27.68  -4.47    24.35

DEGREE DAYS
 HEATING
  TODAY            0                         0      0        0
  MONTH TO DATE   17                         8      9        0
  SINCE JUN 1     31                        63    -32       12
  SINCE JUL 1     17                         8      9        0

 COOLING
  TODAY           10                         5      5        8
  MONTH TO DATE  124                       117      7      203
  SINCE JUN 1    269                       209     60      300
  SINCE JAN 1    305                       232     73      325
..................................................................


WIND (MPH)
  HIGHEST WIND SPEED    15   HIGHEST WIND DIRECTION     W (250)
  HIGHEST GUST SPEED    20   HIGHEST GUST DIRECTION    SW (230)
  AVERAGE WIND SPEED     3.2


SKY COVER
  POSSIBLE SUNSHINE  MM
  AVERAGE SKY COVER 0.4


WEATHER CONDITIONS
 THE FOLLOWING WEATHER WAS RECORDED TODAY.
  FOG
  FOG W/VISIBILITY <= 1/4 MILE


RELATIVE HUMIDITY (PERCENT)
 HIGHEST   100          1200 AM
 LOWEST     51           200 PM
 AVERAGE    76

..........................................................


THE ELKINS WV CLIMATE NORMALS FOR TOMORROW
                         NORMAL    RECORD    YEAR
 MAXIMUM TEMPERATURE (F)   81        95      1934
 MINIMUM TEMPERATURE (F)   59        39      1947


SUNRISE AND SUNSET
JULY 23 2014..........SUNRISE   613 AM EDT   SUNSET   839 PM EDT
JULY 24 2014..........SUNRISE   614 AM EDT   SUNSET   838 PM EDT


-  INDICATES NEGATIVE NUMBERS.
R  INDICATES RECORD WAS SET OR TIED.
MM INDICATES DATA IS MISSING.
T  INDICATES TRACE AMOUNT.




$$
