000
CDUS41 KRLX 182117
CLIEKN


CLIMATE REPORT
NATIONAL WEATHER SERVICE CHARLESTON WV
515 PM EDT THU SEP 18 2014


...................................

...THE ELKINS WV CLIMATE SUMMARY FOR SEPTEMBER 18 2014...
VALID TODAY AS OF 0500 PM LOCAL TIME.

CLIMATE NORMAL PERIOD 1981 TO 2010
CLIMATE RECORD PERIOD 1899 TO 2014


WEATHER ITEM   OBSERVED TIME   RECORD YEAR NORMAL DEPARTURE LAST
                VALUE   (LST)  VALUE       VALUE  FROM      YEAR
                                                  NORMAL
..................................................................
TEMPERATURE (F)
 TODAY
  MAXIMUM         71    324 PM  87    1927  73     -2       73
  MINIMUM         50    327 AM  33    1937  50      0       42
  AVERAGE         61                        62     -1       58

PRECIPITATION (IN)
  TODAY            0.00          1.96 1907   0.13  -0.13     0.02
  MONTH TO DATE    1.18                      2.22  -1.04     1.40
  SINCE SEP 1      1.18                      2.22  -1.04     1.40
  SINCE JAN 1     29.41                     35.03  -5.62    34.32

DEGREE DAYS
 HEATING
  TODAY            4                         5     -1        7
  MONTH TO DATE   48                        48      0       52
  SINCE SEP 1     48                        48      0       52
  SINCE JUL 1     99                        78     21       75

 COOLING
  TODAY            0                         1     -1        0
  MONTH TO DATE   64                        36     28       56
  SINCE SEP 1     64                        36     28       56
  SINCE JAN 1    502                       462     40      519
..................................................................


WIND (MPH)
  HIGHEST WIND SPEED    12   HIGHEST WIND DIRECTION     N (350)
  HIGHEST GUST SPEED    17   HIGHEST GUST DIRECTION    NW (320)
  AVERAGE WIND SPEED     2.0


SKY COVER
  POSSIBLE SUNSHINE  MM
  AVERAGE SKY COVER 0.7


WEATHER CONDITIONS
 THE FOLLOWING WEATHER WAS RECORDED TODAY.
  FOG
  FOG W/VISIBILITY <= 1/4 MILE


RELATIVE HUMIDITY (PERCENT)
 HIGHEST    96           100 AM
 LOWEST     47           300 PM
 AVERAGE    72

..........................................................


THE ELKINS WV CLIMATE NORMALS FOR TOMORROW
                         NORMAL    RECORD    YEAR
 MAXIMUM TEMPERATURE (F)   73        89      1965
 MINIMUM TEMPERATURE (F)   50        31      1959


SUNRISE AND SUNSET
SEPTEMBER 18 2014.....SUNRISE   703 AM EDT   SUNSET   723 PM EDT
SEPTEMBER 19 2014.....SUNRISE   704 AM EDT   SUNSET   721 PM EDT


-  INDICATES NEGATIVE NUMBERS.
R  INDICATES RECORD WAS SET OR TIED.
MM INDICATES DATA IS MISSING.
T  INDICATES TRACE AMOUNT.




$$
