000
CDUS41 KRLX 062234
CLIEKN


CLIMATE REPORT
NATIONAL WEATHER SERVICE CHARLESTON WV
532 PM EST FRI MAR 6 2015


...................................

...THE ELKINS WV CLIMATE SUMMARY FOR MARCH 6 2015...
VALID TODAY AS OF 0500 PM LOCAL TIME.

CLIMATE NORMAL PERIOD 1981 TO 2010
CLIMATE RECORD PERIOD 1899 TO 2015


WEATHER ITEM   OBSERVED TIME   RECORD YEAR NORMAL DEPARTURE LAST
                VALUE   (LST)  VALUE       VALUE  FROM      YEAR
                                                  NORMAL
..................................................................
TEMPERATURE (F)
 TODAY
  MAXIMUM         26    303 PM  77    1946  48    -22       45
  MINIMUM        -10R   613 AM   0    1901  25    -35       21
  AVERAGE          8                        37    -29       33

PRECIPITATION (IN)
  TODAY            0.16          1.92 1967   0.12   0.04     0.00
  MONTH TO DATE    4.34                      0.71   3.63     0.87
  SINCE MAR 1      4.34                      0.71   3.63     0.87
  SINCE JAN 1     10.06                      7.04   3.02     7.13

DEGREE DAYS
 HEATING
  TODAY           57                        28     29       32
  MONTH TO DATE  216                       174     42      236
  SINCE MAR 1    216                       174     42      236
  SINCE JUL 1   4847                      4495    352     4759

 COOLING
  TODAY            0                         0      0        0
  MONTH TO DATE    0                         0      0        0
  SINCE MAR 1      0                         0      0        0
  SINCE JAN 1      0                         0      0        0
..................................................................


WIND (MPH)
  HIGHEST WIND SPEED    10   HIGHEST WIND DIRECTION    NW (330)
  HIGHEST GUST SPEED    13   HIGHEST GUST DIRECTION    NW (330)
  AVERAGE WIND SPEED     1.6


SKY COVER
  POSSIBLE SUNSHINE  MM
  AVERAGE SKY COVER 0.2


WEATHER CONDITIONS
 THE FOLLOWING WEATHER WAS RECORDED TODAY.
  LIGHT SNOW
  FOG


RELATIVE HUMIDITY (PERCENT)
 HIGHEST   100           900 AM
 LOWEST     51          1200 PM
 AVERAGE    76

..........................................................


THE ELKINS WV CLIMATE NORMALS FOR TOMORROW
                         NORMAL    RECORD    YEAR
 MAXIMUM TEMPERATURE (F)   49        76      2009
 MINIMUM TEMPERATURE (F)   25         5      1913
                                             1899


SUNRISE AND SUNSET
MARCH  6 2015.........SUNRISE   645 AM EST   SUNSET   617 PM EST
MARCH  7 2015.........SUNRISE   643 AM EST   SUNSET   618 PM EST


-  INDICATES NEGATIVE NUMBERS.
R  INDICATES RECORD WAS SET OR TIED.
MM INDICATES DATA IS MISSING.
T  INDICATES TRACE AMOUNT.




$$
