000
CDUS41 KRLX 250716
CLIEKN


CLIMATE REPORT
NATIONAL WEATHER SERVICE CHARLESTON WV
316 AM EDT THU MAY 25 2017


...................................

...THE ELKINS WV CLIMATE SUMMARY FOR MAY 24 2017...

CLIMATE NORMAL PERIOD 1981 TO 2010
CLIMATE RECORD PERIOD 1899 TO 2017


WEATHER ITEM   OBSERVED TIME   RECORD YEAR NORMAL DEPARTURE LAST
                VALUE   (LST)  VALUE       VALUE  FROM      YEAR
                                                  NORMAL
..................................................................
TEMPERATURE (F)
 YESTERDAY
  MAXIMUM         66    245 PM  85    1991  72     -6       75
                                      1944
                                      1939
  MINIMUM         56    304 AM  31    1963  48      8       45
                                      1905
  AVERAGE         61                        60      1       60

PRECIPITATION (IN)
  YESTERDAY        0.19          1.44 1979   0.18   0.01     0.00
  MONTH TO DATE    2.96                      3.96  -1.00     6.21
  SINCE JAN 1     19.30                     18.05   1.25    17.41

SNOWFALL (IN)
  YESTERDAY        0.0
  MONTH TO DATE    0.0
  SINCE SEP 1     44.5
  SNOW DEPTH       0

DEGREE DAYS
 HEATING
  YESTERDAY        4                         6     -2        5
  MONTH TO DATE  182                       201    -19      228
  SINCE MAR 1   1172                      1443   -271     1216
  SINCE JUL 1   4575                      5764  -1189     4958

 COOLING
  YESTERDAY        0                         1     -1        0
  MONTH TO DATE   29                        11     18        3
  SINCE MAR 1     39                        14     25        6
  SINCE JAN 1     39                        14     25        6
..................................................................


WIND (MPH)
  HIGHEST WIND SPEED    20   HIGHEST WIND DIRECTION    SE (150)
  HIGHEST GUST SPEED    27   HIGHEST GUST DIRECTION    SE (140)
  AVERAGE WIND SPEED     6.4


SKY COVER
  POSSIBLE SUNSHINE  MM
  AVERAGE SKY COVER 0.9


WEATHER CONDITIONS
 THE FOLLOWING WEATHER WAS RECORDED YESTERDAY.
  HEAVY RAIN
  RAIN
  LIGHT RAIN
  FOG


RELATIVE HUMIDITY (PERCENT)
 HIGHEST    86           100 AM
 LOWEST     63           100 PM
 AVERAGE    75

..........................................................


THE ELKINS WV CLIMATE NORMALS FOR TODAY
                         NORMAL    RECORD    YEAR
 MAXIMUM TEMPERATURE (F)   73        90      1914
 MINIMUM TEMPERATURE (F)   48        30      1956


SUNRISE AND SUNSET
MAY 25 2017...........SUNRISE   559 AM EDT   SUNSET   834 PM EDT
MAY 26 2017...........SUNRISE   559 AM EDT   SUNSET   835 PM EDT


-  INDICATES NEGATIVE NUMBERS.
R  INDICATES RECORD WAS SET OR TIED.
MM INDICATES DATA IS MISSING.
T  INDICATES TRACE AMOUNT.




$$
