000
CDUS45 KLKN 290928
CLIEKO


CLIMATE REPORT
NATIONAL WEATHER SERVICE ELKO NV
227 AM PDT SAT AUG 29 2015


...................................

...THE ELKO AIRPORT NV CLIMATE SUMMARY FOR AUGUST 28 2015...

CLIMATE NORMAL PERIOD 1981 TO 2010
CLIMATE RECORD PERIOD 1888 TO 2015


WEATHER ITEM   OBSERVED TIME   RECORD YEAR NORMAL DEPARTURE LAST
                VALUE   (LST)  VALUE       VALUE  FROM      YEAR
                                                  NORMAL
..................................................................
TEMPERATURE (F)
 YESTERDAY
  MAXIMUM         93   1234 PM 100    1924  86      7       89
  MINIMUM         52    213 AM  28    1942  45      7       43
  AVERAGE         73                        65      8       66

PRECIPITATION (IN)
  YESTERDAY        0.02          0.90 1982   0.01   0.01     0.00
  MONTH TO DATE    0.63                      0.33   0.30     1.27
  SINCE OCT 1      9.00                      9.30  -0.30     9.28
  SINCE JAN 1      6.76                      6.24   0.52     7.67

SNOWFALL (IN)
  YESTERDAY        0.0           0.0  1888   0.0    0.0      0.0
  MONTH TO DATE    0.0                       0.0    0.0      0.0
  SINCE JUN 1      0.0                       0.0    0.0      0.0
  SINCE JUL 1      0.0                       0.0    0.0      0.0
  SNOW DEPTH       0

DEGREE DAYS
 HEATING
  YESTERDAY        0                         2     -2        0
  MONTH TO DATE    1                        24    -23       18
  SINCE JUN 1     34                       174   -140      110
  SINCE JUL 1     10                        43    -33       18

 COOLING
  YESTERDAY        8                         2      6        1
  MONTH TO DATE  199                       125     74      121
  SINCE JUN 1    565                       352    213      494
  SINCE JAN 1    572                       356    216      497
..................................................................


WIND (MPH)
  HIGHEST WIND SPEED    30   HIGHEST WIND DIRECTION     W (250)
  HIGHEST GUST SPEED    37   HIGHEST GUST DIRECTION     W (250)
  AVERAGE WIND SPEED     5.3



WEATHER CONDITIONS
 THE FOLLOWING WEATHER WAS RECORDED YESTERDAY.
  THUNDERSTORM
  LIGHT RAIN


RELATIVE HUMIDITY (PERCENT)
 HIGHEST    60          1100 PM
 LOWEST     15           100 PM
 AVERAGE    38

..........................................................


THE ELKO AIRPORT NV CLIMATE NORMALS FOR TODAY
                         NORMAL    RECORD    YEAR
 MAXIMUM TEMPERATURE (F)   85       100      1913
 MINIMUM TEMPERATURE (F)   45        28      1964


SUNRISE AND SUNSET
AUGUST 29 2015........SUNRISE   607 AM PDT   SUNSET   721 PM PDT
AUGUST 30 2015........SUNRISE   608 AM PDT   SUNSET   719 PM PDT


-  INDICATES NEGATIVE NUMBERS.
R  INDICATES RECORD WAS SET OR TIED.
MM INDICATES DATA IS MISSING.
T  INDICATES TRACE AMOUNT.




$$
