000
CDUS45 KLKN 290928
CLIEKO


CLIMATE REPORT
NATIONAL WEATHER SERVICE ELKO NV
128 AM PST THU JAN 29 2015


...................................

...THE ELKO AIRPORT NV CLIMATE SUMMARY FOR JANUARY 28 2015...

CLIMATE NORMAL PERIOD 1981 TO 2010
CLIMATE RECORD PERIOD 1888 TO 2015


WEATHER ITEM   OBSERVED TIME   RECORD YEAR NORMAL DEPARTURE LAST
                VALUE   (LST)  VALUE       VALUE  FROM      YEAR
                                                  NORMAL
..................................................................
TEMPERATURE (F)
 YESTERDAY
  MAXIMUM         50    400 PM  58    1899  37     13       51
  MINIMUM         30   1159 PM -26    1895  15     15       22
  AVERAGE         40                        26     14       37

PRECIPITATION (IN)
  YESTERDAY        0.00          2.00 1916   0.04  -0.04     0.00
  MONTH TO DATE    0.20                      1.03  -0.83     0.08
  SINCE OCT 1      2.44                      4.09  -1.65     1.69
  SINCE JAN 1      0.20                      1.03  -0.83     0.08

SNOWFALL (IN)
  YESTERDAY        0.0           4.5  1950   0.3   -0.3      0.0
  MONTH TO DATE    T                         9.6   -9.6      0.3
  SINCE DEC 1      5.6                      19.5  -13.9      4.7
  SINCE JUL 1      7.5                      25.2  -17.7     10.4
  SNOW DEPTH       0

DEGREE DAYS
 HEATING
  YESTERDAY       25                        39    -14       28
  MONTH TO DATE  875                      1117   -242      927
  SINCE DEC 1   1874                      2327   -453     2298
  SINCE JUL 1   3234                      4065   -831     3858

 COOLING
  YESTERDAY        0                         0      0        0
  MONTH TO DATE    0                         0      0        0
  SINCE DEC 1      0                         0      0        0
  SINCE JAN 1      0                         0      0        0
..................................................................


WIND (MPH)
  HIGHEST WIND SPEED    14   HIGHEST WIND DIRECTION    SW (210)
  HIGHEST GUST SPEED    20   HIGHEST GUST DIRECTION    SW (220)
  AVERAGE WIND SPEED     3.8



WEATHER CONDITIONS
 THE FOLLOWING WEATHER WAS RECORDED YESTERDAY.
  NO SIGNIFICANT WEATHER WAS OBSERVED.


RELATIVE HUMIDITY (PERCENT)
 HIGHEST    92           700 AM
 LOWEST     52           200 PM
 AVERAGE    72

..........................................................


THE ELKO AIRPORT NV CLIMATE NORMALS FOR TODAY
                         NORMAL    RECORD    YEAR
 MAXIMUM TEMPERATURE (F)   37        62      1899
 MINIMUM TEMPERATURE (F)   15       -27      1902


SUNRISE AND SUNSET
JANUARY 29 2015.......SUNRISE   656 AM PST   SUNSET   457 PM PST
JANUARY 30 2015.......SUNRISE   655 AM PST   SUNSET   458 PM PST


-  INDICATES NEGATIVE NUMBERS.
R  INDICATES RECORD WAS SET OR TIED.
MM INDICATES DATA IS MISSING.
T  INDICATES TRACE AMOUNT.




$$
