000
CDUS45 KLKN 220932
CLIEKO


CLIMATE REPORT
NATIONAL WEATHER SERVICE ELKO NV
129 AM PST MON DEC 22 2014


...................................

...THE ELKO AIRPORT NV CLIMATE SUMMARY FOR DECEMBER 21 2014...

CLIMATE NORMAL PERIOD 1981 TO 2010
CLIMATE RECORD PERIOD 1888 TO 2014


WEATHER ITEM   OBSERVED TIME   RECORD YEAR NORMAL DEPARTURE LAST
                VALUE   (LST)  VALUE       VALUE  FROM      YEAR
                                                  NORMAL
..................................................................
TEMPERATURE (F)
 YESTERDAY
  MAXIMUM         51    154 PM  56    1917  36     15       40
  MINIMUM         37   1200 AM -24    1990  14     23       23
  AVERAGE         44                        25     19       32

PRECIPITATION (IN)
  YESTERDAY        0.06          1.55 1924   0.04   0.02     0.03
  MONTH TO DATE    0.81                      0.79   0.02     0.65
  SINCE OCT 1      1.96                      2.65  -0.69     1.61
  SINCE JAN 1     10.01                      9.50   0.51     6.46

SNOWFALL (IN)
  YESTERDAY        0.0          16.0  1924   0.3   -0.3      0.4
  MONTH TO DATE    0.8                       6.3   -5.5      4.4
  SINCE DEC 1      0.8                       6.3   -5.5      4.4
  SINCE JUL 1      2.7                      12.0   -9.3     10.1
  SNOW DEPTH       0

DEGREE DAYS
 HEATING
  YESTERDAY       21                        40    -19       33
  MONTH TO DATE  590                       809   -219     1012
  SINCE DEC 1    590                       809   -219     1012
  SINCE JUL 1   1950                      2547   -597     2572

 COOLING
  YESTERDAY        0                         0      0        0
  MONTH TO DATE    0                         0      0        0
  SINCE DEC 1      0                         0      0        0
  SINCE JAN 1    549                       383    166      776
..................................................................


WIND (MPH)
  HIGHEST WIND SPEED    25   HIGHEST WIND DIRECTION     W (260)
  HIGHEST GUST SPEED    32   HIGHEST GUST DIRECTION     W (250)
  AVERAGE WIND SPEED    11.1



WEATHER CONDITIONS
 THE FOLLOWING WEATHER WAS RECORDED YESTERDAY.
  LIGHT RAIN


RELATIVE HUMIDITY (PERCENT)
 HIGHEST    92           200 AM
 LOWEST     71          1000 AM
 AVERAGE    82

..........................................................


THE ELKO AIRPORT NV CLIMATE NORMALS FOR TODAY
                         NORMAL    RECORD    YEAR
 MAXIMUM TEMPERATURE (F)   36        57      1964
 MINIMUM TEMPERATURE (F)   14       -33      1990


SUNRISE AND SUNSET
DECEMBER 22 2014......SUNRISE   705 AM PST   SUNSET   419 PM PST
DECEMBER 23 2014......SUNRISE   705 AM PST   SUNSET   420 PM PST


-  INDICATES NEGATIVE NUMBERS.
R  INDICATES RECORD WAS SET OR TIED.
MM INDICATES DATA IS MISSING.
T  INDICATES TRACE AMOUNT.




$$
