000
CDUS45 KLKN 020033
CLIEKO


CLIMATE REPORT
NATIONAL WEATHER SERVICE ELKO NV
527 PM PDT FRI AUG 1 2014


...................................

...THE ELKO AIRPORT NV CLIMATE SUMMARY FOR AUGUST 1 2014...
VALID TODAY AS OF 500 PM LOCAL TIME.

CLIMATE NORMAL PERIOD 1981 TO 2010
CLIMATE RECORD PERIOD 1888 TO 2014


WEATHER ITEM   OBSERVED TIME   RECORD YEAR NORMAL DEPARTURE LAST
                VALUE   (LST)  VALUE       VALUE  FROM      YEAR
                                                  NORMAL
..................................................................
TEMPERATURE (F)
 TODAY
  MAXIMUM         93    313 PM 105    1892  91      2       88
  MINIMUM         51    420 AM  34    1932  50      1       52
  AVERAGE         72                        71      1       70

PRECIPITATION (IN)
  TODAY            0.00          1.50 1901   0.01  -0.01     0.00
  MONTH TO DATE    0.00                      0.01  -0.01     0.00
  SINCE OCT 1      8.01                      8.98  -0.97     6.14
  SINCE JAN 1      6.40                      5.92   0.48     3.31

SNOWFALL (IN)
  TODAY            0.0           0.0  1888   0.0    0.0      0.0
  MONTH TO DATE    0.0                       0.0    0.0      0.0
  SINCE JUN 1      0.0                       0.0    0.0      0.0
  SINCE JUL 1      0.0                       0.0    0.0      0.0
  SNOW DEPTH       0

DEGREE DAYS
 HEATING
  TODAY            0                         0      0        0
  MONTH TO DATE    0                         0      0        0
  SINCE JUN 1     92                       150    -58       63
  SINCE JUL 1      0                        19    -19        0

 COOLING
  TODAY            7                         6      1        5
  MONTH TO DATE    7                         6      1        5
  SINCE JUN 1    380                       233    147      501
  SINCE JAN 1    383                       237    146      505
..................................................................


WIND (MPH)
  HIGHEST WIND SPEED    13   HIGHEST WIND DIRECTION     N (10)
  HIGHEST GUST SPEED    16   HIGHEST GUST DIRECTION     N (10)



WEATHER CONDITIONS
 THE FOLLOWING WEATHER WAS RECORDED TODAY.
  NO SIGNIFICANT WEATHER WAS OBSERVED.


RELATIVE HUMIDITY (PERCENT)
 HIGHEST    89           400 AM
 LOWEST     12           200 PM
 AVERAGE    51

..........................................................


THE ELKO AIRPORT NV CLIMATE NORMALS FOR TOMORROW
                         NORMAL    RECORD    YEAR
 MAXIMUM TEMPERATURE (F)   91       104      1978
                                             1892
 MINIMUM TEMPERATURE (F)   50        35      1890


SUNRISE AND SUNSET
AUGUST  1 2014........SUNRISE   540 AM PDT   SUNSET   759 PM PDT
AUGUST  2 2014........SUNRISE   541 AM PDT   SUNSET   758 PM PDT


-  INDICATES NEGATIVE NUMBERS.
R  INDICATES RECORD WAS SET OR TIED.
MM INDICATES DATA IS MISSING.
T  INDICATES TRACE AMOUNT.




$$
