000
CDUS45 KLKN 300029
CLIEKO


CLIMATE REPORT
NATIONAL WEATHER SERVICE ELKO NV
528 PM PDT FRI AUG 29 2014


...................................

...THE ELKO AIRPORT NV CLIMATE SUMMARY FOR AUGUST 29 2014...
VALID TODAY AS OF 0500 PM LOCAL TIME.

CLIMATE NORMAL PERIOD 1981 TO 2010
CLIMATE RECORD PERIOD 1888 TO 2014


WEATHER ITEM   OBSERVED TIME   RECORD YEAR NORMAL DEPARTURE LAST
                VALUE   (LST)  VALUE       VALUE  FROM      YEAR
                                                  NORMAL
..................................................................
TEMPERATURE (F)
 TODAY
  MAXIMUM         89    315 PM 100    1913  85      4       91
  MINIMUM         48    548 AM  28    1964  45      3       54
  AVERAGE         69                        65      4       73

PRECIPITATION (IN)
  TODAY            0.00          0.50 1898   0.02  -0.02     0.00
  MONTH TO DATE    1.27                      0.35   0.92     0.35
  SINCE OCT 1      9.28                      9.32  -0.04     6.49
  SINCE JAN 1      7.67                      6.26   1.41     3.66

SNOWFALL (IN)
  TODAY            0.0           0.0  1888   0.0    0.0      0.0
  MONTH TO DATE    0.0                       0.0    0.0      0.0
  SINCE JUN 1      0.0                       0.0    0.0      0.0
  SINCE JUL 1      0.0                       0.0    0.0      0.0
  SNOW DEPTH      MM

DEGREE DAYS
 HEATING
  TODAY            0                         2     -2        0
  MONTH TO DATE   18                        26     -8        0
  SINCE JUN 1    110                       176    -66       63
  SINCE JUL 1     18                        45    -27        0

 COOLING
  TODAY            4                         2      2        8
  MONTH TO DATE  125                       127     -2      198
  SINCE JUN 1    498                       354    144      694
  SINCE JAN 1    501                       358    143      698
..................................................................


WIND (MPH)
  HIGHEST WIND SPEED    10   HIGHEST WIND DIRECTION    SW (220)
  HIGHEST GUST SPEED    14   HIGHEST GUST DIRECTION    SW (220)



WEATHER CONDITIONS
 THE FOLLOWING WEATHER WAS RECORDED TODAY.
  NO SIGNIFICANT WEATHER WAS OBSERVED.


RELATIVE HUMIDITY (PERCENT)
 HIGHEST    56           600 AM
 LOWEST     12           200 PM
 AVERAGE    34

..........................................................


THE ELKO AIRPORT NV CLIMATE NORMALS FOR TOMORROW
                         NORMAL    RECORD    YEAR
 MAXIMUM TEMPERATURE (F)   85        98      1967
 MINIMUM TEMPERATURE (F)   45        24      1932


SUNRISE AND SUNSET
AUGUST 29 2014........SUNRISE   607 AM PDT   SUNSET   720 PM PDT
AUGUST 30 2014........SUNRISE   608 AM PDT   SUNSET   719 PM PDT


-  INDICATES NEGATIVE NUMBERS.
R  INDICATES RECORD WAS SET OR TIED.
MM INDICATES DATA IS MISSING.
T  INDICATES TRACE AMOUNT.




$$
