472
CDUS45 KLKN 200933
CLIEKO


CLIMATE REPORT
NATIONAL WEATHER SERVICE ELKO NV
229 AM PDT SUN AUG 20 2017


...................................

...THE ELKO AIRPORT NV CLIMATE SUMMARY FOR AUGUST 19 2017...

CLIMATE NORMAL PERIOD 1981 TO 2010
CLIMATE RECORD PERIOD 1888 TO 2017


WEATHER ITEM   OBSERVED TIME   RECORD YEAR NORMAL DEPARTURE LAST
                VALUE   (LST)  VALUE       VALUE  FROM      YEAR
                                                  NORMAL
..................................................................
TEMPERATURE (F)
 YESTERDAY
  MAXIMUM         94    252 PM 100    1967  88      6       94
  MINIMUM         47    324 AM  30    1916  48     -1       53
  AVERAGE         71                        68      3       74

PRECIPITATION (IN)
  YESTERDAY        0.00          0.36 1990   0.01  -0.01     0.00
  MONTH TO DATE    0.15                      0.23  -0.08      T
  SINCE OCT 1     13.63                      9.20   4.43    12.18
  SINCE JAN 1      8.00                      6.14   1.86     7.64

SNOWFALL (IN)
  YESTERDAY        0.0           0.0  1888   0.0    0.0      0.0
  MONTH TO DATE    0.0                       0.0    0.0      0.0
  SINCE JUN 1      T                         0.0    0.0       T
  SINCE JUL 1      0.0                       0.0    0.0      0.0
  SNOW DEPTH       0

DEGREE DAYS
 HEATING
  YESTERDAY        0                         1     -1        0
  MONTH TO DATE    4                        11     -7        0
  SINCE JUN 1     66                       161    -95       39
  SINCE JUL 1      4                        30    -26        9

 COOLING
  YESTERDAY        6                         4      2        9
  MONTH TO DATE  133                        97     36      132
  SINCE JUN 1    589                       324    265      497
  SINCE JAN 1    593                       328    265      497
..................................................................


WIND (MPH)
  HIGHEST WIND SPEED    30   HIGHEST WIND DIRECTION     W (260)
  HIGHEST GUST SPEED    34   HIGHEST GUST DIRECTION     W (250)
  AVERAGE WIND SPEED     4.0



WEATHER CONDITIONS
 THE FOLLOWING WEATHER WAS RECORDED YESTERDAY.
  NO SIGNIFICANT WEATHER WAS OBSERVED.


RELATIVE HUMIDITY (PERCENT)
 HIGHEST    48           100 AM
 LOWEST      7           100 PM
 AVERAGE    28

..........................................................


THE ELKO AIRPORT NV CLIMATE NORMALS FOR TODAY
                         NORMAL    RECORD    YEAR
 MAXIMUM TEMPERATURE (F)   88       100      1919
 MINIMUM TEMPERATURE (F)   47        31      1916


SUNRISE AND SUNSET
AUGUST 20 2017........SUNRISE   559 AM PDT   SUNSET   734 PM PDT
AUGUST 21 2017........SUNRISE   600 AM PDT   SUNSET   732 PM PDT


-  INDICATES NEGATIVE NUMBERS.
R  INDICATES RECORD WAS SET OR TIED.
MM INDICATES DATA IS MISSING.
T  INDICATES TRACE AMOUNT.




$$
