000
CDUS45 KLKN 010028
CLIEKO


CLIMATE REPORT
NATIONAL WEATHER SERVICE ELKO NV
526 PM PDT FRI OCT 31 2014


...................................

...THE ELKO AIRPORT NV CLIMATE SUMMARY FOR OCTOBER 31 2014...
VALID TODAY AS OF 500 PM LOCAL TIME.

CLIMATE NORMAL PERIOD 1981 TO 2010
CLIMATE RECORD PERIOD 1888 TO 2014


WEATHER ITEM   OBSERVED TIME   RECORD YEAR NORMAL DEPARTURE LAST
                VALUE   (LST)  VALUE       VALUE  FROM      YEAR
                                                  NORMAL
..................................................................
TEMPERATURE (F)
 TODAY
  MAXIMUM         69    306 PM  76    1910  57     12       51
  MINIMUM         37    621 AM   3    2002  25     12       25
                                      1895
  AVERAGE         53                        41     12       38

PRECIPITATION (IN)
  TODAY            0.00          1.10 1900   0.03  -0.03     0.00
  MONTH TO DATE    T                         0.75  -0.75     0.60
  SINCE OCT 1      T                         0.75  -0.75     0.60
  SINCE JAN 1      8.05                      7.60   0.45     5.45

SNOWFALL (IN)
  TODAY            0.0           5.0  1920   0.0    0.0      0.0
  MONTH TO DATE    0.0                       0.6   -0.6      2.9
  SINCE SEP 1      0.0                       0.7   -0.7      2.9
  SINCE JUL 1      0.0                       0.7   -0.7      2.9
  SNOW DEPTH       0

DEGREE DAYS
 HEATING
  TODAY           12                        24    -12       27
  MONTH TO DATE  411                       571   -160      604
  SINCE SEP 1    502                       778   -276      777
  SINCE JUL 1    522                       829   -307      777

 COOLING
  TODAY            0                         0      0        0
  MONTH TO DATE    0                         0      0        0
  SINCE SEP 1     45                        21     24       66
  SINCE JAN 1    549                       383    166      776
..................................................................


WIND (MPH)
  HIGHEST WIND SPEED    25   HIGHEST WIND DIRECTION     S (170)
  HIGHEST GUST SPEED    32   HIGHEST GUST DIRECTION     S (170)



WEATHER CONDITIONS
 THE FOLLOWING WEATHER WAS RECORDED TODAY.
  HAZE


RELATIVE HUMIDITY (PERCENT)
 HIGHEST    48           600 AM
 LOWEST     15           300 PM
 AVERAGE    32

..........................................................


THE ELKO AIRPORT NV CLIMATE NORMALS FOR TOMORROW
                         NORMAL    RECORD    YEAR
 MAXIMUM TEMPERATURE (F)   56        76      1894
 MINIMUM TEMPERATURE (F)   25        -3      2002


SUNRISE AND SUNSET
OCTOBER 31 2014.......SUNRISE   713 AM PDT   SUNSET   540 PM PDT
NOVEMBER  1 2014......SUNRISE   714 AM PDT   SUNSET   539 PM PDT


-  INDICATES NEGATIVE NUMBERS.
R  INDICATES RECORD WAS SET OR TIED.
MM INDICATES DATA IS MISSING.
T  INDICATES TRACE AMOUNT.




$$
