000
CDUS45 KLKN 250945
CLIEKO


CLIMATE REPORT
NATIONAL WEATHER SERVICE ELKO NV
243 AM PDT SAT MAR 25 2017


...................................

...THE ELKO AIRPORT NV CLIMATE SUMMARY FOR MARCH 24 2017...

CLIMATE NORMAL PERIOD 1981 TO 2010
CLIMATE RECORD PERIOD 1888 TO 2017


WEATHER ITEM   OBSERVED TIME   RECORD YEAR NORMAL DEPARTURE LAST
                VALUE   (LST)  VALUE       VALUE  FROM      YEAR
                                                  NORMAL
..................................................................
TEMPERATURE (F)
 YESTERDAY
  MAXIMUM         59    346 PM  72    1956  54      5       58
  MINIMUM         31    513 AM  -3    1924  28      3       30
  AVERAGE         45                        41      4       44

PRECIPITATION (IN)
  YESTERDAY        0.10          1.20 1902   0.03   0.07     0.00
  MONTH TO DATE    0.89                      0.78   0.11     0.41
  SINCE OCT 1     10.57                      5.80   4.77     7.23
  SINCE JAN 1      4.94                      2.74   2.20     2.69

SNOWFALL (IN)
  YESTERDAY        0.0          12.0  1902   0.2   -0.2      0.0
  MONTH TO DATE    1.3                       4.0   -2.7      0.1
  SINCE MAR 1      1.3                       4.0   -2.7      0.1
  SINCE JUL 1     52.7                      36.5   16.2     56.4
  SNOW DEPTH       0

DEGREE DAYS
 HEATING
  YESTERDAY       20                        24     -4       21
  MONTH TO DATE  472                       646   -174      492
  SINCE MAR 1    472                       646   -174      492
  SINCE JUL 1   5208                      5814   -606     5517

 COOLING
  YESTERDAY        0                         0      0        0
  MONTH TO DATE    0                         0      0        0
  SINCE MAR 1      0                         0      0        0
  SINCE JAN 1      0                         0      0        0
..................................................................


WIND (MPH)
  HIGHEST WIND SPEED    31   HIGHEST WIND DIRECTION     W (290)
  HIGHEST GUST SPEED    39   HIGHEST GUST DIRECTION    NW (300)
  AVERAGE WIND SPEED     8.9



WEATHER CONDITIONS
 THE FOLLOWING WEATHER WAS RECORDED YESTERDAY.
  LIGHT RAIN
  FOG
  HAZE


RELATIVE HUMIDITY (PERCENT)
 HIGHEST    89           800 PM
 LOWEST     27          1100 AM
 AVERAGE    58

..........................................................


THE ELKO AIRPORT NV CLIMATE NORMALS FOR TODAY
                         NORMAL    RECORD    YEAR
 MAXIMUM TEMPERATURE (F)   54        71      1960
 MINIMUM TEMPERATURE (F)   28         3      1898


SUNRISE AND SUNSET
MARCH 25 2017.........SUNRISE   638 AM PDT   SUNSET   701 PM PDT
MARCH 26 2017.........SUNRISE   636 AM PDT   SUNSET   702 PM PDT


-  INDICATES NEGATIVE NUMBERS.
R  INDICATES RECORD WAS SET OR TIED.
MM INDICATES DATA IS MISSING.
T  INDICATES TRACE AMOUNT.




$$
