000
CDUS45 KLKN 240930
CLIEKO


CLIMATE REPORT
NATIONAL WEATHER SERVICE ELKO NV
226 AM PDT SAT JUN 24 2017


...................................

...THE ELKO AIRPORT NV CLIMATE SUMMARY FOR JUNE 23 2017...

CLIMATE NORMAL PERIOD 1981 TO 2010
CLIMATE RECORD PERIOD 1888 TO 2017


WEATHER ITEM   OBSERVED TIME   RECORD YEAR NORMAL DEPARTURE LAST
                VALUE   (LST)  VALUE       VALUE  FROM      YEAR
                                                  NORMAL
..................................................................
TEMPERATURE (F)
 YESTERDAY
  MAXIMUM         89    415 PM  97    1919  83      6       91
                                      1895
  MINIMUM         43    352 AM  30    1891  46     -3       50
  AVERAGE         66                        65      1       71

PRECIPITATION (IN)
  YESTERDAY        0.00          0.50 1918   0.02  -0.02     0.00
  MONTH TO DATE    0.61                      0.56   0.05     0.82
  SINCE OCT 1     13.46                      8.51   4.95    12.13
  SINCE JAN 1      7.83                      5.45   2.38     7.59

SNOWFALL (IN)
  YESTERDAY        0.0           0.0  1888   0.0    0.0      0.0
  MONTH TO DATE    T                         0.0    0.0       T
  SINCE JUN 1      T                         0.0    0.0       T
  SINCE JUL 1     53.3                      41.3   12.0     63.8
  SNOW DEPTH       0

DEGREE DAYS
 HEATING
  YESTERDAY        0                         3     -3        0
  MONTH TO DATE   62                       118    -56       29
  SINCE JUN 1     62                       118    -56       29
  SINCE JUL 1   6296                      7053   -757     6517

 COOLING
  YESTERDAY        1                         2     -1        6
  MONTH TO DATE   80                        28     52       72
  SINCE JUN 1     80                        28     52       72
  SINCE JAN 1     84                        32     52       72
..................................................................


WIND (MPH)
  HIGHEST WIND SPEED    20   HIGHEST WIND DIRECTION    NW (330)
  HIGHEST GUST SPEED    24   HIGHEST GUST DIRECTION    NW (330)
  AVERAGE WIND SPEED     5.0



WEATHER CONDITIONS
 THE FOLLOWING WEATHER WAS RECORDED YESTERDAY.
  NO SIGNIFICANT WEATHER WAS OBSERVED.


RELATIVE HUMIDITY (PERCENT)
 HIGHEST    58           400 AM
 LOWEST      9           200 PM
 AVERAGE    34

..........................................................


THE ELKO AIRPORT NV CLIMATE NORMALS FOR TODAY
                         NORMAL    RECORD    YEAR
 MAXIMUM TEMPERATURE (F)   84       104      1981
 MINIMUM TEMPERATURE (F)   46        30      1946
                                             1888


SUNRISE AND SUNSET
JUNE 24 2017..........SUNRISE   513 AM PDT   SUNSET   819 PM PDT
JUNE 25 2017..........SUNRISE   513 AM PDT   SUNSET   819 PM PDT


-  INDICATES NEGATIVE NUMBERS.
R  INDICATES RECORD WAS SET OR TIED.
MM INDICATES DATA IS MISSING.
T  INDICATES TRACE AMOUNT.




$$
