000
CDUS45 KLKN 050928
CLIEKO


CLIMATE REPORT
NATIONAL WEATHER SERVICE ELKO NV
127 AM PST THU MAR 5 2015


...................................

...THE ELKO AIRPORT NV CLIMATE SUMMARY FOR MARCH 4 2015...

CLIMATE NORMAL PERIOD 1981 TO 2010
CLIMATE RECORD PERIOD 1888 TO 2015


WEATHER ITEM   OBSERVED TIME   RECORD YEAR NORMAL DEPARTURE LAST
                VALUE   (LST)  VALUE       VALUE  FROM      YEAR
                                                  NORMAL
..................................................................
TEMPERATURE (F)
 YESTERDAY
  MAXIMUM         45    355 PM  72    1905  48     -3       50
  MINIMUM         12    642 AM  -5    1932  24    -12       32
  AVERAGE         29                        36     -7       41

PRECIPITATION (IN)
  YESTERDAY        0.00          1.09 1890   0.03  -0.03     0.31
  MONTH TO DATE    0.05                      0.13  -0.08     0.59
  SINCE OCT 1      2.78                      5.15  -2.37     4.54
  SINCE JAN 1      0.54                      2.09  -1.55     2.93

SNOWFALL (IN)
  YESTERDAY        0.0           2.9  1951   0.2   -0.2       T
  MONTH TO DATE    0.7                       0.7    0.0      1.0
  SINCE MAR 1      0.7                       0.7    0.0      1.0
  SINCE JUL 1     10.1                      33.2  -23.1     13.3
  SNOW DEPTH       0

DEGREE DAYS
 HEATING
  YESTERDAY       36                        29      7       24
  MONTH TO DATE  133                       119     14       93
  SINCE MAR 1    133                       119     14       93
  SINCE JUL 1   4141                      5287  -1146     4824

 COOLING
  YESTERDAY        0                         0      0        0
  MONTH TO DATE    0                         0      0        0
  SINCE MAR 1      0                         0      0        0
  SINCE JAN 1      0                         0      0        0
..................................................................


WIND (MPH)
  HIGHEST WIND SPEED    16   HIGHEST WIND DIRECTION    SW (210)
  HIGHEST GUST SPEED    20   HIGHEST GUST DIRECTION    SW (210)
  AVERAGE WIND SPEED     3.8



WEATHER CONDITIONS
 THE FOLLOWING WEATHER WAS RECORDED YESTERDAY.
  NO SIGNIFICANT WEATHER WAS OBSERVED.


RELATIVE HUMIDITY (PERCENT)
 HIGHEST    88           500 AM
 LOWEST     30           100 PM
 AVERAGE    59

..........................................................


THE ELKO AIRPORT NV CLIMATE NORMALS FOR TODAY
                         NORMAL    RECORD    YEAR
 MAXIMUM TEMPERATURE (F)   48        68      1972
 MINIMUM TEMPERATURE (F)   24        -3      1939


SUNRISE AND SUNSET
MARCH  5 2015.........SUNRISE   611 AM PST   SUNSET   539 PM PST
MARCH  6 2015.........SUNRISE   610 AM PST   SUNSET   540 PM PST


-  INDICATES NEGATIVE NUMBERS.
R  INDICATES RECORD WAS SET OR TIED.
MM INDICATES DATA IS MISSING.
T  INDICATES TRACE AMOUNT.




$$
