000
CDUS44 KSHV 220742
CLIELD


CLIMATE REPORT
NATIONAL WEATHER SERVICE SHREVEPORT, LA
241 AM CDT SUN OCT 22 2017


...................................

...THE EL DORADO CLIMATE SUMMARY FOR OCTOBER 21 2017...

CLIMATE NORMAL PERIOD 1981 TO 2010
CLIMATE RECORD PERIOD 1907 TO 2017


WEATHER ITEM   OBSERVED TIME   RECORD YEAR NORMAL DEPARTURE LAST
                VALUE   (LST)  VALUE       VALUE  FROM      YEAR
                                                  NORMAL
..................................................................
TEMPERATURE (F)
 YESTERDAY
  MAXIMUM         84    331 PM  93    1939  75      9       70
  MINIMUM         62    101 AM  30    1952  50     12       46
  AVERAGE         73                        62     11       58

PRECIPITATION (IN)
  YESTERDAY        0.00          2.90 1990   0.18  -0.18     0.00
  MONTH TO DATE    0.03                      3.49  -3.46     2.09
  SINCE DEC 1     44.93                     46.33  -1.40    60.63
  SINCE JAN 1     38.64                     41.15  -2.51    52.57

SNOWFALL (IN)
  YESTERDAY        0.0
  MONTH TO DATE    0.0
  SINCE SEP 1      0.0
  SINCE JUL 1      0.0
  SNOW DEPTH       0

DEGREE DAYS
 HEATING
  YESTERDAY        0                         5     -5        7
  MONTH TO DATE   28                        60    -32       12
  SINCE SEP 1     31                        72    -41       12
  SINCE JUL 1     31                        72    -41       12

 COOLING
  YESTERDAY        8                         2      6        0
  MONTH TO DATE  134                        67     67      108
  SINCE SEP 1    450                       367     83      492
  SINCE JAN 1   2185                      2094     91     2350
..................................................................


WIND (MPH)
  HIGHEST WIND SPEED    16   HIGHEST WIND DIRECTION    SE (150)
  HIGHEST GUST SPEED    22   HIGHEST GUST DIRECTION    SE (130)
  AVERAGE WIND SPEED     8.2


SKY COVER
  POSSIBLE SUNSHINE  MM
  AVERAGE SKY COVER 0.6


WEATHER CONDITIONS
 THE FOLLOWING WEATHER WAS RECORDED YESTERDAY.
  THUNDERSTORM
  FOG


RELATIVE HUMIDITY (PERCENT)
 HIGHEST   100           200 AM
 LOWEST     69           400 PM
 AVERAGE    85

..........................................................


THE EL DORADO CLIMATE NORMALS FOR TODAY
                         NORMAL    RECORD    YEAR
 MAXIMUM TEMPERATURE (F)   74        93      1939
 MINIMUM TEMPERATURE (F)   49        31      1917


SUNRISE AND SUNSET
OCTOBER 22 2017.......SUNRISE   721 AM CDT   SUNSET   629 PM CDT
OCTOBER 23 2017.......SUNRISE   722 AM CDT   SUNSET   628 PM CDT


-  INDICATES NEGATIVE NUMBERS.
R  INDICATES RECORD WAS SET OR TIED.
MM INDICATES DATA IS MISSING.
T  INDICATES TRACE AMOUNT.




$$
