000
CDUS44 KSHV 182138
CLIELD


CLIMATE REPORT
NATIONAL WEATHER SERVICE SHREVEPORT, LA
438 PM CDT FRI AUG 18 2017


...................................

...THE EL DORADO CLIMATE SUMMARY FOR AUGUST 18 2017...
VALID TODAY AS OF 0400 PM LOCAL TIME.

CLIMATE NORMAL PERIOD 1981 TO 2010
CLIMATE RECORD PERIOD 1907 TO 2017


WEATHER ITEM   OBSERVED TIME   RECORD YEAR NORMAL DEPARTURE LAST
                VALUE   (LST)  VALUE       VALUE  FROM      YEAR
                                                  NORMAL
..................................................................
TEMPERATURE (F)
 TODAY
  MAXIMUM         93    251 PM 108    2000  93      0       84
  MINIMUM         74    602 AM  56    1992  70      4       72
  AVERAGE         84                        81      3       78

PRECIPITATION (IN)
  TODAY            0.00          3.13 1950   0.10  -0.10     0.23
  MONTH TO DATE    3.23                      1.86   1.37     6.97
  SINCE DEC 1     41.36                     38.48   2.88    50.96
  SINCE JAN 1     35.07                     33.30   1.77    42.90

DEGREE DAYS
 HEATING
  TODAY            0                         0      0        0
  MONTH TO DATE    0                         0      0        0
  SINCE JUN 1      0                         0      0        0
  SINCE JUL 1      0                         0      0        0

 COOLING
  TODAY           19                        16      3       13
  MONTH TO DATE  279                       304    -25      317
  SINCE JUN 1   1205                      1216    -11     1361
  SINCE JAN 1   1551                      1527     24     1642
..................................................................


WIND (MPH)
  HIGHEST WIND SPEED    12   HIGHEST WIND DIRECTION    SW (230)
  HIGHEST GUST SPEED    17   HIGHEST GUST DIRECTION    SW (230)
  AVERAGE WIND SPEED     3.8


SKY COVER
  POSSIBLE SUNSHINE  MM
  AVERAGE SKY COVER 0.6


WEATHER CONDITIONS
 THE FOLLOWING WEATHER WAS RECORDED TODAY.
  NO SIGNIFICANT WEATHER WAS OBSERVED.


RELATIVE HUMIDITY (PERCENT)
 HIGHEST    94          1200 AM
 LOWEST     60           200 PM
 AVERAGE    77

..........................................................


THE EL DORADO CLIMATE NORMALS FOR TOMORROW
                         NORMAL    RECORD    YEAR
 MAXIMUM TEMPERATURE (F)   93       108      1999
 MINIMUM TEMPERATURE (F)   70        61      1943


SUNRISE AND SUNSET
AUGUST 18 2017........SUNRISE   636 AM CDT   SUNSET   753 PM CDT
AUGUST 19 2017........SUNRISE   637 AM CDT   SUNSET   752 PM CDT


-  INDICATES NEGATIVE NUMBERS.
R  INDICATES RECORD WAS SET OR TIED.
MM INDICATES DATA IS MISSING.
T  INDICATES TRACE AMOUNT.




$$
