730
CDUS44 KSHV 220737
CLIELD


CLIMATE REPORT
NATIONAL WEATHER SERVICE SHREVEPORT, LA
237 AM CDT MON MAY 22 2017


...................................

...THE EL DORADO CLIMATE SUMMARY FOR MAY 21 2017...

CLIMATE NORMAL PERIOD 1981 TO 2010
CLIMATE RECORD PERIOD 1907 TO 2017


WEATHER ITEM   OBSERVED TIME   RECORD YEAR NORMAL DEPARTURE LAST
                VALUE   (LST)  VALUE       VALUE  FROM      YEAR
                                                  NORMAL
..................................................................
TEMPERATURE (F)
 YESTERDAY
  MAXIMUM         73    405 PM  95    1925  84    -11       83
  MINIMUM         56   1102 AM  44    1981  62     -6       57
  AVERAGE         65                        72     -7       70

PRECIPITATION (IN)
  YESTERDAY        1.35          1.81 1974   0.16   1.19     0.00
  MONTH TO DATE    6.08                      3.44   2.64     0.81
  SINCE DEC 1     31.49                     26.55   4.94    36.35
  SINCE JAN 1     25.20                     21.37   3.83    28.29

SNOWFALL (IN)
  YESTERDAY        0.0
  MONTH TO DATE    0.0
  SINCE MAR 1      0.0
  SINCE JUL 1      T
  SNOW DEPTH       0

DEGREE DAYS
 HEATING
  YESTERDAY        0                         0      0        0
  MONTH TO DATE   12                        16     -4       24
  SINCE MAR 1    266                       442   -176      295
  SINCE JUL 1   1718                      2670   -952     2034

 COOLING
  YESTERDAY        0                         8     -8        5
  MONTH TO DATE  107                       122    -15       77
  SINCE MAR 1    253                       215     38      171
  SINCE JAN 1    280                       221     59      177
..................................................................


WIND (MPH)
  HIGHEST WIND SPEED    25   HIGHEST WIND DIRECTION    SW (230)
  HIGHEST GUST SPEED    36   HIGHEST GUST DIRECTION    SW (240)
  AVERAGE WIND SPEED     4.6


SKY COVER
  POSSIBLE SUNSHINE  MM
  AVERAGE SKY COVER 0.8


WEATHER CONDITIONS
 THE FOLLOWING WEATHER WAS RECORDED YESTERDAY.
  THUNDERSTORM
  HEAVY RAIN
  RAIN
  LIGHT RAIN
  FOG


RELATIVE HUMIDITY (PERCENT)
 HIGHEST   100           400 AM
 LOWEST     87           700 AM
 AVERAGE    94

..........................................................


THE EL DORADO CLIMATE NORMALS FOR TODAY
                         NORMAL    RECORD    YEAR
 MAXIMUM TEMPERATURE (F)   84        94      1925
 MINIMUM TEMPERATURE (F)   62        43      1919


SUNRISE AND SUNSET
MAY 22 2017...........SUNRISE   607 AM CDT   SUNSET   809 PM CDT
MAY 23 2017...........SUNRISE   606 AM CDT   SUNSET   810 PM CDT


-  INDICATES NEGATIVE NUMBERS.
R  INDICATES RECORD WAS SET OR TIED.
MM INDICATES DATA IS MISSING.
T  INDICATES TRACE AMOUNT.




$$
