000
CDUS44 KSHV 302158
CLIELD


CLIMATE REPORT
NATIONAL WEATHER SERVICE SHREVEPORT, LA
456 PM CDT SAT JUL 30 2016


...................................

...THE EL DORADO CLIMATE SUMMARY FOR JULY 30 2016...
VALID TODAY AS OF 0400 PM LOCAL TIME.

CLIMATE NORMAL PERIOD 1981 TO 2010
CLIMATE RECORD PERIOD 1907 TO 2016


WEATHER ITEM   OBSERVED TIME   RECORD YEAR NORMAL DEPARTURE LAST
                VALUE   (LST)  VALUE       VALUE  FROM      YEAR
                                                  NORMAL
..................................................................
TEMPERATURE (F)
 TODAY
  MAXIMUM         94    240 PM 106    1930  93      1       99
  MINIMUM         71    547 AM  61    2005  71      0       73
  AVERAGE         83                        82      1       86

PRECIPITATION (IN)
  TODAY            0.00          1.55 1938   0.10  -0.10     0.00
  MONTH TO DATE    3.10                      3.45  -0.35     2.01
  SINCE DEC 1     43.79                     36.51   7.28    34.48
  SINCE JAN 1     35.73                     31.33   4.40    31.15

DEGREE DAYS
 HEATING
  TODAY            0                         0      0        0
  MONTH TO DATE    0                         0      0        0
  SINCE JUN 1      0                         0      0        0
  SINCE JUL 1      0                         0      0        0

 COOLING
  TODAY           18                        17      1       21
  MONTH TO DATE  563                       501     62      564
  SINCE JUN 1   1026                       897    129      994
  SINCE JAN 1   1307                      1208     99     1334
..................................................................


WIND (MPH)
  HIGHEST WIND SPEED    13   HIGHEST WIND DIRECTION    SW (230)
  HIGHEST GUST SPEED    19   HIGHEST GUST DIRECTION    SW (230)
  AVERAGE WIND SPEED     3.9


SKY COVER
  POSSIBLE SUNSHINE  MM
  AVERAGE SKY COVER 0.1


WEATHER CONDITIONS
 THE FOLLOWING WEATHER WAS RECORDED TODAY.
  FOG


RELATIVE HUMIDITY (PERCENT)
 HIGHEST   100           400 AM
 LOWEST     60          1200 PM
 AVERAGE    80

..........................................................


THE EL DORADO CLIMATE NORMALS FOR TOMORROW
                         NORMAL    RECORD    YEAR
 MAXIMUM TEMPERATURE (F)   93       105      1998
 MINIMUM TEMPERATURE (F)   71        56      1971


SUNRISE AND SUNSET
JULY 30 2016..........SUNRISE   623 AM CDT   SUNSET   812 PM CDT
JULY 31 2016..........SUNRISE   624 AM CDT   SUNSET   811 PM CDT


-  INDICATES NEGATIVE NUMBERS.
R  INDICATES RECORD WAS SET OR TIED.
MM INDICATES DATA IS MISSING.
T  INDICATES TRACE AMOUNT.




$$
