000
CDUS44 KSHV 220735
CLIELD


CLIMATE REPORT
NATIONAL WEATHER SERVICE SHREVEPORT, LA
234 AM CDT TUE JUL 22 2014


...................................

...THE EL DORADO CLIMATE SUMMARY FOR JULY 21 2014...

CLIMATE NORMAL PERIOD 1981 TO 2010
CLIMATE RECORD PERIOD 1907 TO 2014


WEATHER ITEM   OBSERVED TIME   RECORD YEAR NORMAL DEPARTURE LAST
                VALUE   (LST)  VALUE       VALUE  FROM      YEAR
                                                  NORMAL
..................................................................
TEMPERATURE (F)
 YESTERDAY
  MAXIMUM         88    412 PM 106    1939  93     -5       94
  MINIMUM         63    543 AM  60    1984  71     -8       70
  AVERAGE         76                        82     -6       82

PRECIPITATION (IN)
  YESTERDAY        0.00          1.14 2009   0.09  -0.09      T
  MONTH TO DATE    3.42                      2.53   0.89     0.36
  SINCE DEC 1     34.88                     35.59  -0.71    27.68
  SINCE JAN 1     28.32                     30.41  -2.09    21.62

SNOWFALL (IN)
  YESTERDAY        0.0
  MONTH TO DATE    0.0
  SINCE JUN 1      0.0
  SINCE JUL 1      0.0
  SNOW DEPTH       0

DEGREE DAYS
 HEATING
  YESTERDAY        0                         0      0        0
  MONTH TO DATE    0                         0      0        0
  SINCE JUN 1      0                         0      0        0
  SINCE JUL 1      0                         0      0        0

 COOLING
  YESTERDAY       11                        17     -6       17
  MONTH TO DATE  258                       348    -90      314
  SINCE JUN 1    675                       744    -69      728
  SINCE JAN 1    927                      1055   -128     1006
..................................................................


WIND (MPH)
  HIGHEST WIND SPEED    10   HIGHEST WIND DIRECTION     E (80)
  HIGHEST GUST SPEED    12   HIGHEST GUST DIRECTION     E (70)
  AVERAGE WIND SPEED     1.3


SKY COVER
  POSSIBLE SUNSHINE  MM
  AVERAGE SKY COVER 0.2


WEATHER CONDITIONS
 THE FOLLOWING WEATHER WAS RECORDED YESTERDAY.
  FOG


RELATIVE HUMIDITY (PERCENT)
 HIGHEST   100          1200 AM
 LOWEST     50           200 PM
 AVERAGE    75

..........................................................


THE EL DORADO CLIMATE NORMALS FOR TODAY
                         NORMAL    RECORD    YEAR
 MAXIMUM TEMPERATURE (F)   93       104      1939
 MINIMUM TEMPERATURE (F)   71        58      1970


SUNRISE AND SUNSET
JULY 22 2014..........SUNRISE   617 AM CDT   SUNSET   818 PM CDT
JULY 23 2014..........SUNRISE   618 AM CDT   SUNSET   817 PM CDT


-  INDICATES NEGATIVE NUMBERS.
R  INDICATES RECORD WAS SET OR TIED.
MM INDICATES DATA IS MISSING.
T  INDICATES TRACE AMOUNT.




$$
