000
CDUS44 KSHV 180735
CLIELD


CLIMATE REPORT
NATIONAL WEATHER SERVICE SHREVEPORT, LA
233 AM CDT FRI APR 18 2014


...................................

...THE EL DORADO CLIMATE SUMMARY FOR APRIL 17 2014...

CLIMATE NORMAL PERIOD 1981 TO 2010
CLIMATE RECORD PERIOD 1907 TO 2014


WEATHER ITEM   OBSERVED TIME   RECORD YEAR NORMAL DEPARTURE LAST
                VALUE   (LST)  VALUE       VALUE  FROM      YEAR
                                                  NORMAL
..................................................................
TEMPERATURE (F)
 YESTERDAY
  MAXIMUM         67    525 PM  91    2006  76     -9       87
  MINIMUM         38    554 AM  34    1951  51    -13       70
  AVERAGE         53                        64    -11       79

PRECIPITATION (IN)
  YESTERDAY        0.00          1.54 1977   0.13  -0.13     0.00
  MONTH TO DATE    5.12                      2.27   2.85     2.91
  SINCE DEC 1     20.25                     21.29  -1.04    18.69
  SINCE JAN 1     13.69                     16.11  -2.42    12.63

SNOWFALL (IN)
  YESTERDAY        0.0
  MONTH TO DATE    0.0
  SINCE MAR 1      T
  SINCE JUL 1      1.1
  SNOW DEPTH       0

DEGREE DAYS
 HEATING
  YESTERDAY       12                         4      8        0
  MONTH TO DATE  139                        86     53      102
  SINCE MAR 1    581                       394    187      535
  SINCE JUL 1   3188                      2622    566     2575

 COOLING
  YESTERDAY        0                         2     -2       14
  MONTH TO DATE   21                        32    -11       55
  SINCE MAR 1     26                        54    -28       61
  SINCE JAN 1     26                        60    -34       67
..................................................................


WIND (MPH)
  HIGHEST WIND SPEED    16   HIGHEST WIND DIRECTION    SE (120)
  HIGHEST GUST SPEED    19   HIGHEST GUST DIRECTION    SE (120)
  AVERAGE WIND SPEED     3.6


SKY COVER
  POSSIBLE SUNSHINE  MM
  AVERAGE SKY COVER 0.2


WEATHER CONDITIONS
 THE FOLLOWING WEATHER WAS RECORDED YESTERDAY.
  NO SIGNIFICANT WEATHER WAS OBSERVED.


RELATIVE HUMIDITY (PERCENT)
 HIGHEST   100           600 AM
 LOWEST     44          1200 PM
 AVERAGE    72

..........................................................


THE EL DORADO CLIMATE NORMALS FOR TODAY
                         NORMAL    RECORD    YEAR
 MAXIMUM TEMPERATURE (F)   76        95      1987
 MINIMUM TEMPERATURE (F)   52        33      1921


SUNRISE AND SUNSET
APRIL 18 2014.........SUNRISE   638 AM CDT   SUNSET   744 PM CDT
APRIL 19 2014.........SUNRISE   636 AM CDT   SUNSET   745 PM CDT


-  INDICATES NEGATIVE NUMBERS.
R  INDICATES RECORD WAS SET OR TIED.
MM INDICATES DATA IS MISSING.
T  INDICATES TRACE AMOUNT.




$$
