000
CDUS44 KSHV 260843
CLIELD


CLIMATE REPORT
NATIONAL WEATHER SERVICE SHREVEPORT, LA
243 AM CST SUN FEB 26 2017


...................................

...THE EL DORADO CLIMATE SUMMARY FOR FEBRUARY 25 2017...

CLIMATE NORMAL PERIOD 1981 TO 2010
CLIMATE RECORD PERIOD 1907 TO 2017


WEATHER ITEM   OBSERVED TIME   RECORD YEAR NORMAL DEPARTURE LAST
                VALUE   (LST)  VALUE       VALUE  FROM      YEAR
                                                  NORMAL
..................................................................
TEMPERATURE (F)
 YESTERDAY
  MAXIMUM         56    419 PM  89    1918  62     -6       57
  MINIMUM         34   1126 PM  14    1967  39     -5       30
  AVERAGE         45                        50     -5       44

PRECIPITATION (IN)
  YESTERDAY        0.00          2.20 1982   0.18  -0.18     0.00
  MONTH TO DATE    2.57                      4.28  -1.71     4.85
  SINCE DEC 1     13.05                     13.76  -0.71    15.66
  SINCE JAN 1      6.76                      8.58  -1.82     7.60

SNOWFALL (IN)
  YESTERDAY        0.0
  MONTH TO DATE    0.0
  SINCE DEC 1      T
  SINCE JUL 1      T
  SNOW DEPTH       0

DEGREE DAYS
 HEATING
  YESTERDAY       20                        15      5       21
  MONTH TO DATE  237                       443   -206      355
  SINCE DEC 1   1155                      1707   -552     1397
  SINCE JUL 1   1428                      2186   -758     1691

 COOLING
  YESTERDAY        0                         0      0        0
  MONTH TO DATE   12                         0     12        2
  SINCE DEC 1     35                         6     29       21
  SINCE JAN 1     21                         2     19        6
..................................................................


WIND (MPH)
  HIGHEST WIND SPEED    15   HIGHEST WIND DIRECTION    NW (330)
  HIGHEST GUST SPEED    21   HIGHEST GUST DIRECTION    NW (300)
  AVERAGE WIND SPEED     5.4


SKY COVER
  POSSIBLE SUNSHINE  MM
  AVERAGE SKY COVER 0.0


WEATHER CONDITIONS
 THE FOLLOWING WEATHER WAS RECORDED YESTERDAY.
  NO SIGNIFICANT WEATHER WAS OBSERVED.


RELATIVE HUMIDITY (PERCENT)
 HIGHEST    89          1100 PM
 LOWEST     26           300 PM
 AVERAGE    58

..........................................................


THE EL DORADO CLIMATE NORMALS FOR TODAY
                         NORMAL    RECORD    YEAR
 MAXIMUM TEMPERATURE (F)   62        89      1917
 MINIMUM TEMPERATURE (F)   39        19      1960


SUNRISE AND SUNSET
FEBRUARY 26 2017......SUNRISE   643 AM CST   SUNSET   606 PM CST
FEBRUARY 27 2017......SUNRISE   641 AM CST   SUNSET   607 PM CST


-  INDICATES NEGATIVE NUMBERS.
R  INDICATES RECORD WAS SET OR TIED.
MM INDICATES DATA IS MISSING.
T  INDICATES TRACE AMOUNT.




$$
