000
CDUS44 KSHV 230847
CLIELD


CLIMATE REPORT
NATIONAL WEATHER SERVICE SHREVEPORT, LA
343 AM CDT SAT AUG 23 2014


...................................

...THE EL DORADO CLIMATE SUMMARY FOR AUGUST 22 2014...

CLIMATE NORMAL PERIOD 1981 TO 2010
CLIMATE RECORD PERIOD 1907 TO 2014


WEATHER ITEM   OBSERVED TIME   RECORD YEAR NORMAL DEPARTURE LAST
                VALUE   (LST)  VALUE       VALUE  FROM      YEAR
                                                  NORMAL
..................................................................
TEMPERATURE (F)
 YESTERDAY
  MAXIMUM         92    410 PM 106    2000  92      0       97
  MINIMUM         72    549 AM  56    1961  70      2       69
  AVERAGE         82                        81      1       83

PRECIPITATION (IN)
  YESTERDAY        0.00          1.70 1988   0.10  -0.10     1.01
  MONTH TO DATE    2.06                      2.27  -0.21     1.01
  SINCE DEC 1     36.38                     38.89  -2.51    32.89
  SINCE JAN 1     29.82                     33.71  -3.89    26.83

SNOWFALL (IN)
  YESTERDAY        0.0
  MONTH TO DATE    0.0
  SINCE JUN 1      0.0
  SINCE JUL 1      0.0
  SNOW DEPTH       0

DEGREE DAYS
 HEATING
  YESTERDAY        0                         0      0        0
  MONTH TO DATE    0                         0      0        0
  SINCE JUN 1      0                         0      0        0
  SINCE JUL 1      0                         0      0        0

 COOLING
  YESTERDAY       17                        16      1       18
  MONTH TO DATE  314                       368    -54      352
  SINCE JUN 1   1122                      1280   -158     1231
  SINCE JAN 1   1374                      1591   -217     1509
..................................................................


WIND (MPH)
  HIGHEST WIND SPEED    13   HIGHEST WIND DIRECTION     W (250)
  HIGHEST GUST SPEED    17   HIGHEST GUST DIRECTION     W (260)
  AVERAGE WIND SPEED     4.2


SKY COVER
  POSSIBLE SUNSHINE  MM
  AVERAGE SKY COVER 0.0


WEATHER CONDITIONS
 THE FOLLOWING WEATHER WAS RECORDED YESTERDAY.
  FOG


RELATIVE HUMIDITY (PERCENT)
 HIGHEST   100           400 AM
 LOWEST     56           200 PM
 AVERAGE    78

..........................................................


THE EL DORADO CLIMATE NORMALS FOR TODAY
                         NORMAL    RECORD    YEAR
 MAXIMUM TEMPERATURE (F)   92       103      2005
                                             1924
 MINIMUM TEMPERATURE (F)   69        51      1956


SUNRISE AND SUNSET
AUGUST 23 2014........SUNRISE   640 AM CDT   SUNSET   748 PM CDT
AUGUST 24 2014........SUNRISE   640 AM CDT   SUNSET   746 PM CDT


-  INDICATES NEGATIVE NUMBERS.
R  INDICATES RECORD WAS SET OR TIED.
MM INDICATES DATA IS MISSING.
T  INDICATES TRACE AMOUNT.




$$
