000
CDUS44 KSHV 240951
CLIELD


CLIMATE REPORT
NATIONAL WEATHER SERVICE SHREVEPORT, LA
325 AM CST TUE JAN 24 2017


...................................

...THE EL DORADO CLIMATE SUMMARY FOR JANUARY 23 2017...

CLIMATE NORMAL PERIOD 1981 TO 2010
CLIMATE RECORD PERIOD 1907 TO 2017


WEATHER ITEM   OBSERVED TIME   RECORD YEAR NORMAL DEPARTURE LAST
                VALUE   (LST)  VALUE       VALUE  FROM      YEAR
                                                  NORMAL
..................................................................
TEMPERATURE (F)
 YESTERDAY
  MAXIMUM         MM        MM  82    1943  55     MM       41
  MINIMUM         MM        MM  11    1963  33     MM       26
  AVERAGE         MM                        44     MM       34

PRECIPITATION (IN)
  YESTERDAY        0.00          2.31 1971   0.14  -0.14     0.00
  MONTH TO DATE    3.95                      3.10   0.85     2.75
  SINCE DEC 1     10.24                      8.28   1.96    10.81
  SINCE JAN 1      3.95                      3.10   0.85     2.75

SNOWFALL (IN)
  YESTERDAY        0.0
  MONTH TO DATE    T
  SINCE DEC 1      T
  SINCE JUL 1      T
  SNOW DEPTH       0

DEGREE DAYS
 HEATING
  YESTERDAY       MM                        21     MM       31
  MONTH TO DATE  282                       492   -210      532
  SINCE DEC 1    802                      1100   -298      927
  SINCE JUL 1   1075                      1579   -504     1221

 COOLING
  YESTERDAY       MM                         0     MM        0
  MONTH TO DATE    9                         0      9        0
  SINCE DEC 1     23                         4     19       15
  SINCE JAN 1      9                         0      9        0
..................................................................


WIND (MPH)
  HIGHEST WIND SPEED    MM   HIGHEST WIND DIRECTION    MM
  HIGHEST GUST SPEED    MM   HIGHEST GUST DIRECTION    MM
  AVERAGE WIND SPEED    MM


SKY COVER
  POSSIBLE SUNSHINE  MM
  AVERAGE SKY COVER 0.0


WEATHER CONDITIONS
 THE FOLLOWING WEATHER WAS RECORDED YESTERDAY.
  NO SIGNIFICANT WEATHER WAS OBSERVED.


RELATIVE HUMIDITY (PERCENT)
 HIGHEST    MM           200 PM
 LOWEST     MM           200 PM
 AVERAGE    MM

..........................................................


THE EL DORADO CLIMATE NORMALS FOR TODAY
                         NORMAL    RECORD    YEAR
 MAXIMUM TEMPERATURE (F)   55        82      1972
 MINIMUM TEMPERATURE (F)   33         3      1963


SUNRISE AND SUNSET
JANUARY 24 2017.......SUNRISE   711 AM CST   SUNSET   536 PM CST
JANUARY 25 2017.......SUNRISE   711 AM CST   SUNSET   537 PM CST


-  INDICATES NEGATIVE NUMBERS.
R  INDICATES RECORD WAS SET OR TIED.
MM INDICATES DATA IS MISSING.
T  INDICATES TRACE AMOUNT.




$$
