000
CDUS44 KSHV 302155
CLIELD


CLIMATE REPORT
NATIONAL WEATHER SERVICE SHREVEPORT, LA
453 PM CDT TUE JUN 30 2015


...................................

...THE EL DORADO CLIMATE SUMMARY FOR JUNE 30 2015...
VALID TODAY AS OF 0400 PM LOCAL TIME.

CLIMATE NORMAL PERIOD 1981 TO 2010
CLIMATE RECORD PERIOD 1907 TO 2015


WEATHER ITEM   OBSERVED TIME   RECORD YEAR NORMAL DEPARTURE LAST
                VALUE   (LST)  VALUE       VALUE  FROM      YEAR
                                                  NORMAL
..................................................................
TEMPERATURE (F)
 TODAY
  MAXIMUM         93    225 PM 103    1925  91      2       91
  MINIMUM         73    309 AM  59    2006  70      3       74
  AVERAGE         83                        81      2       83

PRECIPITATION (IN)
  TODAY            0.00          1.22 1994   0.17  -0.17     0.00
  MONTH TO DATE    2.08                      4.90  -2.82     3.05
  SINCE DEC 1     32.47                     33.06  -0.59    31.46
  SINCE JAN 1     29.14                     27.88   1.26    24.90

DEGREE DAYS
 HEATING
  TODAY            0                         0      0        0
  MONTH TO DATE    0                         0      0        0
  SINCE JUN 1      0                         0      0        0
  SINCE JUL 1   2919                      2673    246     3248

 COOLING
  TODAY           18                        16      2       18
  MONTH TO DATE  430                       396     34      417
  SINCE JUN 1    430                       396     34      417
  SINCE JAN 1    770                       707     63      669
..................................................................


WIND (MPH)
  HIGHEST WIND SPEED    15   HIGHEST WIND DIRECTION    SW (240)
  HIGHEST GUST SPEED    21   HIGHEST GUST DIRECTION     W (250)
  AVERAGE WIND SPEED     7.6


SKY COVER
  POSSIBLE SUNSHINE  MM
  AVERAGE SKY COVER 0.2


WEATHER CONDITIONS
 THE FOLLOWING WEATHER WAS RECORDED TODAY.
  NO SIGNIFICANT WEATHER WAS OBSERVED.


RELATIVE HUMIDITY (PERCENT)
 HIGHEST    93           100 AM
 LOWEST     52           200 PM
 AVERAGE    73

..........................................................


THE EL DORADO CLIMATE NORMALS FOR TOMORROW
                         NORMAL    RECORD    YEAR
 MAXIMUM TEMPERATURE (F)   91       102      1954
 MINIMUM TEMPERATURE (F)   70        57      1950


SUNRISE AND SUNSET
JUNE 30 2015..........SUNRISE   605 AM CDT   SUNSET   824 PM CDT
JULY  1 2015..........SUNRISE   606 AM CDT   SUNSET   824 PM CDT


-  INDICATES NEGATIVE NUMBERS.
R  INDICATES RECORD WAS SET OR TIED.
MM INDICATES DATA IS MISSING.
T  INDICATES TRACE AMOUNT.




$$
