000
CDUS44 KEPZ 232328
CLIELP


CLIMATE REPORT
NATIONAL WEATHER SERVICE EL PASO, TX
428 PM MST FRI FEB 23 2018


...................................

...THE EL PASO CLIMATE SUMMARY FOR FEBRUARY 23 2018...
VALID TODAY AS OF 400 PM LOCAL TIME.

CLIMATE NORMAL PERIOD 1981 TO 2010
CLIMATE RECORD PERIOD 1879 TO 2018


WEATHER ITEM   OBSERVED TIME   RECORD YEAR NORMAL DEPARTURE LAST
                VALUE   (LST)  VALUE       VALUE  FROM      YEAR
                                                  NORMAL
..................................................................
TEMPERATURE (F)
 TODAY
  MAXIMUM         68    318 PM  84    1904  65      3       73
  MINIMUM         37    504 AM  20    1976  39     -2       54
                                      1964

PRECIPITATION (IN)
  TODAY            0.00                      0.01  -0.01     0.00
  MONTH TO DATE    0.67                      0.39   0.28     0.16
  SINCE DEC 1      1.45                      1.57  -0.12     2.07
  SINCE JAN 1      0.77                      0.79  -0.02     1.21

SNOWFALL (IN)
  TODAY            0.0                                       0.0
  MONTH TO DATE    0.0                                        T
  SINCE JUL 1      0.1                                        T

..................................................................


WIND (MPH)
  HIGHEST WIND SPEED    22   HIGHEST WIND DIRECTION     W (250)
  HIGHEST GUST SPEED    27   HIGHEST GUST DIRECTION     W (260)


SKY COVER
  AVERAGE SKY COVER 0.3


WEATHER CONDITIONS
 THE FOLLOWING WEATHER WAS RECORDED TODAY.
  NO SIGNIFICANT WEATHER WAS OBSERVED.


RELATIVE HUMIDITY (PERCENT)
 HIGHEST    64           500 AM
 LOWEST     11           200 PM

..........................................................


THE EL PASO CLIMATE NORMALS FOR TOMORROW
                         NORMAL    RECORD    YEAR
 MAXIMUM TEMPERATURE (F)   65        86      1904
 MINIMUM TEMPERATURE (F)   39        16      1894


SUNRISE AND SUNSET
FEBRUARY 23 2018......SUNRISE   639 AM MST   SUNSET   559 PM MST
FEBRUARY 24 2018......SUNRISE   638 AM MST   SUNSET   600 PM MST


-  INDICATES NEGATIVE NUMBERS.
R  INDICATES RECORD WAS SET OR TIED.
MM INDICATES DATA IS MISSING.
T  INDICATES TRACE AMOUNT.




$$
