000
CDUS44 KEPZ 102326
CLIELP


CLIMATE REPORT
NATIONAL WEATHER SERVICE EL PASO, TX
425 PM MST WED FEB 10 2016


...................................

...THE EL PASO CLIMATE SUMMARY FOR FEBRUARY 10 2016...
VALID TODAY AS OF 0400 PM LOCAL TIME.

CLIMATE NORMAL PERIOD 1981 TO 2010
CLIMATE RECORD PERIOD 1879 TO 2016


WEATHER ITEM   OBSERVED TIME   RECORD YEAR NORMAL DEPARTURE LAST
                VALUE   (LST)  VALUE       VALUE  FROM      YEAR
                                                  NORMAL
..................................................................
TEMPERATURE (F)
 TODAY
  MAXIMUM         72    357 PM  81    1957  62     10       78
  MINIMUM         33    410 AM  15    1891  36     -3       43

PRECIPITATION (IN)
  TODAY            0.00                      0.02  -0.02     0.00
  MONTH TO DATE    0.07                      0.18  -0.11     0.00
  SINCE DEC 1      1.61                      1.36   0.25     0.97
  SINCE JAN 1      0.53                      0.58  -0.05     0.85

SNOWFALL (IN)
  TODAY            0.0                                       0.0
  MONTH TO DATE    T                                         0.0
  SINCE JUL 1      8.1                                        T

..................................................................


WIND (MPH)
  HIGHEST WIND SPEED    10   HIGHEST WIND DIRECTION     N (10)
  HIGHEST GUST SPEED    13   HIGHEST GUST DIRECTION     N (360)


SKY COVER
  AVERAGE SKY COVER 0.0


WEATHER CONDITIONS
 THE FOLLOWING WEATHER WAS RECORDED TODAY.
  NO SIGNIFICANT WEATHER WAS OBSERVED.


RELATIVE HUMIDITY (PERCENT)
 HIGHEST    48           700 AM
 LOWEST     10           400 PM

..........................................................


THE EL PASO CLIMATE NORMALS FOR TOMORROW
                         NORMAL    RECORD    YEAR
 MAXIMUM TEMPERATURE (F)   62        80      1957
                                             1916
 MINIMUM TEMPERATURE (F)   36        16      2011


SUNRISE AND SUNSET
FEBRUARY 10 2016......SUNRISE   652 AM MST   SUNSET   548 PM MST
FEBRUARY 11 2016......SUNRISE   652 AM MST   SUNSET   548 PM MST


-  INDICATES NEGATIVE NUMBERS.
R  INDICATES RECORD WAS SET OR TIED.
MM INDICATES DATA IS MISSING.
T  INDICATES TRACE AMOUNT.




$$
