000
CDUS44 KEPZ 230929
CLIELP


CLIMATE REPORT
NATIONAL WEATHER SERVICE EL PASO, TX
228 AM MST THU NOV 23 2017


...................................

...THE EL PASO CLIMATE SUMMARY FOR NOVEMBER 22 2017...

CLIMATE NORMAL PERIOD 1981 TO 2010
CLIMATE RECORD PERIOD 1879 TO 2017


WEATHER ITEM   OBSERVED TIME   RECORD YEAR NORMAL DEPARTURE LAST
                VALUE   (LST)  VALUE       VALUE  FROM      YEAR
                                                  NORMAL
..................................................................
TEMPERATURE (F)
 YESTERDAY
  MAXIMUM         68    406 PM  80    1897  63      5       65
  MINIMUM         45    623 AM  20    1979  38      7       44
                                      1898
  AVERAGE         57                        50      7       55

PRECIPITATION (IN)
  YESTERDAY        0.00          0.27 2004   0.01  -0.01     0.00
  MONTH TO DATE    0.28                      0.35  -0.07     0.38
  SINCE SEP 1      1.49                      2.47  -0.98     2.50
  SINCE JAN 1      9.41                      8.79   0.62     8.47

SNOWFALL (IN)
  YESTERDAY        0.0                                       0.0
  MONTH TO DATE    0.0                                       0.0
  SINCE SEP 1      0.0                                       0.0
  SINCE JUL 1      0.0                                        T
  SNOW DEPTH       0

DEGREE DAYS
 HEATING
  YESTERDAY        8                        15     -7       10
  MONTH TO DATE   72                       229   -157      121
  SINCE SEP 1    115                       312   -197      128
  SINCE JUL 1    115                       312   -197      128

 COOLING
  YESTERDAY        0                         0      0        0
  MONTH TO DATE   14                         0     14       23
  SINCE SEP 1    630                       399    231      587
  SINCE JAN 1   2917                      2328    589     2811
..................................................................


WIND (MPH)
  HIGHEST WIND SPEED    10   HIGHEST WIND DIRECTION     E (70)
  HIGHEST GUST SPEED    16   HIGHEST GUST DIRECTION    NE (60)
  AVERAGE WIND SPEED     3.7


SKY COVER
  POSSIBLE SUNSHINE  MM
  AVERAGE SKY COVER 0.3


WEATHER CONDITIONS
 THE FOLLOWING WEATHER WAS RECORDED YESTERDAY.
  HAZE


RELATIVE HUMIDITY (PERCENT)
 HIGHEST    45           600 AM
 LOWEST     17           400 PM
 AVERAGE    31

..........................................................


THE EL PASO CLIMATE NORMALS FOR TODAY
                         NORMAL    RECORD    YEAR
 MAXIMUM TEMPERATURE (F)   63        78      1965
                                             1915
 MINIMUM TEMPERATURE (F)   37        18      1957


SUNRISE AND SUNSET
NOVEMBER 23 2017......SUNRISE   641 AM MST   SUNSET   503 PM MST
NOVEMBER 24 2017......SUNRISE   642 AM MST   SUNSET   502 PM MST


-  INDICATES NEGATIVE NUMBERS.
R  INDICATES RECORD WAS SET OR TIED.
MM INDICATES DATA IS MISSING.
T  INDICATES TRACE AMOUNT.




$$
