000
CDUS44 KEPZ 030943
CLIELP


CLIMATE REPORT
NATIONAL WEATHER SERVICE EL PASO, TX
342 AM MDT FRI JUL 3 2015


...................................

...THE EL PASO CLIMATE SUMMARY FOR JULY 2 2015...

CLIMATE NORMAL PERIOD 1981 TO 2010
CLIMATE RECORD PERIOD 1879 TO 2015


WEATHER ITEM   OBSERVED TIME   RECORD YEAR NORMAL DEPARTURE LAST
                VALUE   (LST)  VALUE       VALUE  FROM      YEAR
                                                  NORMAL
..................................................................
TEMPERATURE (F)
 YESTERDAY
  MAXIMUM        101    454 PM 108    1994  96      5       92
                                      1989
  MINIMUM         74    558 AM  60    1908  71      3       69
  AVERAGE         88                        84      4       81

PRECIPITATION (IN)
  YESTERDAY        0.00          1.65 1971   0.04  -0.04     0.00
  MONTH TO DATE    0.00                      0.08  -0.08     0.08
  SINCE JUN 1      0.18                      1.02  -0.84     0.09
  SINCE JAN 1      2.72                      2.84  -0.12     0.73

SNOWFALL (IN)
  YESTERDAY        0.0                                       0.0
  MONTH TO DATE    0.0                                       0.0
  SINCE JUN 1      0.0                                       0.0
  SINCE JUL 1      0.0                                       0.0
  SNOW DEPTH       0

DEGREE DAYS
 HEATING
  YESTERDAY        0                         0      0        0
  MONTH TO DATE    0                         0      0        0
  SINCE JUN 1      0                         0      0        0
  SINCE JUL 1      0                         0      0        0

 COOLING
  YESTERDAY       23                        19      4       16
  MONTH TO DATE   42                        38      4       36
  SINCE JUN 1    634                       540     94      729
  SINCE JAN 1   1005                       917     88     1156
..................................................................


WIND (MPH)
  HIGHEST WIND SPEED    18   HIGHEST WIND DIRECTION     E (110)
  HIGHEST GUST SPEED    23   HIGHEST GUST DIRECTION    SE (120)
  AVERAGE WIND SPEED     6.3


SKY COVER
  POSSIBLE SUNSHINE  MM
  AVERAGE SKY COVER 0.6


WEATHER CONDITIONS
 THE FOLLOWING WEATHER WAS RECORDED YESTERDAY.
  NO SIGNIFICANT WEATHER WAS OBSERVED.


RELATIVE HUMIDITY (PERCENT)
 HIGHEST    49           500 AM
 LOWEST     16           500 PM
 AVERAGE    33

..........................................................


THE EL PASO CLIMATE NORMALS FOR TODAY
                         NORMAL    RECORD    YEAR
 MAXIMUM TEMPERATURE (F)   96       109      1960
 MINIMUM TEMPERATURE (F)   71        62      1991
                                             1987


SUNRISE AND SUNSET
JULY  3 2015..........SUNRISE   604 AM MDT   SUNSET   815 PM MDT
JULY  4 2015..........SUNRISE   605 AM MDT   SUNSET   815 PM MDT


-  INDICATES NEGATIVE NUMBERS.
R  INDICATES RECORD WAS SET OR TIED.
MM INDICATES DATA IS MISSING.
T  INDICATES TRACE AMOUNT.




$$
