000
CDUS44 KEPZ 280932
CLIELP


CLIMATE REPORT
NATIONAL WEATHER SERVICE EL PASO, TX
331 AM MDT SAT MAR 28 2015


...................................

...THE EL PASO CLIMATE SUMMARY FOR MARCH 27 2015...

CLIMATE NORMAL PERIOD 1981 TO 2010
CLIMATE RECORD PERIOD 1879 TO 2015


WEATHER ITEM   OBSERVED TIME   RECORD YEAR NORMAL DEPARTURE LAST
                VALUE   (LST)  VALUE       VALUE  FROM      YEAR
                                                  NORMAL
..................................................................
TEMPERATURE (F)
 YESTERDAY
  MAXIMUM         80    409 PM  88    1971  73      7       77
                                      1928
  MINIMUM         45    542 AM  23    1955  45      0       59
  AVERAGE         63                        59      4       68

PRECIPITATION (IN)
  YESTERDAY        0.00          0.60 1888   0.00   0.00     0.00
  MONTH TO DATE    0.61                      0.23   0.38     0.18
  SINCE MAR 1      0.61                      0.23   0.38     0.18
  SINCE JAN 1      1.49                      1.09   0.40     0.18

SNOWFALL (IN)
  YESTERDAY        0.0                                       0.0
  MONTH TO DATE    0.0                                       0.0
  SINCE MAR 1      0.0                                       0.0
  SINCE JUL 1      T                                          T
  SNOW DEPTH       0

DEGREE DAYS
 HEATING
  YESTERDAY        2                         6     -4        0
  MONTH TO DATE  188                       247    -59      171
  SINCE MAR 1    188                       247    -59      171
  SINCE JUL 1   2011                      2350   -339     1959

 COOLING
  YESTERDAY        0                         1     -1        3
  MONTH TO DATE    7                         2      5       11
  SINCE MAR 1      7                         2      5       11
  SINCE JAN 1      8                         2      6       18
..................................................................


WIND (MPH)
  HIGHEST WIND SPEED    17   HIGHEST WIND DIRECTION     W (260)
  HIGHEST GUST SPEED    20   HIGHEST GUST DIRECTION     W (270)
  AVERAGE WIND SPEED     5.9


SKY COVER
  POSSIBLE SUNSHINE  MM
  AVERAGE SKY COVER 0.1


WEATHER CONDITIONS
 THE FOLLOWING WEATHER WAS RECORDED YESTERDAY.
  NO SIGNIFICANT WEATHER WAS OBSERVED.


RELATIVE HUMIDITY (PERCENT)
 HIGHEST    53           600 AM
 LOWEST      9           600 PM
 AVERAGE    31

..........................................................


THE EL PASO CLIMATE NORMALS FOR TODAY
                         NORMAL    RECORD    YEAR
 MAXIMUM TEMPERATURE (F)   73        88      1967
 MINIMUM TEMPERATURE (F)   45        27      1955


SUNRISE AND SUNSET
MARCH 28 2015.........SUNRISE   659 AM MDT   SUNSET   722 PM MDT
MARCH 29 2015.........SUNRISE   658 AM MDT   SUNSET   723 PM MDT


-  INDICATES NEGATIVE NUMBERS.
R  INDICATES RECORD WAS SET OR TIED.
MM INDICATES DATA IS MISSING.
T  INDICATES TRACE AMOUNT.




$$
