000
CDUS44 KEPZ 220935
CLIELP


CLIMATE REPORT
NATIONAL WEATHER SERVICE EL PASO, TX
333 AM MDT TUE AUG 22 2017


...................................

...THE EL PASO CLIMATE SUMMARY FOR AUGUST 21 2017...

CLIMATE NORMAL PERIOD 1981 TO 2010
CLIMATE RECORD PERIOD 1879 TO 2017


WEATHER ITEM   OBSERVED TIME   RECORD YEAR NORMAL DEPARTURE LAST
                VALUE   (LST)  VALUE       VALUE  FROM      YEAR
                                                  NORMAL
..................................................................
TEMPERATURE (F)
 YESTERDAY
  MAXIMUM         88    327 PM 104    2007  92     -4       86
  MINIMUM         67    629 AM  60    1976  70     -3       63
                                      1973
                                      1897
  AVERAGE         78                        81     -3       75

PRECIPITATION (IN)
  YESTERDAY        0.01          1.53 2016   0.06  -0.05     1.53
  MONTH TO DATE    1.97                      1.47   0.50     3.63
  SINCE JUN 1      6.50                      3.96   2.54     4.20
  SINCE JAN 1      7.88                      5.78   2.10     4.84

SNOWFALL (IN)
  YESTERDAY        0.0                                        T
  MONTH TO DATE    0.0                                        T
  SINCE JUN 1      0.0                                        T
  SINCE JUL 1      0.0                                        T
  SNOW DEPTH       0

DEGREE DAYS
 HEATING
  YESTERDAY        0                         0      0        0
  MONTH TO DATE    0                         0      0        0
  SINCE JUN 1      0                         0      0        0
  SINCE JUL 1      0                         0      0        0

 COOLING
  YESTERDAY       13                        16     -3       10
  MONTH TO DATE  368                       346     22      366
  SINCE JUN 1   1585                      1400    185     1700
  SINCE JAN 1   2139                      1777    362     2096
..................................................................


WIND (MPH)
  HIGHEST WIND SPEED    17   HIGHEST WIND DIRECTION    SE (140)
  HIGHEST GUST SPEED    20   HIGHEST GUST DIRECTION    SE (150)
  AVERAGE WIND SPEED     3.9


SKY COVER
  POSSIBLE SUNSHINE  MM
  AVERAGE SKY COVER 0.4


WEATHER CONDITIONS
 THE FOLLOWING WEATHER WAS RECORDED YESTERDAY.
  THUNDERSTORM
  LIGHT RAIN


RELATIVE HUMIDITY (PERCENT)
 HIGHEST    93           500 AM
 LOWEST     42           300 PM
 AVERAGE    68

..........................................................


THE EL PASO CLIMATE NORMALS FOR TODAY
                         NORMAL    RECORD    YEAR
 MAXIMUM TEMPERATURE (F)   92       101      1994
 MINIMUM TEMPERATURE (F)   69        59      1881


SUNRISE AND SUNSET
AUGUST 22 2017........SUNRISE   635 AM MDT   SUNSET   741 PM MDT
AUGUST 23 2017........SUNRISE   636 AM MDT   SUNSET   740 PM MDT


-  INDICATES NEGATIVE NUMBERS.
R  INDICATES RECORD WAS SET OR TIED.
MM INDICATES DATA IS MISSING.
T  INDICATES TRACE AMOUNT.




$$
