000
CDUS45 KLKN 060032
CLIELY


CLIMATE REPORT
NATIONAL WEATHER SERVICE ELKO NV
526 PM PDT SUN JUL 5 2015


...................................

...THE ELY AIRPORT NV CLIMATE SUMMARY FOR JULY 5 2015...
VALID TODAY AS OF 500 PM LOCAL TIME.

CLIMATE NORMAL PERIOD 1981 TO 2010
CLIMATE RECORD PERIOD 1893 TO 2015


WEATHER ITEM   OBSERVED TIME   RECORD YEAR NORMAL DEPARTURE LAST
                VALUE   (LST)  VALUE       VALUE  FROM      YEAR
                                                  NORMAL
..................................................................
TEMPERATURE (F)
 TODAY
  MAXIMUM         89    305 PM 100    1985  86      3       92
  MINIMUM         51    446 AM  31    1902  47      4       54
  AVERAGE         70                        66      4       73

PRECIPITATION (IN)
  TODAY            0.00          0.17 2012   0.01  -0.01     0.00
  MONTH TO DATE    0.09                      0.06   0.03     0.00
  SINCE OCT 1      5.05                      7.45  -2.40     7.03
  SINCE JAN 1      3.88                      5.16  -1.28     4.35

SNOWFALL (IN)
  TODAY            0.0           0.0  1893   0.0    0.0      0.0
  MONTH TO DATE    0.0                       0.0    0.0      0.0
  SINCE JUN 1      0.0                       0.1   -0.1       T
  SINCE JUL 1      0.0                       0.0    0.0      0.0
  SNOW DEPTH       0

DEGREE DAYS
 HEATING
  TODAY            0                         1     -1        0
  MONTH TO DATE    0                         8     -8        0
  SINCE JUN 1     55                       183   -128      140
  SINCE JUL 1      0                         8     -8        0

 COOLING
  TODAY            5                         3      2        8
  MONTH TO DATE   41                        12     29       37
  SINCE JUN 1    148                        35    113       56
  SINCE JAN 1    151                        36    115       58
..................................................................


WIND (MPH)
  HIGHEST WIND SPEED    22   HIGHEST WIND DIRECTION    NW (310)
  HIGHEST GUST SPEED    30   HIGHEST GUST DIRECTION     W (280)



WEATHER CONDITIONS
 THE FOLLOWING WEATHER WAS RECORDED TODAY.
  NO SIGNIFICANT WEATHER WAS OBSERVED.


RELATIVE HUMIDITY (PERCENT)
 HIGHEST    83           400 AM
 LOWEST     13           400 PM
 AVERAGE    48

..........................................................


THE ELY AIRPORT NV CLIMATE NORMALS FOR TOMORROW
                         NORMAL    RECORD    YEAR
 MAXIMUM TEMPERATURE (F)   87        97      2007
 MINIMUM TEMPERATURE (F)   47        32      1994


SUNRISE AND SUNSET
JULY  5 2015..........SUNRISE   519 AM PDT   SUNSET   809 PM PDT
JULY  6 2015..........SUNRISE   519 AM PDT   SUNSET   809 PM PDT


-  INDICATES NEGATIVE NUMBERS.
R  INDICATES RECORD WAS SET OR TIED.
MM INDICATES DATA IS MISSING.
T  INDICATES TRACE AMOUNT.




$$
