000
CDUS45 KLKN 030935
CLIELY


CLIMATE REPORT
NATIONAL WEATHER SERVICE ELKO NV
133 AM PST TUE MAR 3 2015


...................................

...THE ELY AIRPORT NV CLIMATE SUMMARY FOR MARCH 2 2015...

CLIMATE NORMAL PERIOD 1981 TO 2010
CLIMATE RECORD PERIOD 1893 TO 2015


WEATHER ITEM   OBSERVED TIME   RECORD YEAR NORMAL DEPARTURE LAST
                VALUE   (LST)  VALUE       VALUE  FROM      YEAR
                                                  NORMAL
..................................................................
TEMPERATURE (F)
 YESTERDAY
  MAXIMUM         35   1255 PM  61    1994  47    -12       48
  MINIMUM         15    837 PM -10    1971  20     -5       26
  AVERAGE         25                        33     -8       37

PRECIPITATION (IN)
  YESTERDAY        0.24          0.48 1981   0.03   0.21     0.00
  MONTH TO DATE    0.32                      0.06   0.26     0.02
  SINCE OCT 1      2.01                      3.80  -1.79     4.43
  SINCE JAN 1      0.84                      1.51  -0.67     1.75

SNOWFALL (IN)
  YESTERDAY        2.5           7.7  1974   0.3    2.2      0.0
  MONTH TO DATE    4.0                       0.6    3.4      0.6
  SINCE MAR 1      4.0                       0.6    3.4      0.6
  SINCE JUL 1     15.0                      35.5  -20.5     39.7
  SNOW DEPTH       T

DEGREE DAYS
 HEATING
  YESTERDAY       40                        32      8       28
  MONTH TO DATE   71                        64      7       55
  SINCE MAR 1     71                        64      7       55
  SINCE JUL 1   4315                      5401  -1086     5074

 COOLING
  YESTERDAY        0                         0      0        0
  MONTH TO DATE    0                         0      0        0
  SINCE MAR 1      0                         0      0        0
  SINCE JAN 1      0                         0      0        0
..................................................................


WIND (MPH)
  HIGHEST WIND SPEED    15   HIGHEST WIND DIRECTION     N (10)
  HIGHEST GUST SPEED    18   HIGHEST GUST DIRECTION     N (350)
  AVERAGE WIND SPEED     5.0



WEATHER CONDITIONS
 THE FOLLOWING WEATHER WAS RECORDED YESTERDAY.
  SNOW
  LIGHT SNOW
  FOG
  FOG W/VISIBILITY <= 1/4 MILE


RELATIVE HUMIDITY (PERCENT)
 HIGHEST   100           900 PM
 LOWEST     75          1200 PM
 AVERAGE    88

..........................................................


THE ELY AIRPORT NV CLIMATE NORMALS FOR TODAY
                         NORMAL    RECORD    YEAR
 MAXIMUM TEMPERATURE (F)   47        67      1904
 MINIMUM TEMPERATURE (F)   20       -13      1952


SUNRISE AND SUNSET
MARCH  3 2015.........SUNRISE   609 AM PST   SUNSET   534 PM PST
MARCH  4 2015.........SUNRISE   608 AM PST   SUNSET   535 PM PST


-  INDICATES NEGATIVE NUMBERS.
R  INDICATES RECORD WAS SET OR TIED.
MM INDICATES DATA IS MISSING.
T  INDICATES TRACE AMOUNT.




$$
