000
CDUS45 KLKN 120932
CLIELY


CLIMATE REPORT
NATIONAL WEATHER SERVICE ELKO NV
131 AM PST TUE DEC 12 2017


...................................

...THE ELY AIRPORT NV CLIMATE SUMMARY FOR DECEMBER 11 2017...

CLIMATE NORMAL PERIOD 1981 TO 2010
CLIMATE RECORD PERIOD 1893 TO 2017


WEATHER ITEM   OBSERVED TIME   RECORD YEAR NORMAL DEPARTURE LAST
                VALUE   (LST)  VALUE       VALUE  FROM      YEAR
                                                  NORMAL
..................................................................
TEMPERATURE (F)
 YESTERDAY
  MAXIMUM         50    221 PM  61    2004  40     10       44
  MINIMUM          2    722 AM -24    1972  11     -9       26
  AVERAGE         26                        25      1       35

PRECIPITATION (IN)
  YESTERDAY        0.00          0.25 1897   0.01  -0.01      T
  MONTH TO DATE    T                         0.18  -0.18     0.15
  SINCE OCT 1      0.40                      1.88  -1.48     0.76
  SINCE JAN 1      9.50                      9.35   0.15    10.48

SNOWFALL (IN)
  YESTERDAY        0.0           3.9  1968   0.2   -0.2       T
  MONTH TO DATE    0.2                       2.3   -2.1      0.1
  SINCE DEC 1      0.2                       2.3   -2.1      0.1
  SINCE JUL 1      5.2                      11.8   -6.6      6.0
  SNOW DEPTH       0

DEGREE DAYS
 HEATING
  YESTERDAY       39                        40     -1       30
  MONTH TO DATE  411                       426    -15      424
  SINCE DEC 1    411                       426    -15      424
  SINCE JUL 1   2055                      2294   -239     1977

 COOLING
  YESTERDAY        0                         0      0        0
  MONTH TO DATE    0                         0      0        0
  SINCE DEC 1      0                         0      0        0
  SINCE JAN 1    433                       218    215      267
..................................................................


WIND (MPH)
  HIGHEST WIND SPEED    18   HIGHEST WIND DIRECTION     S (170)
  HIGHEST GUST SPEED    21   HIGHEST GUST DIRECTION     S (180)
  AVERAGE WIND SPEED     9.3



WEATHER CONDITIONS
 THE FOLLOWING WEATHER WAS RECORDED YESTERDAY.
  NO SIGNIFICANT WEATHER WAS OBSERVED.


RELATIVE HUMIDITY (PERCENT)
 HIGHEST    56           500 AM
 LOWEST      8           100 PM
 AVERAGE    32

..........................................................


THE ELY AIRPORT NV CLIMATE NORMALS FOR TODAY
                         NORMAL    RECORD    YEAR
 MAXIMUM TEMPERATURE (F)   39        63      2004
 MINIMUM TEMPERATURE (F)   11       -15      1972


SUNRISE AND SUNSET
DECEMBER 12 2017......SUNRISE   650 AM PST   SUNSET   417 PM PST
DECEMBER 13 2017......SUNRISE   651 AM PST   SUNSET   417 PM PST


-  INDICATES NEGATIVE NUMBERS.
R  INDICATES RECORD WAS SET OR TIED.
MM INDICATES DATA IS MISSING.
T  INDICATES TRACE AMOUNT.




$$
