289
CDUS45 KLKN 170944
CLIELY


CLIMATE REPORT
NATIONAL WEATHER SERVICE ELKO NV
144 AM PST TUE JAN 17 2017


...................................

...THE ELY AIRPORT NV CLIMATE SUMMARY FOR JANUARY 16 2017...

CLIMATE NORMAL PERIOD 1981 TO 2010
CLIMATE RECORD PERIOD 1893 TO 2017


WEATHER ITEM   OBSERVED TIME   RECORD YEAR NORMAL DEPARTURE LAST
                VALUE   (LST)  VALUE       VALUE  FROM      YEAR
                                                  NORMAL
..................................................................
TEMPERATURE (F)
 YESTERDAY
  MAXIMUM         24    358 PM  60    1961  40    -16       38
  MINIMUM         -2   1050 PM -16    1949  11    -13       11
  AVERAGE         11                        25    -14       25

PRECIPITATION (IN)
  YESTERDAY        T             0.84 1952   0.03  -0.03     0.00
  MONTH TO DATE    0.77                      0.38   0.39     1.32
  SINCE OCT 1      2.55                      2.67  -0.12     5.68
  SINCE JAN 1      0.77                      0.38   0.39     1.32

SNOWFALL (IN)
  YESTERDAY        0.0           6.1  1952   0.3   -0.3      0.0
  MONTH TO DATE   10.1                       5.0    5.1     17.1
  SINCE DEC 1     19.2                      13.4    5.8     39.2
  SINCE JUL 1     25.1                      22.9    2.2     56.9
  SNOW DEPTH       7

DEGREE DAYS
 HEATING
  YESTERDAY       54                        40     14       40
  MONTH TO DATE  654                       640     14      758
  SINCE DEC 1   1881                      1872      9     2029
  SINCE JUL 1   3434                      3740   -306     3658

 COOLING
  YESTERDAY        0                         0      0        0
  MONTH TO DATE    0                         0      0        0
  SINCE DEC 1      0                         0      0        0
  SINCE JAN 1      0                         0      0        0
..................................................................


WIND (MPH)
  HIGHEST WIND SPEED    17   HIGHEST WIND DIRECTION     N (20)
  HIGHEST GUST SPEED    21   HIGHEST GUST DIRECTION     N (10)
  AVERAGE WIND SPEED     8.8



WEATHER CONDITIONS
 THE FOLLOWING WEATHER WAS RECORDED YESTERDAY.
  FOG


RELATIVE HUMIDITY (PERCENT)
 HIGHEST   100          1200 AM
 LOWEST     68           200 PM
 AVERAGE    84

..........................................................


THE ELY AIRPORT NV CLIMATE NORMALS FOR TODAY
                         NORMAL    RECORD    YEAR
 MAXIMUM TEMPERATURE (F)   40        60      1961
 MINIMUM TEMPERATURE (F)   11       -21      1949


SUNRISE AND SUNSET
JANUARY 17 2017.......SUNRISE   656 AM PST   SUNSET   443 PM PST
JANUARY 18 2017.......SUNRISE   656 AM PST   SUNSET   444 PM PST


-  INDICATES NEGATIVE NUMBERS.
R  INDICATES RECORD WAS SET OR TIED.
MM INDICATES DATA IS MISSING.
T  INDICATES TRACE AMOUNT.




$$
