000
CDUS45 KLKN 250027
CLIELY


CLIMATE REPORT
NATIONAL WEATHER SERVICE ELKO NV
526 PM PDT THU APR 24 2014


...................................

...THE ELY AIRPORT NV CLIMATE SUMMARY FOR APRIL 24 2014...
VALID TODAY AS OF 500 PM LOCAL TIME.

CLIMATE NORMAL PERIOD 1981 TO 2010
CLIMATE RECORD PERIOD 1893 TO 2014


WEATHER ITEM   OBSERVED TIME   RECORD YEAR NORMAL DEPARTURE LAST
                VALUE   (LST)  VALUE       VALUE  FROM      YEAR
                                                  NORMAL
..................................................................
TEMPERATURE (F)
 TODAY
  MAXIMUM         67    321 PM  77    1977  60      7       58
  MINIMUM         25    201 AM   4    1964  29     -4       22
  AVERAGE         46                        44      2       40

PRECIPITATION (IN)
  TODAY            0.00          1.31 2005   0.03  -0.03     0.00
  MONTH TO DATE    0.20                      0.74  -0.54     0.86
  SINCE OCT 1      5.03                      5.41  -0.38     5.66
  SINCE JAN 1      2.35                      3.12  -0.77     2.56

SNOWFALL (IN)
  TODAY            0.0           5.0  1971   0.1   -0.1      0.0
  MONTH TO DATE    2.9                       4.3   -1.4      6.5
  SINCE MAR 1      7.3                      12.6   -5.3      9.6
  SINCE JUL 1     46.4                      47.5   -1.1     65.0
  SNOW DEPTH       0

DEGREE DAYS
 HEATING
  TODAY           19                        20     -1       25
  MONTH TO DATE  480                       560    -80      564
  SINCE MAR 1   1313                      1450   -137     1325
  SINCE JUL 1   6332                      6787   -455     6544

 COOLING
  TODAY            0                         0      0        0
  MONTH TO DATE    0                         0      0        0
  SINCE MAR 1      0                         0      0        0
  SINCE JAN 1      0                         0      0        0
..................................................................


WIND (MPH)
  HIGHEST WIND SPEED    20   HIGHEST WIND DIRECTION     W (250)
  HIGHEST GUST SPEED    26   HIGHEST GUST DIRECTION     W (260)



WEATHER CONDITIONS
 THE FOLLOWING WEATHER WAS RECORDED TODAY.
  NO SIGNIFICANT WEATHER WAS OBSERVED.


RELATIVE HUMIDITY (PERCENT)
 HIGHEST    68           200 AM
 LOWEST     16           200 PM
 AVERAGE    42

..........................................................


THE ELY AIRPORT NV CLIMATE NORMALS FOR TOMORROW
                         NORMAL    RECORD    YEAR
 MAXIMUM TEMPERATURE (F)   61        77      1987
                                             1898
 MINIMUM TEMPERATURE (F)   29        10      1960


SUNRISE AND SUNSET
APRIL 24 2014.........SUNRISE   550 AM PDT   SUNSET   726 PM PDT
APRIL 25 2014.........SUNRISE   548 AM PDT   SUNSET   727 PM PDT


-  INDICATES NEGATIVE NUMBERS.
R  INDICATES RECORD WAS SET OR TIED.
MM INDICATES DATA IS MISSING.
T  INDICATES TRACE AMOUNT.




$$
