000
CDUS43 KTOP 162235
CLIEMP


CLIMATE REPORT
NATIONAL WEATHER SERVICE TOPEKA KS
434 PM CST SAT DEC 16 2017


...................................

...THE EMPORIA KS CLIMATE SUMMARY FOR DECEMBER 16 2017...
VALID TODAY AS OF 430 PM LOCAL TIME.

CLIMATE NORMAL PERIOD 1981 TO 2010
CLIMATE RECORD PERIOD 9999 TO 9999


WEATHER ITEM   OBSERVED NORMAL DEPARTURE LAST
                VALUE   VALUE  FROM      YEAR
                               NORMAL
...............................................
TEMPERATURE (F)
 TODAY
  MAXIMUM         61     43     18       36
  MINIMUM         28     22      6       30
  AVERAGE         45     32     13       33

PRECIPITATION (IN)
  TODAY            0.00   0.04  -0.04     0.01
  MONTH TO DATE    0.00   0.83  -0.83     0.52
  SINCE DEC 1      0.00   0.83  -0.83     0.52
  SINCE JAN 1     32.92  35.87  -2.95    38.34

DEGREE DAYS
 HEATING
  TODAY           20     33    -13       32
  MONTH TO DATE  395    487    -92      557
  SINCE DEC 1    395    487    -92      557
  SINCE JUL 1   1214   1427   -213     1107

 COOLING
  TODAY            0      0      0        0
  MONTH TO DATE    0      0      0        0
  SINCE DEC 1      0      0      0        0
  SINCE JAN 1   1355   1403    -48     1629
...............................................


WIND (MPH)
  HIGHEST WIND SPEED    26   HIGHEST WIND DIRECTION     S (190)
  HIGHEST GUST SPEED    32   HIGHEST GUST DIRECTION     S (190)
  AVERAGE WIND SPEED    15.0



WEATHER CONDITIONS
 THE FOLLOWING WEATHER WAS RECORDED TODAY.
  NO SIGNIFICANT WEATHER WAS OBSERVED.


RELATIVE HUMIDITY (PERCENT)
 HIGHEST    72
 LOWEST     23
 AVERAGE    48

..........................................................


THE EMPORIA KS CLIMATE NORMALS FOR TOMORROW
                         NORMAL
 MAXIMUM TEMPERATURE (F)   42
 MINIMUM TEMPERATURE (F)   22


SUNRISE AND SUNSET
DECEMBER 16 2017......SUNRISE   735 AM CST   SUNSET   506 PM CST
DECEMBER 17 2017......SUNRISE   736 AM CST   SUNSET   506 PM CST


-  INDICATES NEGATIVE NUMBERS.
R  INDICATES RECORD WAS SET OR TIED.
MM INDICATES DATA IS MISSING.
T  INDICATES TRACE AMOUNT.




$$
