000
CDUS43 KTOP 262234
CLIEMP


CLIMATE REPORT
NATIONAL WEATHER SERVICE TOPEKA KS
433 PM CST MON JAN 26 2015


...................................

...THE EMPORIA KS CLIMATE SUMMARY FOR JANUARY 26 2015...
VALID TODAY AS OF 0400 PM LOCAL TIME.

CLIMATE NORMAL PERIOD 1981 TO 2010
CLIMATE RECORD PERIOD 9999 TO 9999


WEATHER ITEM   OBSERVED NORMAL DEPARTURE LAST
                VALUE   VALUE  FROM      YEAR
                               NORMAL
...............................................
TEMPERATURE (F)
 TODAY
  MAXIMUM         66     42     24       58
  MINIMUM         24     21      3       22
  AVERAGE         45     31     14       40

PRECIPITATION (IN)
  TODAY            0.00   0.03  -0.03     0.00
  MONTH TO DATE    0.06   0.45  -0.39     0.12
  SINCE DEC 1      1.65   1.80  -0.15     0.62
  SINCE JAN 1      0.06   0.45  -0.39     0.12

DEGREE DAYS
 HEATING
  TODAY           20     34    -14       25
  MONTH TO DATE  895    884     11      937
  SINCE DEC 1   1826   1877    -51     2042
  SINCE JUL 1   2876   2817     59     3073

 COOLING
  TODAY            0      0      0        0
  MONTH TO DATE    0      0      0        0
  SINCE DEC 1      0      0      0        0
  SINCE JAN 1      0      0      0        0
...............................................


WIND (MPH)
  HIGHEST WIND SPEED    23   HIGHEST WIND DIRECTION    NW (330)
  HIGHEST GUST SPEED    29   HIGHEST GUST DIRECTION    NW (320)
  AVERAGE WIND SPEED    10.1



WEATHER CONDITIONS
 THE FOLLOWING WEATHER WAS RECORDED TODAY.
  NO SIGNIFICANT WEATHER WAS OBSERVED.


RELATIVE HUMIDITY (PERCENT)
 HIGHEST    92
 LOWEST     34
 AVERAGE    63

..........................................................


THE EMPORIA KS CLIMATE NORMALS FOR TOMORROW
                         NORMAL
 MAXIMUM TEMPERATURE (F)   42
 MINIMUM TEMPERATURE (F)   21


SUNRISE AND SUNSET
JANUARY 26 2015.......SUNRISE   735 AM CST   SUNSET   540 PM CST
JANUARY 27 2015.......SUNRISE   734 AM CST   SUNSET   541 PM CST


-  INDICATES NEGATIVE NUMBERS.
R  INDICATES RECORD WAS SET OR TIED.
MM INDICATES DATA IS MISSING.
T  INDICATES TRACE AMOUNT.




$$
