000
CDUS43 KTOP 110632
CLIEMP


CLIMATE REPORT
NATIONAL WEATHER SERVICE TOPEKA KS
131 AM CDT FRI JUL 11 2014


...................................

...THE EMPORIA KS CLIMATE SUMMARY FOR JULY 10 2014...

CLIMATE NORMAL PERIOD 1981 TO 2010
CLIMATE RECORD PERIOD 9999 TO 9999


WEATHER ITEM   OBSERVED NORMAL DEPARTURE LAST
                VALUE   VALUE  FROM      YEAR
                               NORMAL
...............................................
TEMPERATURE (F)
 YESTERDAY
  MAXIMUM         84     89     -5       96
  MINIMUM         64     68     -4       71
  AVERAGE         74     79     -5       84

PRECIPITATION (IN)
  YESTERDAY        0.02   0.19  -0.17      T
  MONTH TO DATE    0.50   1.68  -1.18     0.17
  SINCE JUN 1      7.39   7.52  -0.13     1.58
  SINCE JAN 1     13.00  20.20  -7.20    14.15

DEGREE DAYS
 HEATING
  YESTERDAY        0      0      0        0
  MONTH TO DATE    1      0      1        0
  SINCE JUN 1      5      8     -3       12
  SINCE JUL 1      1      0      1        0

 COOLING
  YESTERDAY        9     14     -5       19
  MONTH TO DATE   91    130    -39      127
  SINCE JUN 1    363    393    -30      426
  SINCE JAN 1    539    512     27      542
...............................................


WIND (MPH)
  HIGHEST WIND SPEED    21   HIGHEST WIND DIRECTION     S (160)
  HIGHEST GUST SPEED    27   HIGHEST GUST DIRECTION    SE (150)
  AVERAGE WIND SPEED    11.9


SKY COVER
  AVERAGE SKY COVER 0.0


WEATHER CONDITIONS
 THE FOLLOWING WEATHER WAS RECORDED YESTERDAY.
  LIGHT RAIN


RELATIVE HUMIDITY (PERCENT)
 HIGHEST    90
 LOWEST     51
 AVERAGE    71

..........................................................


THE EMPORIA KS CLIMATE NORMALS FOR TODAY
                         NORMAL
 MAXIMUM TEMPERATURE (F)   90
 MINIMUM TEMPERATURE (F)   68


SUNRISE AND SUNSET
JULY 11 2014..........SUNRISE   611 AM CDT   SUNSET   850 PM CDT
JULY 12 2014..........SUNRISE   611 AM CDT   SUNSET   849 PM CDT


-  INDICATES NEGATIVE NUMBERS.
R  INDICATES RECORD WAS SET OR TIED.
MM INDICATES DATA IS MISSING.
T  INDICATES TRACE AMOUNT.




$$
