000
CDUS43 KTOP 262133
CLIEMP


CLIMATE REPORT
NATIONAL WEATHER SERVICE TOPEKA KS
432 PM CDT WED JUL 26 2017


...................................

...THE EMPORIA KS CLIMATE SUMMARY FOR JULY 26 2017...
VALID TODAY AS OF 0400 PM LOCAL TIME.

CLIMATE NORMAL PERIOD 1981 TO 2010
CLIMATE RECORD PERIOD 9999 TO 9999


WEATHER ITEM   OBSERVED NORMAL DEPARTURE LAST
                VALUE   VALUE  FROM      YEAR
                               NORMAL
...............................................
TEMPERATURE (F)
 TODAY
  MAXIMUM         87     91     -4       87
  MINIMUM         75     69      6       71
  AVERAGE         81     80      1       79

PRECIPITATION (IN)
  TODAY            0.15   0.09   0.06     0.00
  MONTH TO DATE    1.59   3.79  -2.20     4.18
  SINCE JUN 1      5.79   9.63  -3.84     5.44
  SINCE JAN 1     21.28  22.31  -1.03    21.17

DEGREE DAYS
 HEATING
  TODAY            0      0      0        0
  MONTH TO DATE    0      0      0        0
  SINCE JUN 1      0      8     -8        0
  SINCE JUL 1      0      0      0        0

 COOLING
  TODAY           16     15      1       14
  MONTH TO DATE  382    362     20      398
  SINCE JUN 1    660    625     35      800
  SINCE JAN 1    792    744     48      876
...............................................


WIND (MPH)
  HIGHEST WIND SPEED    20   HIGHEST WIND DIRECTION    SE (130)
  HIGHEST GUST SPEED    24   HIGHEST GUST DIRECTION    SE (130)
  AVERAGE WIND SPEED    13.1



WEATHER CONDITIONS
 THE FOLLOWING WEATHER WAS RECORDED TODAY.
  THUNDERSTORM
  LIGHT RAIN
  FOG


RELATIVE HUMIDITY (PERCENT)
 HIGHEST    87
 LOWEST     63
 AVERAGE    75

..........................................................


THE EMPORIA KS CLIMATE NORMALS FOR TOMORROW
                         NORMAL
 MAXIMUM TEMPERATURE (F)   91
 MINIMUM TEMPERATURE (F)   69


SUNRISE AND SUNSET
JULY 26 2017..........SUNRISE   622 AM CDT   SUNSET   840 PM CDT
JULY 27 2017..........SUNRISE   623 AM CDT   SUNSET   839 PM CDT


-  INDICATES NEGATIVE NUMBERS.
R  INDICATES RECORD WAS SET OR TIED.
MM INDICATES DATA IS MISSING.
T  INDICATES TRACE AMOUNT.




$$
