000
CDUS43 KTOP 290632
CLIEMP


CLIMATE REPORT
NATIONAL WEATHER SERVICE TOPEKA KS
131 AM CDT TUE JUL 29 2014


...................................

...THE EMPORIA KS CLIMATE SUMMARY FOR JULY 28 2014...

CLIMATE NORMAL PERIOD 1981 TO 2010
CLIMATE RECORD PERIOD 9999 TO 9999


WEATHER ITEM   OBSERVED NORMAL DEPARTURE LAST
                VALUE   VALUE  FROM      YEAR
                               NORMAL
...............................................
TEMPERATURE (F)
 YESTERDAY
  MAXIMUM         85     91     -6       64
  MINIMUM         59     69    -10       61
  AVERAGE         72     80     -8       63

PRECIPITATION (IN)
  YESTERDAY        0.00   0.09  -0.09     0.80
  MONTH TO DATE    1.07   3.96  -2.89     3.55
  SINCE JUN 1      7.96   9.80  -1.84     4.96
  SINCE JAN 1     13.57  22.48  -8.91    17.53

DEGREE DAYS
 HEATING
  YESTERDAY        0      0      0        2
  MONTH TO DATE    2      0      2        2
  SINCE JUN 1      6      8     -2       14
  SINCE JUL 1      2      0      2        2

 COOLING
  YESTERDAY        7     15     -8        0
  MONTH TO DATE  290    392   -102      365
  SINCE JUN 1    562    655    -93      664
  SINCE JAN 1    738    774    -36      780
...............................................


WIND (MPH)
  HIGHEST WIND SPEED    16   HIGHEST WIND DIRECTION    NW (330)
  HIGHEST GUST SPEED    20   HIGHEST GUST DIRECTION    NW (310)
  AVERAGE WIND SPEED     6.9


SKY COVER
  AVERAGE SKY COVER 0.0


WEATHER CONDITIONS
 THE FOLLOWING WEATHER WAS RECORDED YESTERDAY.
  NO SIGNIFICANT WEATHER WAS OBSERVED.


RELATIVE HUMIDITY (PERCENT)
 HIGHEST    93
 LOWEST     32
 AVERAGE    63

..........................................................


THE EMPORIA KS CLIMATE NORMALS FOR TODAY
                         NORMAL
 MAXIMUM TEMPERATURE (F)   91
 MINIMUM TEMPERATURE (F)   68


SUNRISE AND SUNSET
JULY 29 2014..........SUNRISE   625 AM CDT   SUNSET   837 PM CDT
JULY 30 2014..........SUNRISE   625 AM CDT   SUNSET   837 PM CDT


-  INDICATES NEGATIVE NUMBERS.
R  INDICATES RECORD WAS SET OR TIED.
MM INDICATES DATA IS MISSING.
T  INDICATES TRACE AMOUNT.




$$
