000
CDUS43 KTOP 270634
CLIEMP


CLIMATE REPORT
NATIONAL WEATHER SERVICE TOPEKA KS
133 AM CDT SAT MAY 27 2017


...................................

...THE EMPORIA KS CLIMATE SUMMARY FOR MAY 26 2017...

CLIMATE NORMAL PERIOD 1981 TO 2010
CLIMATE RECORD PERIOD 9999 TO 9999


WEATHER ITEM   OBSERVED NORMAL DEPARTURE LAST
                VALUE   VALUE  FROM      YEAR
                               NORMAL
...............................................
TEMPERATURE (F)
 YESTERDAY
  MAXIMUM         84     79      5       84
  MINIMUM         60     58      2       56
  AVERAGE         72     68      4       70

PRECIPITATION (IN)
  YESTERDAY        0.16   0.18  -0.02     2.41
  MONTH TO DATE    2.93   4.01  -1.08     5.84
  SINCE MAR 1     13.40   9.92   3.48    13.99
  SINCE JAN 1     15.14  11.78   3.36    15.16

DEGREE DAYS
 HEATING
  YESTERDAY        0      1     -1        0
  MONTH TO DATE   94     77     17      124
  SINCE MAR 1    825    984   -159      789
  SINCE JUL 1   3916   4806   -890     3902

 COOLING
  YESTERDAY        7      5      2        5
  MONTH TO DATE   67     70     -3       35
  SINCE MAR 1    109     93     16       55
  SINCE JAN 1    109     93     16       55
...............................................


WIND (MPH)
  HIGHEST WIND SPEED    22   HIGHEST WIND DIRECTION    NW (330)
  HIGHEST GUST SPEED    31   HIGHEST GUST DIRECTION    NW (320)
  AVERAGE WIND SPEED     6.7


SKY COVER
  AVERAGE SKY COVER 0.2


WEATHER CONDITIONS
 THE FOLLOWING WEATHER WAS RECORDED YESTERDAY.
  THUNDERSTORM
  LIGHT RAIN
  FOG
  HAZE


RELATIVE HUMIDITY (PERCENT)
 HIGHEST    97
 LOWEST     51
 AVERAGE    74

..........................................................


THE EMPORIA KS CLIMATE NORMALS FOR TODAY
                         NORMAL
 MAXIMUM TEMPERATURE (F)   79
 MINIMUM TEMPERATURE (F)   58


SUNRISE AND SUNSET
MAY 27 2017...........SUNRISE   605 AM CDT   SUNSET   839 PM CDT
MAY 28 2017...........SUNRISE   605 AM CDT   SUNSET   840 PM CDT


-  INDICATES NEGATIVE NUMBERS.
R  INDICATES RECORD WAS SET OR TIED.
MM INDICATES DATA IS MISSING.
T  INDICATES TRACE AMOUNT.




$$
