000
CDUS43 KTOP 270638
CLIEMP


CLIMATE REPORT
NATIONAL WEATHER SERVICE TOPEKA KS
1238 AM CST MON FEB 27 2017


...................................

...THE EMPORIA KS CLIMATE SUMMARY FOR FEBRUARY 26 2017...

CLIMATE NORMAL PERIOD 1981 TO 2010
CLIMATE RECORD PERIOD 9999 TO 9999


WEATHER ITEM   OBSERVED NORMAL DEPARTURE LAST
                VALUE   VALUE  FROM      YEAR
                               NORMAL
...............................................
TEMPERATURE (F)
 YESTERDAY
  MAXIMUM         53     50      3       61
  MINIMUM         30     27      3       18
  AVERAGE         42     39      3       40

PRECIPITATION (IN)
  YESTERDAY        0.01   0.05  -0.04     0.00
  MONTH TO DATE    0.69   1.15  -0.46     0.71
  SINCE DEC 1      2.51   3.13  -0.62     4.26
  SINCE JAN 1      1.74   1.78  -0.04     1.17

DEGREE DAYS
 HEATING
  YESTERDAY       23     26     -3       25
  MONTH TO DATE  540    782   -242      658
  SINCE DEC 1   2512   2830   -318     2354
  SINCE JUL 1   3062   3770   -708     3073

 COOLING
  YESTERDAY        0      0      0        0
  MONTH TO DATE    0      0      0        0
  SINCE DEC 1      0      0      0        0
  SINCE JAN 1      0      0      0        0
...............................................


WIND (MPH)
  HIGHEST WIND SPEED    21   HIGHEST WIND DIRECTION     S (180)
  HIGHEST GUST SPEED    25   HIGHEST GUST DIRECTION     S (180)
  AVERAGE WIND SPEED     8.3


SKY COVER
  AVERAGE SKY COVER 0.3


WEATHER CONDITIONS
 THE FOLLOWING WEATHER WAS RECORDED YESTERDAY.
  LIGHT SNOW
  FOG


RELATIVE HUMIDITY (PERCENT)
 HIGHEST   100
 LOWEST     35
 AVERAGE    68

..........................................................


THE EMPORIA KS CLIMATE NORMALS FOR TODAY
                         NORMAL
 MAXIMUM TEMPERATURE (F)   50
 MINIMUM TEMPERATURE (F)   28


SUNRISE AND SUNSET
FEBRUARY 27 2017......SUNRISE   659 AM CST   SUNSET   616 PM CST
FEBRUARY 28 2017......SUNRISE   658 AM CST   SUNSET   617 PM CST


-  INDICATES NEGATIVE NUMBERS.
R  INDICATES RECORD WAS SET OR TIED.
MM INDICATES DATA IS MISSING.
T  INDICATES TRACE AMOUNT.




$$
