000
CDUS46 KOTX 270828
CLIEPH


CLIMATE REPORT
NATIONAL WEATHER SERVICE SPOKANE, WA
1225 AM PST SAT DEC 27 2014


...................................

...THE EPHRATA WA AIRPORT CLIMATE SUMMARY FOR DECEMBER 26 2014...

CLIMATE NORMAL PERIOD 1981 TO 2010
CLIMATE RECORD PERIOD 9999 TO 9999


WEATHER ITEM   OBSERVED TIME   RECORD YEAR NORMAL DEPARTURE LAST
                VALUE   (LST)  VALUE       VALUE  FROM      YEAR
                                                  NORMAL
..................................................................
TEMPERATURE (F)
 YESTERDAY
  MAXIMUM         43   1236 PM  60    1980  32     11       39
  MINIMUM         25   1121 PM  -2    1988  20      5       23
  AVERAGE         34                        26      8       31

PRECIPITATION (IN)
  YESTERDAY        0.00        0.35   2006  0.04  -0.04     0.00
  MONTH TO DATE    0.75                     1.06  -0.31     0.02
  SINCE OCT 1      2.79                     2.65   0.14     0.75
  SINCE JAN 1      6.97                     7.67  -0.70     5.72

SNOWFALL (IN)
  YESTERDAY       MM

DEGREE DAYS
 HEATING
  YESTERDAY       31                        39     -8       34
  MONTH TO DATE  737                       974   -237     1036
  SINCE DEC 1    737                       974   -237     1036
  SINCE JUL 1   1884                      2393   -509     2405

 COOLING
  YESTERDAY        0                         0      0        0
  MONTH TO DATE    0                         0      0        0
  SINCE DEC 1      0                         0      0        0
  SINCE JAN 1   1137                       772    365     1084
..................................................................


WIND (MPH)
  HIGHEST WIND SPEED    17   HIGHEST WIND DIRECTION    NW (300)
  HIGHEST GUST SPEED    20   HIGHEST GUST DIRECTION    NW (300)
  AVERAGE WIND SPEED     6.4


SKY COVER
  POSSIBLE SUNSHINE  MM
  AVERAGE SKY COVER 0.0


WEATHER CONDITIONS
 THE FOLLOWING WEATHER WAS RECORDED YESTERDAY.
  NO SIGNIFICANT WEATHER WAS OBSERVED.


RELATIVE HUMIDITY (PERCENT)
 HIGHEST    92          1100 PM
 LOWEST     49          1200 PM
 AVERAGE    71

..........................................................


THE EPHRATA WA AIRPORT CLIMATE NORMALS FOR TODAY
                         NORMAL    RECORD    YEAR
 MAXIMUM TEMPERATURE (F)   32        56      1980
 MINIMUM TEMPERATURE (F)   20         2      1981


SUNRISE AND SUNSET
DECEMBER 27 2014......SUNRISE   744 AM PST   SUNSET   414 PM PST
DECEMBER 28 2014......SUNRISE   745 AM PST   SUNSET   415 PM PST


-  INDICATES NEGATIVE NUMBERS.
R  INDICATES RECORD WAS SET OR TIED.
MM INDICATES DATA IS MISSING.
T  INDICATES TRACE AMOUNT.

$$
