000
CDUS46 KOTX 170827
CLIEPH


CLIMATE REPORT
NATIONAL WEATHER SERVICE SPOKANE, WA
1227 AM PST TUE JAN 17 2017


...................................

...THE EPHRATA WA AIRPORT CLIMATE SUMMARY FOR JANUARY 16 2017...

CLIMATE NORMAL PERIOD 1981 TO 2010
CLIMATE RECORD PERIOD 9999 TO 9999


WEATHER ITEM   OBSERVED TIME   RECORD YEAR NORMAL DEPARTURE LAST
                VALUE   (LST)  VALUE       VALUE  FROM      YEAR
                                                  NORMAL
..................................................................
TEMPERATURE (F)
 YESTERDAY
  MAXIMUM         13    109 PM  54    1994  35    -22       35
  MINIMUM          3    818 PM -14    1950  23    -20       31
  AVERAGE          8                        29    -21       33

PRECIPITATION (IN)
  YESTERDAY        T             0.60 1971   0.03  -0.03     0.14
  MONTH TO DATE    0.11                      0.52  -0.41     0.67
  SINCE OCT 1      3.71                      3.35   0.36     3.39
  SINCE JAN 1      0.11                      0.52  -0.41     0.67

SNOWFALL (IN)
  YESTERDAY       MM

DEGREE DAYS
 HEATING
  YESTERDAY       57                        36     21       32
  MONTH TO DATE  821                       599    222      581
  SINCE DEC 1   2111                      1766    345     1624
  SINCE JUL 1   3234                      3185     49     2780

 COOLING
  YESTERDAY        0                         0      0        0
  MONTH TO DATE    0                         0      0        0
  SINCE DEC 1      0                         0      0        0
  SINCE JAN 1      0                         0      0        0
..................................................................


WIND (MPH)
  HIGHEST WIND SPEED     7   HIGHEST WIND DIRECTION     E (90)
  HIGHEST GUST SPEED     8   HIGHEST GUST DIRECTION    NE (60)
  AVERAGE WIND SPEED     1.5


SKY COVER
  POSSIBLE SUNSHINE  MM
  AVERAGE SKY COVER 0.9


WEATHER CONDITIONS
 THE FOLLOWING WEATHER WAS RECORDED YESTERDAY.
  LIGHT SNOW
  HAZE


RELATIVE HUMIDITY (PERCENT)
 HIGHEST    80           800 PM
 LOWEST     66           500 PM
 AVERAGE    73

..........................................................


THE EPHRATA WA AIRPORT CLIMATE NORMALS FOR TODAY
                         NORMAL    RECORD    YEAR
 MAXIMUM TEMPERATURE (F)   35        54      2011
 MINIMUM TEMPERATURE (F)   23       -18      1950


SUNRISE AND SUNSET
JANUARY 17 2017.......SUNRISE   739 AM PST   SUNSET   438 PM PST
JANUARY 18 2017.......SUNRISE   738 AM PST   SUNSET   440 PM PST


-  INDICATES NEGATIVE NUMBERS.
R  INDICATES RECORD WAS SET OR TIED.
MM INDICATES DATA IS MISSING.
T  INDICATES TRACE AMOUNT.




$$
