000
CDUS46 KOTX 260828
CLIEPH


CLIMATE REPORT
NATIONAL WEATHER SERVICE SPOKANE, WA
128 AM PDT TUE SEP 26 2017


...................................

...THE EPHRATA WA AIRPORT CLIMATE SUMMARY FOR SEPTEMBER 25 2017...

CLIMATE NORMAL PERIOD 1981 TO 2010
CLIMATE RECORD PERIOD 9999 TO 9999


WEATHER ITEM   OBSERVED TIME   RECORD YEAR NORMAL DEPARTURE LAST
                VALUE   (LST)  VALUE       VALUE  FROM      YEAR
                                                  NORMAL
..................................................................
TEMPERATURE (F)
 YESTERDAY
  MAXIMUM         71    422 PM  92    1952  74     -3       78
  MINIMUM         48    353 AM  34    1970  47      1       49
  AVERAGE         60                        60      0       64

PRECIPITATION (IN)
  YESTERDAY        0.00          0.38 1998   0.02  -0.02     0.00
  MONTH TO DATE    0.09                      0.29  -0.20     0.07
  SINCE OCT 1      9.50                      7.78   1.72     9.08
  SINCE JAN 1      5.90                      4.95   0.95     6.36

SNOWFALL (IN)
  YESTERDAY       MM

DEGREE DAYS
 HEATING
  YESTERDAY        5                         6     -1        1
  MONTH TO DATE   94                        75     19       85
  SINCE SEP 1     94                        75     19       85
  SINCE JUL 1     94                        92      2       87

 COOLING
  YESTERDAY        0                         1     -1        0
  MONTH TO DATE   99                        70     29        7
  SINCE SEP 1     99                        70     29        7
  SINCE JAN 1   1070                       764    306      739
..................................................................


WIND (MPH)
  HIGHEST WIND SPEED    12   HIGHEST WIND DIRECTION    SW (240)
  HIGHEST GUST SPEED    15   HIGHEST GUST DIRECTION     S (200)
  AVERAGE WIND SPEED     4.7


SKY COVER
  POSSIBLE SUNSHINE  MM
  AVERAGE SKY COVER 0.2


WEATHER CONDITIONS
 THE FOLLOWING WEATHER WAS RECORDED YESTERDAY.
  NO SIGNIFICANT WEATHER WAS OBSERVED.


RELATIVE HUMIDITY (PERCENT)
 HIGHEST    71           400 AM
 LOWEST     37           300 PM
 AVERAGE    54

..........................................................


THE EPHRATA WA AIRPORT CLIMATE NORMALS FOR TODAY
                         NORMAL    RECORD    YEAR
 MAXIMUM TEMPERATURE (F)   74        90      1963
 MINIMUM TEMPERATURE (F)   46        33      1972


SUNRISE AND SUNSET
SEPTEMBER 26 2017.....SUNRISE   651 AM PDT   SUNSET   647 PM PDT
SEPTEMBER 27 2017.....SUNRISE   652 AM PDT   SUNSET   645 PM PDT


-  INDICATES NEGATIVE NUMBERS.
R  INDICATES RECORD WAS SET OR TIED.
MM INDICATES DATA IS MISSING.
T  INDICATES TRACE AMOUNT.




$$
