000
CDUS46 KOTX 291245
CLIEPH


CLIMATE REPORT
NATIONAL WEATHER SERVICE SPOKANE, WA
545 AM PDT MON AUG 29 2016


...................................

...THE EPHRATA WA AIRPORT CLIMATE SUMMARY FOR AUGUST 28 2016...

CLIMATE NORMAL PERIOD 1981 TO 2010
CLIMATE RECORD PERIOD 9999 TO 9999


WEATHER ITEM   OBSERVED TIME   RECORD YEAR NORMAL DEPARTURE LAST
                VALUE   (LST)  VALUE       VALUE  FROM      YEAR
                                                  NORMAL
..................................................................
TEMPERATURE (F)
 YESTERDAY
  MAXIMUM         86    329 PM 103    1972  84      2       84
  MINIMUM         60    624 AM  44    1966  56      4       66
  AVERAGE         73                        70      3       75

PRECIPITATION (IN)
  YESTERDAY        0.00          0.38 1951   0.01  -0.01      T
  MONTH TO DATE    T                         0.18  -0.18      T
  SINCE OCT 1      9.01                      7.48   1.53     6.90
  SINCE JAN 1      6.29                      4.65   1.64     4.11

SNOWFALL (IN)
  YESTERDAY       MM

DEGREE DAYS
 HEATING
  YESTERDAY        0                         1     -1        0
  MONTH TO DATE    2                         2      0        0
  SINCE JUN 1     72                        70      2        4
  SINCE JUL 1      2                        10     -8        0

 COOLING
  YESTERDAY        8                         6      2       10
  MONTH TO DATE  256                       239     17      322
  SINCE JUN 1    683                       642     41     1147
  SINCE JAN 1    715                       679     36     1232
..................................................................


WIND (MPH)
  HIGHEST WIND SPEED    15   HIGHEST WIND DIRECTION    SW (230)
  HIGHEST GUST SPEED    20   HIGHEST GUST DIRECTION     W (250)
  AVERAGE WIND SPEED     5.4


SKY COVER
  POSSIBLE SUNSHINE  MM
  AVERAGE SKY COVER 0.0


WEATHER CONDITIONS
 THE FOLLOWING WEATHER WAS RECORDED YESTERDAY.
  NO SIGNIFICANT WEATHER WAS OBSERVED.


RELATIVE HUMIDITY (PERCENT)
 HIGHEST    48           300 AM
 LOWEST     17           300 PM
 AVERAGE    33

..........................................................


THE EPHRATA WA AIRPORT CLIMATE NORMALS FOR TODAY
                         NORMAL    RECORD    YEAR
 MAXIMUM TEMPERATURE (F)   84       100      1972
 MINIMUM TEMPERATURE (F)   55        41      1980


SUNRISE AND SUNSET
AUGUST 29 2016........SUNRISE   614 AM PDT   SUNSET   743 PM PDT
AUGUST 30 2016........SUNRISE   615 AM PDT   SUNSET   741 PM PDT


-  INDICATES NEGATIVE NUMBERS.
R  INDICATES RECORD WAS SET OR TIED.
MM INDICATES DATA IS MISSING.
T  INDICATES TRACE AMOUNT.




$$
