000
CDUS46 KOTX 200830
CLIEPH


CLIMATE REPORT
NATIONAL WEATHER SERVICE SPOKANE, WA
1224 AM PST TUE FEB 20 2018


...................................

...THE EPHRATA WA AIRPORT CLIMATE SUMMARY FOR FEBRUARY 19 2018...

CLIMATE NORMAL PERIOD 1981 TO 2010
CLIMATE RECORD PERIOD 9999 TO 9999


WEATHER ITEM   OBSERVED TIME   RECORD YEAR NORMAL DEPARTURE LAST
                VALUE   (LST)  VALUE       VALUE  FROM      YEAR
                                                  NORMAL
..................................................................
TEMPERATURE (F)
 YESTERDAY
  MAXIMUM         31    316 PM  61    1991  44    -13       38
  MINIMUM         19    733 AM   7    1986  26     -7       31
  AVERAGE         25                        35    -10       35

PRECIPITATION (IN)
  YESTERDAY        0.00          0.48 1981   0.03  -0.03     0.04
  MONTH TO DATE    0.32                      0.49  -0.17     1.04
  SINCE OCT 1      4.31                      4.23   0.08     5.60
  SINCE JAN 1      1.73                      1.40   0.33     2.00

SNOWFALL (IN)
  YESTERDAY       MM

DEGREE DAYS
 HEATING
  YESTERDAY       40                        30     10       30
  MONTH TO DATE  515                       607    -92      726
  SINCE DEC 1   2533                      2896   -363     3357
  SINCE JUL 1   3913                      4315   -402     4480

 COOLING
  YESTERDAY        0                         0      0        0
  MONTH TO DATE    0                         0      0        0
  SINCE DEC 1      0                         0      0        0
  SINCE JAN 1      0                         0      0        0
..................................................................


WIND (MPH)
  HIGHEST WIND SPEED    26   HIGHEST WIND DIRECTION     N (20)
  HIGHEST GUST SPEED    31   HIGHEST GUST DIRECTION     N (10)
  AVERAGE WIND SPEED    13.8


SKY COVER
  POSSIBLE SUNSHINE  MM
  AVERAGE SKY COVER 0.2


WEATHER CONDITIONS
 THE FOLLOWING WEATHER WAS RECORDED YESTERDAY.
  NO SIGNIFICANT WEATHER WAS OBSERVED.


RELATIVE HUMIDITY (PERCENT)
 HIGHEST    50           900 PM
 LOWEST     24           100 PM
 AVERAGE    37

..........................................................


THE EPHRATA WA AIRPORT CLIMATE NORMALS FOR TODAY
                         NORMAL    RECORD    YEAR
 MAXIMUM TEMPERATURE (F)   44        62      1982
 MINIMUM TEMPERATURE (F)   26        -2      1986


SUNRISE AND SUNSET
FEBRUARY 20 2018......SUNRISE   654 AM PST   SUNSET   530 PM PST
FEBRUARY 21 2018......SUNRISE   653 AM PST   SUNSET   531 PM PST


-  INDICATES NEGATIVE NUMBERS.
R  INDICATES RECORD WAS SET OR TIED.
MM INDICATES DATA IS MISSING.
T  INDICATES TRACE AMOUNT.




$$
