000
CDUS46 KOTX 310820
CLIEPH


CLIMATE REPORT
NATIONAL WEATHER SERVICE SPOKANE, WA
120 AM PDT FRI OCT 31 2014


...................................

...THE EPHRATA WA AIRPORT CLIMATE SUMMARY FOR OCTOBER 30 2014...

CLIMATE NORMAL PERIOD 1981 TO 2010
CLIMATE RECORD PERIOD 9999 TO 9999


WEATHER ITEM   OBSERVED TIME   RECORD YEAR NORMAL DEPARTURE LAST
                VALUE   (LST)  VALUE       VALUE  FROM      YEAR
                                                  NORMAL
..................................................................
TEMPERATURE (F)
 YESTERDAY
  MAXIMUM         58    340 PM  67    1967  54      4       50
  MINIMUM         49    216 AM  14    2002  34     15       24
  AVERAGE         54                        44     10       37

PRECIPITATION (IN)
  YESTERDAY        0.03          0.32 2001   0.02   0.01     0.00
  MONTH TO DATE    1.04                      0.50   0.54     0.14
  SINCE OCT 1      1.04                      0.50   0.54     0.14
  SINCE JAN 1      5.22                      5.52  -0.30     5.11

SNOWFALL (IN)
  YESTERDAY       MM

DEGREE DAYS
 HEATING
  YESTERDAY       11                        21    -10       28
  MONTH TO DATE  265                       432   -167      444
  SINCE SEP 1    302                       542   -240      552
  SINCE JUL 1    303                       559   -256      552

 COOLING
  YESTERDAY        0                         0      0        0
  MONTH TO DATE    8                         0      8        0
  SINCE SEP 1    104                        75     29      160
  SINCE JAN 1   1137                       769    368     1084
..................................................................


WIND (MPH)
  HIGHEST WIND SPEED    15   HIGHEST WIND DIRECTION     N (340)
  HIGHEST GUST SPEED    17   HIGHEST GUST DIRECTION     N (340)
  AVERAGE WIND SPEED     9.7


SKY COVER
  POSSIBLE SUNSHINE  MM
  AVERAGE SKY COVER 0.7


WEATHER CONDITIONS
 THE FOLLOWING WEATHER WAS RECORDED YESTERDAY.
  LIGHT RAIN


RELATIVE HUMIDITY (PERCENT)
 HIGHEST    86          1200 AM
 LOWEST     72           300 PM
 AVERAGE    79

..........................................................


THE EPHRATA WA AIRPORT CLIMATE NORMALS FOR TODAY
                         NORMAL    RECORD    YEAR
 MAXIMUM TEMPERATURE (F)   53        72      1967
 MINIMUM TEMPERATURE (F)   34         8      2002


SUNRISE AND SUNSET
OCTOBER 31 2014.......SUNRISE   740 AM PDT   SUNSET   543 PM PDT
NOVEMBER  1 2014......SUNRISE   742 AM PDT   SUNSET   541 PM PDT


-  INDICATES NEGATIVE NUMBERS.
R  INDICATES RECORD WAS SET OR TIED.
MM INDICATES DATA IS MISSING.
T  INDICATES TRACE AMOUNT.




$$
