000
CDUS46 KOTX 230833
CLIEPH


CLIMATE REPORT
NATIONAL WEATHER SERVICE SPOKANE, WA
132 AM PDT TUE SEP 23 2014


...................................

...THE EPHRATA WA AIRPORT CLIMATE SUMMARY FOR SEPTEMBER 22 2014...

CLIMATE NORMAL PERIOD 1981 TO 2010
CLIMATE RECORD PERIOD 9999 TO 9999


WEATHER ITEM   OBSERVED TIME   RECORD YEAR NORMAL DEPARTURE LAST
                VALUE   (LST)  VALUE       VALUE  FROM      YEAR
                                                  NORMAL
..................................................................
TEMPERATURE (F)
 YESTERDAY
  MAXIMUM         84    249 PM  96    1966  76      8       67
  MINIMUM         56    610 AM  35    1956  48      8       43
  AVERAGE         70                        62      8       55

PRECIPITATION (IN)
  YESTERDAY        0.00          0.63 1984   0.01  -0.01     0.06
  MONTH TO DATE    T                         0.24  -0.24     0.56
  SINCE OCT 1      4.64                      7.73  -3.09     8.60
  SINCE JAN 1      3.89                      4.90  -1.01     4.80

SNOWFALL (IN)
  YESTERDAY       MM            MM      MM   0.0   MM       MM
  MONTH TO DATE   MM                         0.0   MM       MM
  SINCE SEP 1     MM                         0.0   MM       MM
  SINCE JUL 1     MM                         0.0   MM       MM
  SNOW DEPTH      MM

DEGREE DAYS
 HEATING
  YESTERDAY        0                         5     -5       10
  MONTH TO DATE   17                        58    -41       29
  SINCE SEP 1     17                        58    -41       29
  SINCE JUL 1     18                        75    -57       29

 COOLING
  YESTERDAY        5                         2      3        0
  MONTH TO DATE   89                        67     22      160
  SINCE SEP 1     89                        67     22      160
  SINCE JAN 1   1122                       761    361     1084
..................................................................


WIND (MPH)
  HIGHEST WIND SPEED    12   HIGHEST WIND DIRECTION     S (200)
  HIGHEST GUST SPEED    15   HIGHEST GUST DIRECTION    SW (220)
  AVERAGE WIND SPEED     4.1


SKY COVER
  POSSIBLE SUNSHINE  MM
  AVERAGE SKY COVER 0.0


WEATHER CONDITIONS
 THE FOLLOWING WEATHER WAS RECORDED YESTERDAY.
  NO SIGNIFICANT WEATHER WAS OBSERVED.


RELATIVE HUMIDITY (PERCENT)
 HIGHEST    58          1100 PM
 LOWEST     28           100 PM
 AVERAGE    43

..........................................................


THE EPHRATA WA AIRPORT CLIMATE NORMALS FOR TODAY
                         NORMAL    RECORD    YEAR
 MAXIMUM TEMPERATURE (F)   75        92      1987
 MINIMUM TEMPERATURE (F)   47        32      2008


SUNRISE AND SUNSET
SEPTEMBER 23 2014.....SUNRISE   646 AM PDT   SUNSET   654 PM PDT
SEPTEMBER 24 2014.....SUNRISE   648 AM PDT   SUNSET   652 PM PDT


-  INDICATES NEGATIVE NUMBERS.
R  INDICATES RECORD WAS SET OR TIED.
MM INDICATES DATA IS MISSING.
T  INDICATES TRACE AMOUNT.




$$
