000
CDUS46 KOTX 200825
CLIEPH


CLIMATE REPORT
NATIONAL WEATHER SERVICE SPOKANE, WA
125 AM PDT THU JUL 20 2017


...................................

...THE EPHRATA WA AIRPORT CLIMATE SUMMARY FOR JULY 19 2017...

CLIMATE NORMAL PERIOD 1981 TO 2010
CLIMATE RECORD PERIOD 9999 TO 9999


WEATHER ITEM   OBSERVED TIME   RECORD YEAR NORMAL DEPARTURE LAST
                VALUE   (LST)  VALUE       VALUE  FROM      YEAR
                                                  NORMAL
..................................................................
TEMPERATURE (F)
 YESTERDAY
  MAXIMUM         90    459 PM 106    1956  89      1       80
  MINIMUM         58    513 AM  50    1996  61     -3       53
  AVERAGE         74                        75     -1       67

PRECIPITATION (IN)
  YESTERDAY        0.00          0.40 1972   0.01  -0.01     0.00
  MONTH TO DATE    0.00                      0.25  -0.25     0.21
  SINCE OCT 1      9.35                      7.15   2.20     8.90
  SINCE JAN 1      5.75                      4.32   1.43     6.18

SNOWFALL (IN)
  YESTERDAY       MM

DEGREE DAYS
 HEATING
  YESTERDAY        0                         0      0        0
  MONTH TO DATE    0                         4     -4        0
  SINCE JUN 1     43                        64    -21       70
  SINCE JUL 1      0                         4     -4        0

 COOLING
  YESTERDAY        9                        10     -1        2
  MONTH TO DATE  223                       162     61       94
  SINCE JUN 1    378                       272    106      269
  SINCE JAN 1    436                       309    127      301
..................................................................


WIND (MPH)
  HIGHEST WIND SPEED    18   HIGHEST WIND DIRECTION    NW (300)
  HIGHEST GUST SPEED    23   HIGHEST GUST DIRECTION     S (180)
  AVERAGE WIND SPEED     8.3


SKY COVER
  POSSIBLE SUNSHINE  MM
  AVERAGE SKY COVER 0.0


WEATHER CONDITIONS
 THE FOLLOWING WEATHER WAS RECORDED YESTERDAY.
  NO SIGNIFICANT WEATHER WAS OBSERVED.


RELATIVE HUMIDITY (PERCENT)
 HIGHEST    47           500 AM
 LOWEST     16           300 PM
 AVERAGE    32

..........................................................


THE EPHRATA WA AIRPORT CLIMATE NORMALS FOR TODAY
                         NORMAL    RECORD    YEAR
 MAXIMUM TEMPERATURE (F)   90       104      1979
 MINIMUM TEMPERATURE (F)   61        47      1972


SUNRISE AND SUNSET
JULY 20 2017..........SUNRISE   523 AM PDT   SUNSET   846 PM PDT
JULY 21 2017..........SUNRISE   524 AM PDT   SUNSET   845 PM PDT


-  INDICATES NEGATIVE NUMBERS.
R  INDICATES RECORD WAS SET OR TIED.
MM INDICATES DATA IS MISSING.
T  INDICATES TRACE AMOUNT.




$$
