000
CDUS41 KCLE 240528
CLIERI


CLIMATE REPORT
NATIONAL WEATHER SERVICE CLEVELAND OH
1227 AM EST TUE JAN 24 2017


...................................

...THE ERIE PA CLIMATE SUMMARY FOR JANUARY 23 2017...

CLIMATE NORMAL PERIOD 1981 TO 2010
CLIMATE RECORD PERIOD 1873 TO 2017


WEATHER ITEM   OBSERVED TIME   RECORD YEAR NORMAL DEPARTURE LAST
                VALUE   (LST)  VALUE       VALUE  FROM      YEAR
                                                  NORMAL
..................................................................
TEMPERATURE (F)
 YESTERDAY
  MAXIMUM         46    153 PM  65    1906  33     13       26
  MINIMUM         37   1159 PM  -9    1970  20     17       13
  AVERAGE         42                        27     15       20

PRECIPITATION (IN)
  YESTERDAY        0.09                      0.08   0.01      T
  MONTH TO DATE    3.84                      2.28   1.56     2.25
  SINCE DEC 1      7.72                      6.02   1.70     6.14
  SINCE JAN 1      3.84                      2.28   1.56     2.25

SNOWFALL (IN)
  YESTERDAY        0.0                       0.9   -0.9      0.1
  MONTH TO DATE   20.2                      22.9   -2.7     37.2
  SINCE DEC 1     42.4                      50.4   -8.0     42.1
  SINCE JUL 1     44.8                      59.1  -14.3     42.6
  SNOW DEPTH       0

DEGREE DAYS
 HEATING
  YESTERDAY       23                        38    -15       45
  MONTH TO DATE  718                       866   -148      875
  SINCE DEC 1   1711                      1878   -167     1519
  SINCE JUL 1   2491                      3034   -543     2410

 COOLING
  YESTERDAY        0                         0      0        0
  MONTH TO DATE    0                         0      0        0
  SINCE DEC 1      0                         0      0        0
  SINCE JAN 1      0                         0      0        0
..................................................................


WIND (MPH)
  HIGHEST WIND SPEED    25   HIGHEST WIND DIRECTION    NE (50)
  HIGHEST GUST SPEED    33   HIGHEST GUST DIRECTION    NE (60)
  AVERAGE WIND SPEED    15.0


SKY COVER
  POSSIBLE SUNSHINE  MM
  AVERAGE SKY COVER 0.9


WEATHER CONDITIONS
 THE FOLLOWING WEATHER WAS RECORDED YESTERDAY.
  LIGHT RAIN
  FOG


RELATIVE HUMIDITY (PERCENT)
 HIGHEST   100           300 AM
 LOWEST     76           200 PM
 AVERAGE    88

..........................................................


THE ERIE PA CLIMATE NORMALS FOR TODAY
                         NORMAL    RECORD    YEAR
 MAXIMUM TEMPERATURE (F)   33        65      1950
                                             1909
 MINIMUM TEMPERATURE (F)   20       -15      1963


SUNRISE AND SUNSET
JANUARY 24 2017.......SUNRISE   741 AM EST   SUNSET   526 PM EST
JANUARY 25 2017.......SUNRISE   740 AM EST   SUNSET   527 PM EST


-  INDICATES NEGATIVE NUMBERS.
R  INDICATES RECORD WAS SET OR TIED.
MM INDICATES DATA IS MISSING.
T  INDICATES TRACE AMOUNT.




$$
