000
CDUS41 KCLE 230528
CLIERI


CLIMATE REPORT
NATIONAL WEATHER SERVICE CLEVELAND OH
127 AM EDT SAT MAY 23 2015


...................................

...THE ERIE PA CLIMATE SUMMARY FOR MAY 22 2015...

CLIMATE NORMAL PERIOD 1981 TO 2010
CLIMATE RECORD PERIOD 1873 TO 2015


WEATHER ITEM   OBSERVED TIME   RECORD YEAR NORMAL DEPARTURE LAST
                VALUE   (LST)  VALUE       VALUE  FROM      YEAR
                                                  NORMAL
..................................................................
TEMPERATURE (F)
 YESTERDAY
  MAXIMUM         58    314 PM  87    2013  68    -10       66
                                      1902
  MINIMUM         40   1159 PM  35    2006  50    -10       52
  AVERAGE         49                        59    -10       59

PRECIPITATION (IN)
  YESTERDAY        T                         0.12  -0.12      T
  MONTH TO DATE    1.55                      2.41  -0.86     3.19
  SINCE MAR 1      6.52                      8.69  -2.17    10.18
  SINCE JAN 1     12.28                     14.03  -1.75    16.09

SNOWFALL (IN)
  YESTERDAY        0.0                       0.0    0.0      0.0
  MONTH TO DATE    0.0                       0.0    0.0      0.0
  SINCE MAR 1     10.9                      16.9   -6.0     18.8
  SINCE JUL 1    110.3                     100.9    9.4    138.4
  SNOW DEPTH       0

DEGREE DAYS
 HEATING
  YESTERDAY       16                         7      9        6
  MONTH TO DATE  141                       216    -75      198
  SINCE MAR 1   1717                      1670     47     1867
  SINCE JUL 1   6593                      6035    558     6688

 COOLING
  YESTERDAY        0                         1     -1        0
  MONTH TO DATE   60                        17     43       28
  SINCE MAR 1     60                        24     36       28
  SINCE JAN 1     60                        24     36       28
..................................................................


WIND (MPH)
  HIGHEST WIND SPEED    22   HIGHEST WIND DIRECTION    NW (300)
  HIGHEST GUST SPEED    30   HIGHEST GUST DIRECTION     W (270)
  AVERAGE WIND SPEED     9.7


SKY COVER
  POSSIBLE SUNSHINE  MM
  AVERAGE SKY COVER 0.2


WEATHER CONDITIONS
 THE FOLLOWING WEATHER WAS RECORDED YESTERDAY.
  NO SIGNIFICANT WEATHER WAS OBSERVED.


RELATIVE HUMIDITY (PERCENT)
 HIGHEST    70          1100 PM
 LOWEST     27           500 PM
 AVERAGE    49

..........................................................


THE ERIE PA CLIMATE NORMALS FOR TODAY
                         NORMAL    RECORD    YEAR
 MAXIMUM TEMPERATURE (F)   69        88      1964
 MINIMUM TEMPERATURE (F)   51        31      1967


SUNRISE AND SUNSET
MAY 23 2015...........SUNRISE   553 AM EDT   SUNSET   842 PM EDT
MAY 24 2015...........SUNRISE   552 AM EDT   SUNSET   843 PM EDT


-  INDICATES NEGATIVE NUMBERS.
R  INDICATES RECORD WAS SET OR TIED.
MM INDICATES DATA IS MISSING.
T  INDICATES TRACE AMOUNT.




$$
