000
CDUS46 KPQR 200238
CLIEUG


CLIMATE REPORT
NATIONAL WEATHER SERVICE PORTLAND OREGON
737 PM PDT TUE SEP 19 2017


...................................

...THE EUGENE OR CLIMATE SUMMARY FOR SEPTEMBER 19 2017...
VALID TODAY AS OF 0700 PM LOCAL TIME.

CLIMATE NORMAL PERIOD 1981 TO 2010
CLIMATE RECORD PERIOD 1892 TO 2017


WEATHER ITEM   OBSERVED TIME   RECORD YEAR NORMAL DEPARTURE LAST
                VALUE   (LST)  VALUE       VALUE  FROM      YEAR
                                                  NORMAL
..................................................................
TEMPERATURE (F)
 TODAY
  MAXIMUM         62    231 PM  93    1974  76    -14       72
  MINIMUM         50    133 AM  35    1947  46      4       46
  AVERAGE         56                        61     -5       59

PRECIPITATION (IN)
  TODAY            0.17          1.47 1921   0.05   0.12     0.00
  MONTH TO DATE    0.53                      0.72  -0.19     0.76
  SINCE OCT 1     45.73                     45.53   0.20    40.56
  SINCE JAN 1     26.14                     26.73  -0.59    21.72

SNOWFALL (IN)
  TODAY            0.0
  MONTH TO DATE    0.0
  SINCE SEP 1      0.0
  SINCE JUL 1      0.0

DEGREE DAYS
 HEATING
  TODAY            9                         4      5        6
  MONTH TO DATE   35                        55    -20       49
  SINCE SEP 1     35                        55    -20       49
  SINCE JUL 1     51                       122    -71       72

 COOLING
  TODAY            0                         1     -1        0
  MONTH TO DATE   71                        26     45        6
  SINCE SEP 1     71                        26     45        6
  SINCE JAN 1    373                       234    139      319
..................................................................


WIND (MPH)
  HIGHEST WIND SPEED    22   HIGHEST WIND DIRECTION    SW (230)
  HIGHEST GUST SPEED    26   HIGHEST GUST DIRECTION    SW (220)
  AVERAGE WIND SPEED    12.5


SKY COVER
  POSSIBLE SUNSHINE  MM
  AVERAGE SKY COVER 0.8


WEATHER CONDITIONS
 THE FOLLOWING WEATHER WAS RECORDED TODAY.
  LIGHT RAIN
  FOG


RELATIVE HUMIDITY (PERCENT)
 HIGHEST   100           700 AM
 LOWEST     80           900 AM
 AVERAGE    90

..........................................................


THE EUGENE OR CLIMATE NORMALS FOR TOMORROW
                         NORMAL    RECORD    YEAR
 MAXIMUM TEMPERATURE (F)   76        94      1974
                                             1952
 MINIMUM TEMPERATURE (F)   46        35      1947


SUNRISE AND SUNSET
SEPTEMBER 19 2017.....SUNRISE   657 AM PDT   SUNSET   715 PM PDT
SEPTEMBER 20 2017.....SUNRISE   658 AM PDT   SUNSET   713 PM PDT


-  INDICATES NEGATIVE NUMBERS.
R  INDICATES RECORD WAS SET OR TIED.
MM INDICATES DATA IS MISSING.
T  INDICATES TRACE AMOUNT.




$$
