493
CDUS46 KPQR 021141
CLIEUG


CLIMATE REPORT
NATIONAL WEATHER SERVICE PORTLAND OREGON
341 AM PST FRI DEC 2 2016


...................................

...THE EUGENE OR CLIMATE SUMMARY FOR DECEMBER 1 2016...

CLIMATE NORMAL PERIOD 1981 TO 2010
CLIMATE RECORD PERIOD 1892 TO 2016


WEATHER ITEM   OBSERVED TIME   RECORD YEAR NORMAL DEPARTURE LAST
                VALUE   (LST)  VALUE       VALUE  FROM      YEAR
                                                  NORMAL
..................................................................
TEMPERATURE (F)
 YESTERDAY
  MAXIMUM         48    336 PM  67    1926  48      0       46
  MINIMUM         37   1138 PM  21    1985  35      2       29
                                      1931
  AVERAGE         43                        41      2       38

PRECIPITATION (IN)
  YESTERDAY        0.02          2.09 1987   0.31  -0.29     0.56
  MONTH TO DATE    0.02                      0.31  -0.29     0.56
  SINCE OCT 1     14.51                     11.28   3.23     5.79
  SINCE JAN 1     36.25                     38.58  -2.33    19.19

SNOWFALL (IN)
  YESTERDAY        0.0
  MONTH TO DATE    0.0
  SINCE DEC 1      0.0
  SINCE JUL 1      0.0

DEGREE DAYS
 HEATING
  YESTERDAY       22                        24     -2       27
  MONTH TO DATE   22                        24     -2       27
  SINCE DEC 1     22                        24     -2       27
  SINCE JUL 1    855                      1197   -342     1008

 COOLING
  YESTERDAY        0                         0      0        0
  MONTH TO DATE    0                         0      0        0
  SINCE DEC 1      0                         0      0        0
  SINCE JAN 1    325                       239     86      529
..................................................................


WIND (MPH)
  HIGHEST WIND SPEED    10   HIGHEST WIND DIRECTION     S (190)
  HIGHEST GUST SPEED    11   HIGHEST GUST DIRECTION    SW (220)
  AVERAGE WIND SPEED     5.0


SKY COVER
  POSSIBLE SUNSHINE  MM
  AVERAGE SKY COVER 0.9


WEATHER CONDITIONS
 THE FOLLOWING WEATHER WAS RECORDED YESTERDAY.
  LIGHT RAIN
  FOG


RELATIVE HUMIDITY (PERCENT)
 HIGHEST    93          1100 PM
 LOWEST     76          1200 PM
 AVERAGE    85

..........................................................


THE EUGENE OR CLIMATE NORMALS FOR TODAY
                         NORMAL    RECORD    YEAR
 MAXIMUM TEMPERATURE (F)   47        67      1958
 MINIMUM TEMPERATURE (F)   35        22      1985


SUNRISE AND SUNSET
DECEMBER  2 2016......SUNRISE   730 AM PST   SUNSET   435 PM PST
DECEMBER  3 2016......SUNRISE   731 AM PST   SUNSET   435 PM PST


-  INDICATES NEGATIVE NUMBERS.
R  INDICATES RECORD WAS SET OR TIED.
MM INDICATES DATA IS MISSING.
T  INDICATES TRACE AMOUNT.




$$
