000
CDUS46 KPQR 210228
CLIEUG


CLIMATE REPORT
NATIONAL WEATHER SERVICE PORTLAND OREGON
728 PM PDT WED AUG 20 2014


...................................

...THE EUGENE OR CLIMATE SUMMARY FOR AUGUST 20 2014...
VALID TODAY AS OF 0700 PM LOCAL TIME.

CLIMATE NORMAL PERIOD 1981 TO 2010
CLIMATE RECORD PERIOD 1892 TO 2014


WEATHER ITEM   OBSERVED TIME   RECORD YEAR NORMAL DEPARTURE LAST
                VALUE   (LST)  VALUE       VALUE  FROM      YEAR
                                                  NORMAL
..................................................................
TEMPERATURE (F)
 TODAY
  MAXIMUM         82    347 PM  99    1951  82      0       87
                                      1950
  MINIMUM         59    314 AM  41    2000  51      8       54
  AVERAGE         71                        67      4       71

PRECIPITATION (IN)
  TODAY            0.01          0.67 1997   0.03  -0.02     0.00
  MONTH TO DATE    0.19                      0.31  -0.12     0.01
  SINCE OCT 1     27.19                     44.51 -17.32    29.02
  SINCE JAN 1     23.00                     25.71  -2.71     9.68

SNOWFALL (IN)
  TODAY            0.0
  MONTH TO DATE    0.0
  SINCE JUN 1      0.0
  SINCE JUL 1      0.0

DEGREE DAYS
 HEATING
  TODAY            0                         1     -1        0
  MONTH TO DATE    0                        20    -20        8
  SINCE JUN 1    113                       213   -100      106
  SINCE JUL 1      6                        56    -50       14

 COOLING
  TODAY            6                         3      3        6
  MONTH TO DATE  154                        69     85       93
  SINCE JUN 1    353                       181    172      287
  SINCE JAN 1    356                       186    170      292
..................................................................


WIND (MPH)
  HIGHEST WIND SPEED    14   HIGHEST WIND DIRECTION    NE (30)
  HIGHEST GUST SPEED    17   HIGHEST GUST DIRECTION    NE (40)
  AVERAGE WIND SPEED     4.6


SKY COVER
  POSSIBLE SUNSHINE  MM
  AVERAGE SKY COVER 0.6


WEATHER CONDITIONS
 THE FOLLOWING WEATHER WAS RECORDED TODAY.
  LIGHT RAIN
  FOG
  HAZE


RELATIVE HUMIDITY (PERCENT)
 HIGHEST    97           700 AM
 LOWEST     35           500 PM
 AVERAGE    66

..........................................................


THE EUGENE OR CLIMATE NORMALS FOR TOMORROW
                         NORMAL    RECORD    YEAR
 MAXIMUM TEMPERATURE (F)   82        98      1950
 MINIMUM TEMPERATURE (F)   51        39      1985


SUNRISE AND SUNSET
AUGUST 20 2014........SUNRISE   622 AM PDT   SUNSET   809 PM PDT
AUGUST 21 2014........SUNRISE   623 AM PDT   SUNSET   808 PM PDT


-  INDICATES NEGATIVE NUMBERS.
R  INDICATES RECORD WAS SET OR TIED.
MM INDICATES DATA IS MISSING.
T  INDICATES TRACE AMOUNT.




$$
