000
CDUS46 KPQR 211143
CLIEUG


CLIMATE REPORT
NATIONAL WEATHER SERVICE PORTLAND OREGON
343 AM PST WED FEB 21 2018


...................................

...THE EUGENE OR CLIMATE SUMMARY FOR FEBRUARY 20 2018...

CLIMATE NORMAL PERIOD 1981 TO 2010
CLIMATE RECORD PERIOD 1892 TO 2018


WEATHER ITEM   OBSERVED TIME   RECORD YEAR NORMAL DEPARTURE LAST
                VALUE   (LST)  VALUE       VALUE  FROM      YEAR
                                                  NORMAL
..................................................................
TEMPERATURE (F)
 YESTERDAY
  MAXIMUM         41    522 PM  67    1995  52    -11       52
  MINIMUM         26    152 AM  18    2006  35     -9       42
  AVERAGE         34                        43     -9       47

PRECIPITATION (IN)
  YESTERDAY        0.22          2.08 1956   0.20   0.02     0.59
  MONTH TO DATE    1.07                      3.92  -2.85     7.69
  SINCE OCT 1     19.93                     29.59  -9.66    31.33
  SINCE JAN 1      5.92                     10.79  -4.87    11.74

SNOWFALL (IN)
  YESTERDAY        T
  MONTH TO DATE    T
  SINCE DEC 1      T
  SINCE JUL 1      T

DEGREE DAYS
 HEATING
  YESTERDAY       31                        22      9       18
  MONTH TO DATE  435                       450    -15      401
  SINCE DEC 1   1967                      1987    -20     2162
  SINCE JUL 1   3096                      3160    -64     2995

 COOLING
  YESTERDAY        0                         0      0        0
  MONTH TO DATE    0                         0      0        0
  SINCE DEC 1      0                         0      0        0
  SINCE JAN 1      0                         0      0        0
..................................................................


WIND (MPH)
  HIGHEST WIND SPEED    17   HIGHEST WIND DIRECTION     S (190)
  HIGHEST GUST SPEED    21   HIGHEST GUST DIRECTION     S (160)
  AVERAGE WIND SPEED     8.2


SKY COVER
  POSSIBLE SUNSHINE  MM
  AVERAGE SKY COVER 0.9


WEATHER CONDITIONS
 THE FOLLOWING WEATHER WAS RECORDED YESTERDAY.
  LIGHT RAIN
  LIGHT SNOW
  FOG


RELATIVE HUMIDITY (PERCENT)
 HIGHEST   100           200 AM
 LOWEST     70           100 PM
 AVERAGE    85

..........................................................


THE EUGENE OR CLIMATE NORMALS FOR TODAY
                         NORMAL    RECORD    YEAR
 MAXIMUM TEMPERATURE (F)   52        68      2002
 MINIMUM TEMPERATURE (F)   35        24      1975
                                             1955


SUNRISE AND SUNSET
FEBRUARY 21 2018......SUNRISE   703 AM PST   SUNSET   551 PM PST
FEBRUARY 22 2018......SUNRISE   701 AM PST   SUNSET   552 PM PST


-  INDICATES NEGATIVE NUMBERS.
R  INDICATES RECORD WAS SET OR TIED.
MM INDICATES DATA IS MISSING.
T  INDICATES TRACE AMOUNT.




$$
