000
CDUS46 KPQR 010223
CLIEUG


CLIMATE REPORT
NATIONAL WEATHER SERVICE PORTLAND OREGON
723 PM PDT FRI JUL 31 2015


...................................

...THE EUGENE OR CLIMATE SUMMARY FOR JULY 31 2015...
VALID TODAY AS OF 0700 PM LOCAL TIME.

CLIMATE NORMAL PERIOD 1981 TO 2010
CLIMATE RECORD PERIOD 1892 TO 2015


WEATHER ITEM   OBSERVED TIME   RECORD YEAR NORMAL DEPARTURE LAST
                VALUE   (LST)  VALUE       VALUE  FROM      YEAR
                                                  NORMAL
..................................................................
TEMPERATURE (F)
 TODAY
  MAXIMUM        103R   447 PM  99    1974  84     19       93
                                      1968
                                      1965
  MINIMUM         56    523 AM  42    1944  52      4       56
  AVERAGE         80                        68     12       75

PRECIPITATION (IN)
  TODAY            0.00          0.79 1985   0.01  -0.01     0.04
  MONTH TO DATE    0.05                      0.54  -0.49     0.37
  SINCE OCT 1     29.46                     44.20 -14.74    27.00
  SINCE JAN 1     12.41                     25.40 -12.99    22.81

SNOWFALL (IN)
  TODAY            0.0
  MONTH TO DATE    0.0
  SINCE JUN 1      0.0
  SINCE JUL 1      0.0

DEGREE DAYS
 HEATING
  TODAY            0                         1     -1        0
  MONTH TO DATE    5                        40    -35        6
  SINCE JUN 1     46                       193   -147      113
  SINCE JUL 1      5                        36    -31        6

 COOLING
  TODAY           15                         4     11       10
  MONTH TO DATE  213                        93    120      193
  SINCE JUN 1    326                       112    214      199
  SINCE JAN 1    331                       117    214      202
..................................................................


WIND (MPH)
  HIGHEST WIND SPEED    18   HIGHEST WIND DIRECTION    NE (40)
  HIGHEST GUST SPEED    25   HIGHEST GUST DIRECTION     N (20)
  AVERAGE WIND SPEED     6.6


SKY COVER
  POSSIBLE SUNSHINE  MM
  AVERAGE SKY COVER 0.2


WEATHER CONDITIONS
 THE FOLLOWING WEATHER WAS RECORDED TODAY.
  NO SIGNIFICANT WEATHER WAS OBSERVED.


RELATIVE HUMIDITY (PERCENT)
 HIGHEST    80           500 AM
 LOWEST      8           500 PM
 AVERAGE    44

..........................................................


THE EUGENE OR CLIMATE NORMALS FOR TOMORROW
                         NORMAL    RECORD    YEAR
 MAXIMUM TEMPERATURE (F)   84        97      1974
 MINIMUM TEMPERATURE (F)   52        43      2002
                                             1980
                                             1957


SUNRISE AND SUNSET
JULY 31 2015..........SUNRISE   559 AM PDT   SUNSET   838 PM PDT
AUGUST  1 2015........SUNRISE   601 AM PDT   SUNSET   837 PM PDT


-  INDICATES NEGATIVE NUMBERS.
R  INDICATES RECORD WAS SET OR TIED.
MM INDICATES DATA IS MISSING.
T  INDICATES TRACE AMOUNT.




$$
