000
CDUS46 KPQR 220221
CLIEUG


CLIMATE REPORT
NATIONAL WEATHER SERVICE PORTLAND OREGON
620 PM PST SAT JAN 21 2017


...................................

...THE EUGENE OR CLIMATE SUMMARY FOR JANUARY 21 2017...
VALID TODAY AS OF 0600 PM LOCAL TIME.

CLIMATE NORMAL PERIOD 1981 TO 2010
CLIMATE RECORD PERIOD 1892 TO 2017


WEATHER ITEM   OBSERVED TIME   RECORD YEAR NORMAL DEPARTURE LAST
                VALUE   (LST)  VALUE       VALUE  FROM      YEAR
                                                  NORMAL
..................................................................
TEMPERATURE (F)
 TODAY
  MAXIMUM         47    218 PM  63    1925  48     -1       58
  MINIMUM         40    535 AM   6    1930  35      5       46
  AVERAGE         44                        41      3       52

PRECIPITATION (IN)
  TODAY            0.14          1.74 1993   0.21  -0.07     0.13
  MONTH TO DATE    3.83                      4.87  -1.04     5.20
  SINCE OCT 1     23.42                     23.67  -0.25    24.04
  SINCE JAN 1      3.83                      4.87  -1.04     5.20

SNOWFALL (IN)
  TODAY           MM
  MONTH TO DATE    5.1
  SINCE DEC 1      5.1
  SINCE JUL 1      5.1

DEGREE DAYS
 HEATING
  TODAY           21                        24     -3       13
  MONTH TO DATE  644                       517    127      503
  SINCE DEC 1   1515                      1301    214     1151
  SINCE JUL 1   2348                      2474   -126     2132

 COOLING
  TODAY            0                         0      0        0
  MONTH TO DATE    0                         0      0        0
  SINCE DEC 1      0                         0      0        0
  SINCE JAN 1      0                         0      0        0
..................................................................


WIND (MPH)
  HIGHEST WIND SPEED    25   HIGHEST WIND DIRECTION     S (170)
  HIGHEST GUST SPEED    32   HIGHEST GUST DIRECTION     S (170)
  AVERAGE WIND SPEED    10.8


SKY COVER
  POSSIBLE SUNSHINE  MM
  AVERAGE SKY COVER 1.0


WEATHER CONDITIONS
 THE FOLLOWING WEATHER WAS RECORDED TODAY.
  LIGHT RAIN
  FOG


RELATIVE HUMIDITY (PERCENT)
 HIGHEST    93           100 AM
 LOWEST     82           500 AM
 AVERAGE    88

..........................................................


THE EUGENE OR CLIMATE NORMALS FOR TOMORROW
                         NORMAL    RECORD    YEAR
 MAXIMUM TEMPERATURE (F)   48        69      1931
 MINIMUM TEMPERATURE (F)   35         6      1962


SUNRISE AND SUNSET
JANUARY 21 2017.......SUNRISE   741 AM PST   SUNSET   509 PM PST
JANUARY 22 2017.......SUNRISE   740 AM PST   SUNSET   510 PM PST


-  INDICATES NEGATIVE NUMBERS.
R  INDICATES RECORD WAS SET OR TIED.
MM INDICATES DATA IS MISSING.
T  INDICATES TRACE AMOUNT.




$$
