000
CDUS43 KPAH 270628
CLIEVV


CLIMATE REPORT
NATIONAL WEATHER SERVICE PADUCAH KY
127 AM CDT SAT AUG 27 2016

...................................

...THE EVANSVILLE IN CLIMATE SUMMARY FOR AUGUST 26 2016...

CLIMATE NORMAL PERIOD 1981 TO 2010
CLIMATE RECORD PERIOD 1896 TO 2016

WEATHER ITEM   OBSERVED TIME   RECORD YEAR NORMAL DEPARTURE LAST
                VALUE   (LST)  VALUE       VALUE  FROM      YEAR
                                                  NORMAL
..................................................................
TEMPERATURE (F)
 YESTERDAY
  MAXIMUM         93    202 PM 102    1943  88      5       81
  MINIMUM         71    501 AM  50    1958  64      7       55
                                      1945
  AVERAGE         82                        76      6       68

PRECIPITATION (IN)
  YESTERDAY        T             2.42 2004   0.09  -0.09     0.00
  MONTH TO DATE    3.00                      2.51   0.49     3.06
  SINCE JUN 1     16.57                     10.21   6.36    15.12
  SINCE JAN 1     38.32                     30.45   7.87    37.56

SNOWFALL (IN)
  YESTERDAY        0.0           0.0  2002   0.0    0.0      0.0
                                      2001
  MONTH TO DATE    0.0                       0.0    0.0      0.0
  SINCE JUN 1      0.0                       0.0    0.0      0.0
  SINCE JUL 1      0.0                       0.0    0.0      0.0
  SNOW DEPTH       0

DEGREE DAYS
 HEATING
  YESTERDAY        0                         0      0        0
  MONTH TO DATE    0                         0      0        0
  SINCE JUN 1      0                         6     -6        7
  SINCE JUL 1      0                         0      0        0

 COOLING
  YESTERDAY       17                        11      6        3
  MONTH TO DATE  364                       310     54      265
  SINCE JUN 1   1196                      1011    185     1061
  SINCE JAN 1   1301                      1146    155     1252
..................................................................

WIND (MPH)
  HIGHEST WIND SPEED    21   HIGHEST WIND DIRECTION    SW (220)
  HIGHEST GUST SPEED    27   HIGHEST GUST DIRECTION    SW (230)
  AVERAGE WIND SPEED     4.1

SKY COVER
  AVERAGE SKY COVER 0.1

WEATHER CONDITIONS
 THE FOLLOWING WEATHER WAS RECORDED YESTERDAY.
  THUNDERSTORM
  LIGHT RAIN
  FOG

RELATIVE HUMIDITY (PERCENT)
 HIGHEST    93
 LOWEST     52
 AVERAGE    73
..........................................................

THE EVANSVILLE IN CLIMATE NORMALS FOR TODAY
                         NORMAL    RECORD    YEAR
 MAXIMUM TEMPERATURE (F)   87       102      1936
 MINIMUM TEMPERATURE (F)   64        51      1946

SUNRISE AND SUNSET
AUGUST 27 2016........SUNRISE   616 AM CDT   SUNSET   726 PM CDT
AUGUST 28 2016........SUNRISE   617 AM CDT   SUNSET   725 PM CDT

-  INDICATES NEGATIVE NUMBERS.
R  INDICATES RECORD WAS SET OR TIED.
MM INDICATES DATA IS MISSING.
T  INDICATES TRACE AMOUNT.

$$
