400
CDUS43 KPAH 200633
CLIEVV


CLIMATE REPORT
NATIONAL WEATHER SERVICE PADUCAH KY
130 AM CDT WED SEP 20 2017


...................................

...THE EVANSVILLE IN CLIMATE SUMMARY FOR SEPTEMBER 19 2017...

CLIMATE NORMAL PERIOD 1981 TO 2010
CLIMATE RECORD PERIOD 1896 TO 2017


WEATHER ITEM   OBSERVED TIME   RECORD YEAR NORMAL DEPARTURE LAST
                VALUE   (LST)  VALUE       VALUE  FROM      YEAR
                                                  NORMAL
..................................................................
TEMPERATURE (F)
 YESTERDAY
  MAXIMUM         83    419 PM  97    1954  80      3       88
                                      1925
  MINIMUM         68   1130 PM  42    1901  55     13       61
  AVERAGE         76                        68      8       75

PRECIPITATION (IN)
  YESTERDAY        0.07          1.60 1970   0.10  -0.03     0.00
  MONTH TO DATE    3.24                      1.92   1.32     2.43
  SINCE SEP 1      3.24                      1.92   1.32     2.43
  SINCE JAN 1     35.65                     32.84   2.81    40.89

SNOWFALL (IN)
  YESTERDAY        0.0           0.0    MM   0.0    0.0      0.0
  MONTH TO DATE    0.0                       0.0    0.0      0.0
  SINCE SEP 1      0.0                       0.0    0.0      0.0
  SINCE JUL 1      0.0                       0.0    0.0      0.0
  SNOW DEPTH       0

DEGREE DAYS
 HEATING
  YESTERDAY        0                         2     -2        0
  MONTH TO DATE   12                        11      1        0
  SINCE SEP 1     12                        11      1        0
  SINCE JUL 1     12                        12      0        0

 COOLING
  YESTERDAY       11                         4      7       10
  MONTH TO DATE   84                       132    -48      204
  SINCE SEP 1     84                       132    -48      204
  SINCE JAN 1   1374                      1331     43     1590
..................................................................


WIND (MPH)
  HIGHEST WIND SPEED    12   HIGHEST WIND DIRECTION    NW (330)
  HIGHEST GUST SPEED    13   HIGHEST GUST DIRECTION     N (10)
  AVERAGE WIND SPEED     1.9


SKY COVER
  AVERAGE SKY COVER 0.5


WEATHER CONDITIONS
 THE FOLLOWING WEATHER WAS RECORDED YESTERDAY.
  THUNDERSTORM
  RAIN
  LIGHT RAIN
  FOG


RELATIVE HUMIDITY (PERCENT)
 HIGHEST    97
 LOWEST     63
 AVERAGE    80

..........................................................


THE EVANSVILLE IN CLIMATE NORMALS FOR TODAY
                         NORMAL    RECORD    YEAR
 MAXIMUM TEMPERATURE (F)   80        95      1940
 MINIMUM TEMPERATURE (F)   55        38      1897


SUNRISE AND SUNSET
SEPTEMBER 20 2017.....SUNRISE   636 AM CDT   SUNSET   650 PM CDT
SEPTEMBER 21 2017.....SUNRISE   637 AM CDT   SUNSET   648 PM CDT


-  INDICATES NEGATIVE NUMBERS.
R  INDICATES RECORD WAS SET OR TIED.
MM INDICATES DATA IS MISSING.
T  INDICATES TRACE AMOUNT.




$$
