000
CDUS45 KSLC 220028
CLIEVW


CLIMATE REPORT
NATIONAL WEATHER SERVICE SALT LAKE CITY UT
527 PM MST TUE NOV 21 2017


...................................

...THE EVANSTON WY CLIMATE SUMMARY FOR NOVEMBER 21 2017...
VALID TODAY AS OF 0500 PM LOCAL TIME.

CLIMATE NORMAL PERIOD 1981 TO 2010
CLIMATE RECORD PERIOD 9999 TO 9999


WEATHER ITEM   OBSERVED TIME   RECORD YEAR NORMAL DEPARTURE LAST
                VALUE   (LST)  VALUE       VALUE  FROM      YEAR
                                                  NORMAL
..................................................................
TEMPERATURE (F)
 TODAY
  MAXIMUM         49        MM  MM      MM  35     14       39
  MINIMUM         37        MM  MM      MM  19     18       32
  AVERAGE         43                        27     16       36

PRECIPITATION (IN)
  TODAY            0.00         MM      MM   0.04  -0.04     0.03
  MONTH TO DATE    1.43                      0.83   0.60     0.03
  SINCE OCT 1      1.43                      2.00  -0.57     1.24
  SINCE JAN 1      6.79                     11.34  -4.55     6.96

DEGREE DAYS
 HEATING
  TODAY           22                        38    -16       29
  MONTH TO DATE  605                       698    -93      473
  SINCE SEP 1   1605                      1648    -43     1246
  SINCE JUL 1   1629                      1751   -122     1305

 COOLING
  TODAY            0                         0      0        0
  MONTH TO DATE    0                         0      0        0
  SINCE SEP 1     37                         5     32        7
  SINCE JAN 1    333                       162    171      293
..................................................................


WIND (MPH)
  RESULTANT WIND SPEED  12   RESULTANT WIND DIRECTION  SW (240)
  HIGHEST WIND SPEED    21   HIGHEST WIND DIRECTION     W (260)
  HIGHEST GUST SPEED    MM   HIGHEST GUST DIRECTION    MM
  AVERAGE WIND SPEED    13.2


SKY COVER
  POSSIBLE SUNSHINE  MM
  AVERAGE SKY COVER 0.7


WEATHER CONDITIONS
 THE FOLLOWING WEATHER WAS RECORDED TODAY.
  RAIN
  FOG


RELATIVE HUMIDITY (PERCENT)
 HIGHEST    92           300 AM
 LOWEST     66           300 PM
 AVERAGE    79

..........................................................


THE EVANSTON WY CLIMATE NORMALS FOR TOMORROW
                         NORMAL    RECORD    YEAR
 MAXIMUM TEMPERATURE (F)   35        MM        MM
 MINIMUM TEMPERATURE (F)   18        MM        MM


SUNRISE AND SUNSET
NOVEMBER 21 2017......SUNRISE   720 AM MST   SUNSET   500 PM MST
NOVEMBER 22 2017......SUNRISE   721 AM MST   SUNSET   500 PM MST


-  INDICATES NEGATIVE NUMBERS.
R  INDICATES RECORD WAS SET OR TIED.
MM INDICATES DATA IS MISSING.
T  INDICATES TRACE AMOUNT.




$$
