790
CDUS45 KSLC 141245
CLIEVW


CLIMATE REPORT
NATIONAL WEATHER SERVICE SALT LAKE CITY UT
545 AM MST SUN FEB 14 2016


...................................

...THE EVANSTON WY CLIMATE SUMMARY FOR FEBRUARY 13 2016...

CLIMATE NORMAL PERIOD 1981 TO 2010
CLIMATE RECORD PERIOD 9999 TO 9999


WEATHER ITEM   OBSERVED TIME   RECORD YEAR NORMAL DEPARTURE LAST
                VALUE   (LST)  VALUE       VALUE  FROM      YEAR
                                                  NORMAL
..................................................................
TEMPERATURE (F)
 YESTERDAY
  MAXIMUM         41    210 PM  MM      MM  31     10       57
  MINIMUM         25    955 PM  MM      MM  14     11       29
  AVERAGE         33                        22     11       43

PRECIPITATION (IN)
  YESTERDAY        0.00         MM      MM   0.02  -0.02     0.00
  MONTH TO DATE    0.01                      0.26  -0.25     0.25
  SINCE OCT 1      1.30                      3.59  -2.29     1.77
  SINCE JAN 1      0.31                      0.80  -0.49     0.89

DEGREE DAYS
 HEATING
  YESTERDAY       32                        43    -11       22
  MONTH TO DATE  546                       561    -15      335
  SINCE DEC 1   3305                      3281     24     2626
  SINCE JUL 1   4994                      5390   -396     4422

 COOLING
  YESTERDAY        0                         0      0        0
  MONTH TO DATE    0                         0      0        0
  SINCE DEC 1      0                         0      0        0
  SINCE JAN 1      0                         0      0        0
..................................................................


WIND (MPH)
  RESULTANT WIND SPEED  11   RESULTANT WIND DIRECTION  SW (240)
  HIGHEST WIND SPEED    31   HIGHEST WIND DIRECTION    SW (230)
  HIGHEST GUST SPEED    35   HIGHEST GUST DIRECTION    SW (230)
  AVERAGE WIND SPEED    12.8


SKY COVER
  POSSIBLE SUNSHINE  MM
  AVERAGE SKY COVER 0.0


WEATHER CONDITIONS
 THE FOLLOWING WEATHER WAS RECORDED YESTERDAY.
  NO SIGNIFICANT WEATHER WAS OBSERVED.


RELATIVE HUMIDITY (PERCENT)
 HIGHEST    75           800 PM
 LOWEST     37          1200 AM
 AVERAGE    56

..........................................................


THE EVANSTON WY CLIMATE NORMALS FOR TODAY
                         NORMAL    RECORD    YEAR
 MAXIMUM TEMPERATURE (F)   31        MM        MM
 MINIMUM TEMPERATURE (F)   14        MM        MM


SUNRISE AND SUNSET
FEBRUARY 14 2016......SUNRISE   721 AM MST   SUNSET   556 PM MST
FEBRUARY 15 2016......SUNRISE   719 AM MST   SUNSET   558 PM MST


-  INDICATES NEGATIVE NUMBERS.
R  INDICATES RECORD WAS SET OR TIED.
MM INDICATES DATA IS MISSING.
T  INDICATES TRACE AMOUNT.




$$
