000
CDUS45 KSLC 291233
CLIEVW


CLIMATE REPORT
NATIONAL WEATHER SERVICE SALT LAKE CITY UT
633 AM MDT THU SEP 29 2016


...................................

...THE EVANSTON WY CLIMATE SUMMARY FOR SEPTEMBER 28 2016...

CLIMATE NORMAL PERIOD 1981 TO 2010
CLIMATE RECORD PERIOD 9999 TO 9999


WEATHER ITEM   OBSERVED TIME   RECORD YEAR NORMAL DEPARTURE LAST
                VALUE   (LST)  VALUE       VALUE  FROM      YEAR
                                                  NORMAL
..................................................................
TEMPERATURE (F)
 YESTERDAY
  MAXIMUM         75    309 PM  MM      MM  64     11       77
  MINIMUM         47    632 AM  MM      MM  38      9       51
  AVERAGE         61                        51     10       64

PRECIPITATION (IN)
  YESTERDAY        0.00         MM      MM   0.04  -0.04      T
  MONTH TO DATE    1.85                      1.22   0.63     0.88
  SINCE OCT 1      6.71                     12.04  -5.33    10.67
  SINCE JAN 1      5.72                      9.25  -3.53     9.79

DEGREE DAYS
 HEATING
  YESTERDAY        4                        14    -10        1
  MONTH TO DATE  239                       265    -26      127
  SINCE SEP 1    239                       265    -26      127
  SINCE JUL 1    298                       368    -70      219

 COOLING
  YESTERDAY        0                         0      0        0
  MONTH TO DATE    7                         0      7       23
  SINCE SEP 1      7                         0      7       23
  SINCE JAN 1    293                       157    136      232
..................................................................


WIND (MPH)
  RESULTANT WIND SPEED   4   RESULTANT WIND DIRECTION   E (100)
  HIGHEST WIND SPEED    18   HIGHEST WIND DIRECTION    SW (240)
  HIGHEST GUST SPEED    23   HIGHEST GUST DIRECTION    SW (240)
  AVERAGE WIND SPEED     7.1


SKY COVER
  POSSIBLE SUNSHINE  MM
  AVERAGE SKY COVER 0.2


WEATHER CONDITIONS
 THE FOLLOWING WEATHER WAS RECORDED YESTERDAY.
  THUNDERSTORM


RELATIVE HUMIDITY (PERCENT)
 HIGHEST    64          1100 PM
 LOWEST     23           300 PM
 AVERAGE    44

..........................................................


THE EVANSTON WY CLIMATE NORMALS FOR TODAY
                         NORMAL    RECORD    YEAR
 MAXIMUM TEMPERATURE (F)   63        MM        MM
 MINIMUM TEMPERATURE (F)   38        MM        MM


SUNRISE AND SUNSET
SEPTEMBER 29 2016.....SUNRISE   719 AM MDT   SUNSET   708 PM MDT
SEPTEMBER 30 2016.....SUNRISE   720 AM MDT   SUNSET   707 PM MDT


-  INDICATES NEGATIVE NUMBERS.
R  INDICATES RECORD WAS SET OR TIED.
MM INDICATES DATA IS MISSING.
T  INDICATES TRACE AMOUNT.




$$
