000
CDUS42 KMHX 010525
CLIEWN


CLIMATE REPORT
NATIONAL WEATHER SERVICE NEWPORT/MOREHEAD CITY NC
125 AM EDT WED OCT 1 2014


...................................

...THE NEW BERN NC CLIMATE SUMMARY FOR SEPTEMBER 30 2014...

CLIMATE NORMAL PERIOD 1981 TO 2010
CLIMATE RECORD PERIOD 1948 TO 2014


WEATHER ITEM   OBSERVED TIME   RECORD YEAR NORMAL DEPARTURE LAST
                VALUE   (LST)  VALUE       VALUE  FROM      YEAR
                                                  NORMAL
..................................................................
TEMPERATURE (F)
 YESTERDAY
  MAXIMUM         82    316 PM  90    1972  79      3       77
  MINIMUM         62    330 AM  43    1970  60      2       56
  AVERAGE         72                        70      2       67

PRECIPITATION (IN)
  YESTERDAY        0.02          8.93 2010   0.17  -0.15     0.00
  MONTH TO DATE    7.61                      5.89   1.72     3.25
  SINCE SEP 1      7.61                      5.89   1.72     3.25
  SINCE JAN 1     44.62                     42.69   1.93    32.62

SNOWFALL (IN)
  YESTERDAY        0.0
  MONTH TO DATE    0.0
  SINCE NOV 1     14.0
  SINCE JUL 1      0.0
  SNOW DEPTH       0

DEGREE DAYS
 HEATING
  YESTERDAY        0                         1     -1        0
  MONTH TO DATE    0                         5     -5        2
  SINCE SEP 1      0                         7     -7        2
  SINCE JUL 1      0                         7     -7        2

 COOLING
  YESTERDAY        7                         5      2        2
  MONTH TO DATE  350                       274     76      268
  SINCE SEP 1    350                       274     76      268
  SINCE JAN 1   2061                      1803    258     1885
..................................................................


WIND (MPH)
  HIGHEST WIND SPEED    13   HIGHEST WIND DIRECTION    NE (30)
  HIGHEST GUST SPEED    16   HIGHEST GUST DIRECTION    NE (30)
  AVERAGE WIND SPEED     4.0


SKY COVER
  POSSIBLE SUNSHINE  MM
  AVERAGE SKY COVER 0.1


WEATHER CONDITIONS
 THE FOLLOWING WEATHER WAS RECORDED YESTERDAY.
  LIGHT RAIN
  FOG


RELATIVE HUMIDITY (PERCENT)
 HIGHEST    93           900 PM
 LOWEST     54           200 PM
 AVERAGE    74

..........................................................


THE NEW BERN NC CLIMATE NORMALS FOR TODAY
                         NORMAL    RECORD    YEAR
 MAXIMUM TEMPERATURE (F)   79        91      1986
 MINIMUM TEMPERATURE (F)   60        42      1963


SUNRISE AND SUNSET
OCTOBER  1 2014.......SUNRISE   703 AM EDT   SUNSET   652 PM EDT
OCTOBER  2 2014.......SUNRISE   704 AM EDT   SUNSET   651 PM EDT


-  INDICATES NEGATIVE NUMBERS.
R  INDICATES RECORD WAS SET OR TIED.
MM INDICATES DATA IS MISSING.
T  INDICATES TRACE AMOUNT.




$$
