000
CDUS42 KMHX 170539
CLIEWN


CLIMATE REPORT
NATIONAL WEATHER SERVICE NEWPORT/MOREHEAD CITY NC
1239 AM EST SUN DEC 17 2017


...................................

...THE NEW BERN NC CLIMATE SUMMARY FOR DECEMBER 16 2017...

CLIMATE NORMAL PERIOD 1981 TO 2010
CLIMATE RECORD PERIOD 1948 TO 2017


WEATHER ITEM   OBSERVED TIME   RECORD YEAR NORMAL DEPARTURE LAST
                VALUE   (LST)  VALUE       VALUE  FROM      YEAR
                                                  NORMAL
..................................................................
TEMPERATURE (F)
 YESTERDAY
  MAXIMUM         49    337 PM  83    1971  57     -8       38
  MINIMUM         27    730 AM  17    1955  36     -9       23
  AVERAGE         38                        46     -8       31

PRECIPITATION (IN)
  YESTERDAY        0.00          1.59 1973   0.11  -0.11     0.00
  MONTH TO DATE    2.67                      1.74   0.93     2.66
  SINCE DEC 1      2.67                      1.74   0.93     2.66
  SINCE JAN 1     49.71                     51.09  -1.38    64.47

SNOWFALL (IN)
  YESTERDAY        0.0
  MONTH TO DATE    0.0
  SINCE NOV 1      0.0
  SINCE JUL 1      0.0
  SNOW DEPTH       0

DEGREE DAYS
 HEATING
  YESTERDAY       27                        19      8       34
  MONTH TO DATE  305                       267     38      299
  SINCE DEC 1    305                       267     38      299
  SINCE JUL 1    744                       694     50      694

 COOLING
  YESTERDAY        0                         0      0        0
  MONTH TO DATE    0                         0      0        0
  SINCE DEC 1      0                         0      0        0
  SINCE JAN 1   2150                      1900    250     2260
..................................................................


WIND (MPH)
  HIGHEST WIND SPEED    10   HIGHEST WIND DIRECTION     W (290)
  HIGHEST GUST SPEED    14   HIGHEST GUST DIRECTION    NW (300)
  AVERAGE WIND SPEED     4.3


SKY COVER
  POSSIBLE SUNSHINE  MM
  AVERAGE SKY COVER 0.0


WEATHER CONDITIONS
 THE FOLLOWING WEATHER WAS RECORDED YESTERDAY.
  FOG


RELATIVE HUMIDITY (PERCENT)
 HIGHEST   100           700 AM
 LOWEST     39           200 PM
 AVERAGE    70

..........................................................


THE NEW BERN NC CLIMATE NORMALS FOR TODAY
                         NORMAL    RECORD    YEAR
 MAXIMUM TEMPERATURE (F)   57        78      1956
 MINIMUM TEMPERATURE (F)   36        16      1955


SUNRISE AND SUNSET
DECEMBER 17 2017......SUNRISE   710 AM EST   SUNSET   459 PM EST
DECEMBER 18 2017......SUNRISE   711 AM EST   SUNSET   459 PM EST


-  INDICATES NEGATIVE NUMBERS.
R  INDICATES RECORD WAS SET OR TIED.
MM INDICATES DATA IS MISSING.
T  INDICATES TRACE AMOUNT.




$$
