000
CDUS42 KMHX 012126
CLIEWN


CLIMATE REPORT
NATIONAL WEATHER SERVICE NEWPORT/MOREHEAD CITY NC
526 PM EDT SAT AUG 1 2015


...................................

...THE NEW BERN NC CLIMATE SUMMARY FOR AUGUST 1 2015...
VALID TODAY AS OF 0500 PM LOCAL TIME.

CLIMATE NORMAL PERIOD 1981 TO 2010
CLIMATE RECORD PERIOD 1948 TO 2015


WEATHER ITEM   OBSERVED TIME   RECORD YEAR NORMAL DEPARTURE LAST
                VALUE   (LST)  VALUE       VALUE  FROM      YEAR
                                                  NORMAL
..................................................................
TEMPERATURE (F)
 TODAY
  MAXIMUM         93    353 PM 100    1999  89      4       79
  MINIMUM         73    347 AM  61    1966  72      1       74
  AVERAGE         83                        80      3       77

PRECIPITATION (IN)
  TODAY            0.00          1.97 2014   0.21  -0.21     1.97
  MONTH TO DATE    0.00                      0.21  -0.21     1.97
  SINCE JUN 1     15.63                     10.97   4.66    11.97
  SINCE JAN 1     32.45                     30.36   2.09    29.85

SNOWFALL (IN)
  TODAY            0.0
  MONTH TO DATE    0.0
  SINCE NOV 1      3.0
  SINCE JUL 1      0.0
  SNOW DEPTH       0

DEGREE DAYS
 HEATING
  TODAY            0                         0      0        0
  MONTH TO DATE    0                         0      0        0
  SINCE JUN 1      0                         1     -1        0
  SINCE JUL 1      0                         0      0        0

 COOLING
  TODAY           18                        15      3       12
  MONTH TO DATE   18                        15      3       12
  SINCE JUN 1   1009                       862    147      916
  SINCE JAN 1   1307                      1105    202     1277
..................................................................


WIND (MPH)
  HIGHEST WIND SPEED    10   HIGHEST WIND DIRECTION     W (290)
  HIGHEST GUST SPEED    13   HIGHEST GUST DIRECTION    SW (240)
  AVERAGE WIND SPEED     2.0


SKY COVER
  POSSIBLE SUNSHINE  MM
  AVERAGE SKY COVER 0.1


WEATHER CONDITIONS
 THE FOLLOWING WEATHER WAS RECORDED TODAY.
  FOG


RELATIVE HUMIDITY (PERCENT)
 HIGHEST    94           600 AM
 LOWEST     38           400 PM
 AVERAGE    66

..........................................................


THE NEW BERN NC CLIMATE NORMALS FOR TOMORROW
                         NORMAL    RECORD    YEAR
 MAXIMUM TEMPERATURE (F)   89        96      2011
                                             2006
                                             1953
 MINIMUM TEMPERATURE (F)   72        58      1966


SUNRISE AND SUNSET
AUGUST  1 2015........SUNRISE   617 AM EDT   SUNSET   811 PM EDT
AUGUST  2 2015........SUNRISE   618 AM EDT   SUNSET   810 PM EDT


-  INDICATES NEGATIVE NUMBERS.
R  INDICATES RECORD WAS SET OR TIED.
MM INDICATES DATA IS MISSING.
T  INDICATES TRACE AMOUNT.




$$
