843
CDUS41 KOKX 060640
CLIEWR


CLIMATE REPORT
NATIONAL WEATHER SERVICE NEW YORK NY
139 AM EST TUE DEC 6 2016


...................................

...THE NEWARK NJ CLIMATE SUMMARY FOR DECEMBER 5 2016...

CLIMATE NORMAL PERIOD 1981 TO 2010
CLIMATE RECORD PERIOD 1929 TO 2016


WEATHER ITEM   OBSERVED TIME   RECORD YEAR NORMAL DEPARTURE LAST
                VALUE   (LST)  VALUE       VALUE  FROM      YEAR
                                                  NORMAL
..................................................................
TEMPERATURE (F)
 YESTERDAY
  MAXIMUM         50    308 PM  72    2001  47      3       54
  MINIMUM         37    549 AM  15    1935  33      4       35
  AVERAGE         44                        40      4       45

PRECIPITATION (IN)
  YESTERDAY        0.16          1.29 1993   0.13   0.03     0.00
  MONTH TO DATE    0.27                      0.66  -0.39     0.52
  SINCE DEC 1      0.27                      0.66  -0.39     0.52
  SINCE JAN 1     35.77                     43.10  -7.33    35.10

SNOWFALL (IN)
  YESTERDAY        0.0           8.0  2003   0.1   -0.1      0.0
  MONTH TO DATE    0.0                       0.5   -0.5      0.0
  SINCE OCT 1      T                         0.9   -0.9      0.0
  SINCE JUL 1      T                         0.9   -0.9      0.0
  SNOW DEPTH       0

DEGREE DAYS
 HEATING
  YESTERDAY       21                        25     -4       20
  MONTH TO DATE   97                       122    -25       86
  SINCE DEC 1     97                       122    -25       86
  SINCE JUL 1    780                       990   -210      718

 COOLING
  YESTERDAY        0                         0      0        0
  MONTH TO DATE    0                         0      0        0
  SINCE DEC 1      0                         0      0        0
  SINCE JAN 1   1571                      1192    379     1555
..................................................................


WIND (MPH)
  HIGHEST WIND SPEED    22   HIGHEST WIND DIRECTION     W (290)
  HIGHEST GUST SPEED    29   HIGHEST GUST DIRECTION     W (280)
  AVERAGE WIND SPEED     8.2


SKY COVER
  AVERAGE SKY COVER 0.8


WEATHER CONDITIONS
 THE FOLLOWING WEATHER WAS RECORDED YESTERDAY.
  RAIN
  LIGHT RAIN
  FOG


RELATIVE HUMIDITY (PERCENT)
 HIGHEST   100           700 AM
 LOWEST     49          1200 AM
 AVERAGE    75

..........................................................


THE NEWARK NJ CLIMATE NORMALS FOR TODAY
                         NORMAL    RECORD    YEAR
 MAXIMUM TEMPERATURE (F)   47        74      2001
 MINIMUM TEMPERATURE (F)   33        17      1954


SUNRISE AND SUNSET
DECEMBER  6 2016......SUNRISE   707 AM EST   SUNSET   429 PM EST
DECEMBER  7 2016......SUNRISE   707 AM EST   SUNSET   429 PM EST


-  INDICATES NEGATIVE NUMBERS.
R  INDICATES RECORD WAS SET OR TIED.
MM INDICATES DATA IS MISSING.
T  INDICATES TRACE AMOUNT.




$$
