000
CDUS41 KOKX 010630
CLIEWR


CLIMATE REPORT
NATIONAL WEATHER SERVICE NEW YORK NY
229 AM EDT WED JUN 1 2016


...................................

...THE NEWARK NJ CLIMATE SUMMARY FOR MAY 31 2016...

CLIMATE NORMAL PERIOD 1981 TO 2010
CLIMATE RECORD PERIOD 1929 TO 2016


WEATHER ITEM   OBSERVED TIME   RECORD YEAR NORMAL DEPARTURE LAST
                VALUE   (LST)  VALUE       VALUE  FROM      YEAR
                                                  NORMAL
..................................................................
TEMPERATURE (F)
 YESTERDAY
  MAXIMUM         85        MM  96    1987  77      8       88
  MINIMUM         71        MM  44    1938  58     13       61
  AVERAGE         78                        68     10       75

PRECIPITATION (IN)
  YESTERDAY        0.00          3.98 1940   0.14  -0.14     3.73
  MONTH TO DATE    3.85                      4.09  -0.24     4.83
  SINCE MAR 1      6.35                     12.47  -6.12    11.13
  SINCE JAN 1     14.40                     18.89  -4.49    17.61

SNOWFALL (IN)
  YESTERDAY        0.0           T    2015   0.0    0.0       T
  MONTH TO DATE    0.0                       0.0    0.0       T
  SINCE OCT 1     36.4                      28.5    7.9     46.4
  SINCE JUL 1     36.4                      28.5    7.9     46.4
  SNOW DEPTH       0

DEGREE DAYS
 HEATING
  YESTERDAY        0                         2     -2        0
  MONTH TO DATE  170                       136     34       48
  SINCE MAR 1   1026                      1220   -194     1211
  SINCE JUL 1   3899                      4855   -956     5114

 COOLING
  YESTERDAY       13                         4      9       10
  MONTH TO DATE  100                        64     36      157
  SINCE MAR 1    118                        76     42      160
  SINCE JAN 1    118                        76     42      160
..................................................................


WIND (MPH)
  HIGHEST WIND SPEED    10   HIGHEST WIND DIRECTION     S (160)
  HIGHEST GUST SPEED    16   HIGHEST GUST DIRECTION    SE (150)
  AVERAGE WIND SPEED     6.0


SKY COVER
  AVERAGE SKY COVER 0.7


WEATHER CONDITIONS
 THE FOLLOWING WEATHER WAS RECORDED YESTERDAY.
  NO SIGNIFICANT WEATHER WAS OBSERVED.


RELATIVE HUMIDITY (PERCENT)
 HIGHEST    90          1200 AM
 LOWEST     40           400 PM
 AVERAGE    65

..........................................................


THE NEWARK NJ CLIMATE NORMALS FOR TODAY
                         NORMAL    RECORD    YEAR
 MAXIMUM TEMPERATURE (F)   77        95      2011
 MINIMUM TEMPERATURE (F)   59        41      1938


SUNRISE AND SUNSET
JUNE  1 2016..........SUNRISE   528 AM EDT   SUNSET   822 PM EDT
JUNE  2 2016..........SUNRISE   527 AM EDT   SUNSET   823 PM EDT


-  INDICATES NEGATIVE NUMBERS.
R  INDICATES RECORD WAS SET OR TIED.
MM INDICATES DATA IS MISSING.
T  INDICATES TRACE AMOUNT.




$$
