000
CDUS43 KIND 310531
CLIEYE


CLIMATE REPORT
NATIONAL WEATHER SERVICE INDIANAPOLIS IN
130 AM EDT FRI JUL 31 2015


...................................

...THE INDIANAPOLIS EAGLE CREEK IN CLIMATE SUMMARY FOR JULY 30 2015...

CLIMATE NORMAL PERIOD 1981 TO 2010
CLIMATE RECORD PERIOD 9999 TO 9999


WEATHER ITEM   OBSERVED TIME   NORMAL DEPARTURE LAST
                VALUE   (LST)  VALUE  FROM      YEAR
                                      NORMAL
......................................................
TEMPERATURE (F)
 YESTERDAY
  MAXIMUM         84    449 PM  83      1       78
  MINIMUM         66    558 AM  66      0       58
  AVERAGE         75            75      0       68

PRECIPITATION (IN)
  YESTERDAY        0.00          0.10  -0.10     0.08
  MONTH TO DATE    7.35          4.18   3.17     3.09
  SINCE JUN 1     12.52          8.57   3.95     9.15
  SINCE JAN 1     24.87         25.38  -0.51    25.60

DEGREE DAYS
 HEATING
  YESTERDAY        0             0      0        0
  MONTH TO DATE    1             0      1        5
  SINCE JUN 1     19            14      5        8
  SINCE JUL 1      1             0      1        5

 COOLING
  YESTERDAY       10            10      0        3
  MONTH TO DATE  297           310    -13      152
  SINCE JUN 1    532           544    -12      403
  SINCE JAN 1    659           628     31      511
......................................................


WIND (MPH)
  HIGHEST WIND SPEED    17   HIGHEST WIND DIRECTION    NW (310)
  HIGHEST GUST SPEED    24   HIGHEST GUST DIRECTION     W (290)
  AVERAGE WIND SPEED     8.2


SKY COVER
  AVERAGE SKY COVER 0.0


WEATHER CONDITIONS
 THE FOLLOWING WEATHER WAS RECORDED YESTERDAY.
  HAZE


RELATIVE HUMIDITY (PERCENT)
 HIGHEST    81           500 AM
 LOWEST     40           400 PM
 AVERAGE    61

..........................................................


THE INDIANAPOLIS EAGLE CREEK IN CLIMATE NORMALS FOR TODAY
                         NORMAL
 MAXIMUM TEMPERATURE (F)   83
 MINIMUM TEMPERATURE (F)   66


SUNRISE AND SUNSET
JULY 31 2015..........SUNRISE   643 AM EDT   SUNSET   900 PM EDT
AUGUST  1 2015........SUNRISE   644 AM EDT   SUNSET   859 PM EDT


-  INDICATES NEGATIVE NUMBERS.
R  INDICATES RECORD WAS SET OR TIED.
MM INDICATES DATA IS MISSING.
T  INDICATES TRACE AMOUNT.




$$
