000
CDUS43 KIND 260535
CLIEYE


CLIMATE REPORT
NATIONAL WEATHER SERVICE INDIANAPOLIS IN
135 AM EDT FRI MAY 26 2017


...................................

...THE INDIANAPOLIS EAGLE CREEK IN CLIMATE SUMMARY FOR MAY 25 2017...

CLIMATE NORMAL PERIOD 1981 TO 2010
CLIMATE RECORD PERIOD 9999 TO 9999


WEATHER ITEM   OBSERVED TIME   NORMAL DEPARTURE LAST
                VALUE   (LST)  VALUE  FROM      YEAR
                                      NORMAL
......................................................
TEMPERATURE (F)
 YESTERDAY
  MAXIMUM         65    516 PM  75    -10       84
  MINIMUM         56   1025 AM  56      0       64
  AVERAGE         61            66     -5       74

PRECIPITATION (IN)
  YESTERDAY        0.45          0.12   0.33     0.00
  MONTH TO DATE    6.12          4.51   1.61     3.16
  SINCE MAR 1     15.66         11.71   3.95     9.46
  SINCE JAN 1     20.82         16.05   4.77    11.42

DEGREE DAYS
 HEATING
  YESTERDAY        4             3      1        0
  MONTH TO DATE  138           126     12      153
  SINCE MAR 1    982          1196   -214      992
  SINCE JUL 1   4242          5321  -1079     4505

 COOLING
  YESTERDAY        0             3     -3        9
  MONTH TO DATE   51            46      5       23
  SINCE MAR 1     84            61     23       36
  SINCE JAN 1     84            61     23       36
......................................................


WIND (MPH)
  HIGHEST WIND SPEED    22   HIGHEST WIND DIRECTION    NW (310)
  HIGHEST GUST SPEED    29   HIGHEST GUST DIRECTION     W (290)
  AVERAGE WIND SPEED    13.0


SKY COVER
  AVERAGE SKY COVER 0.8


WEATHER CONDITIONS
 THE FOLLOWING WEATHER WAS RECORDED YESTERDAY.
  RAIN
  LIGHT RAIN
  FOG


RELATIVE HUMIDITY (PERCENT)
 HIGHEST    93           100 AM
 LOWEST     72           400 PM
 AVERAGE    83

..........................................................


THE INDIANAPOLIS EAGLE CREEK IN CLIMATE NORMALS FOR TODAY
                         NORMAL
 MAXIMUM TEMPERATURE (F)   76
 MINIMUM TEMPERATURE (F)   57


SUNRISE AND SUNSET
MAY 26 2017...........SUNRISE   622 AM EDT   SUNSET   903 PM EDT
MAY 27 2017...........SUNRISE   621 AM EDT   SUNSET   904 PM EDT


-  INDICATES NEGATIVE NUMBERS.
R  INDICATES RECORD WAS SET OR TIED.
MM INDICATES DATA IS MISSING.
T  INDICATES TRACE AMOUNT.




$$
