000
CDUS43 KIND 240531
CLIEYE


CLIMATE REPORT
NATIONAL WEATHER SERVICE INDIANAPOLIS IN
1230 AM EST FRI NOV 24 2017


...................................

...THE INDIANAPOLIS EAGLE CREEK IN CLIMATE SUMMARY FOR NOVEMBER 23 2017...

CLIMATE NORMAL PERIOD 1981 TO 2010
CLIMATE RECORD PERIOD 9999 TO 9999


WEATHER ITEM   OBSERVED TIME   NORMAL DEPARTURE LAST
                VALUE   (LST)  VALUE  FROM      YEAR
                                      NORMAL
......................................................
TEMPERATURE (F)
 YESTERDAY
  MAXIMUM         46    338 PM  48     -2       49
  MINIMUM         27    234 AM  33     -6       39
  AVERAGE         37            41     -4       44

PRECIPITATION (IN)
  YESTERDAY        0.00          0.13  -0.13     0.58
  MONTH TO DATE    3.20          2.87   0.33     1.65
  SINCE SEP 1      7.12          8.23  -1.11     8.96
  SINCE JAN 1     39.26         36.88   2.38    40.99

DEGREE DAYS
 HEATING
  YESTERDAY       28            24      4       21
  MONTH TO DATE  490           448     42      364
  SINCE SEP 1    767           837    -70      543
  SINCE JUL 1    767           840    -73      546

 COOLING
  YESTERDAY        0             0      0        0
  MONTH TO DATE    0             0      0        5
  SINCE SEP 1    218           138     80      264
  SINCE JAN 1   1146          1058     88     1453
......................................................


WIND (MPH)
  HIGHEST WIND SPEED    12   HIGHEST WIND DIRECTION     S (180)
  HIGHEST GUST SPEED    16   HIGHEST GUST DIRECTION     S (180)
  AVERAGE WIND SPEED     3.7


SKY COVER
  AVERAGE SKY COVER 0.4


WEATHER CONDITIONS
 THE FOLLOWING WEATHER WAS RECORDED YESTERDAY.
  FOG
  HAZE


RELATIVE HUMIDITY (PERCENT)
 HIGHEST    85           300 AM
 LOWEST     31           500 PM
 AVERAGE    58

..........................................................


THE INDIANAPOLIS EAGLE CREEK IN CLIMATE NORMALS FOR TODAY
                         NORMAL
 MAXIMUM TEMPERATURE (F)   48
 MINIMUM TEMPERATURE (F)   33


SUNRISE AND SUNSET
NOVEMBER 24 2017......SUNRISE   740 AM EST   SUNSET   523 PM EST
NOVEMBER 25 2017......SUNRISE   741 AM EST   SUNSET   523 PM EST


-  INDICATES NEGATIVE NUMBERS.
R  INDICATES RECORD WAS SET OR TIED.
MM INDICATES DATA IS MISSING.
T  INDICATES TRACE AMOUNT.




$$
