311
CDUS42 KKEY 200615
CLIEYW


CLIMATE REPORT
NATIONAL WEATHER SERVICE KEY WEST, FL
115 AM EST FRI JAN 20 2017


...................................

...THE KEY WEST CLIMATE SUMMARY FOR JANUARY 19 2017...

CLIMATE NORMAL PERIOD 1981 TO 2010
CLIMATE RECORD PERIOD 1871 TO 2017


WEATHER ITEM   OBSERVED TIME   RECORD YEAR NORMAL DEPARTURE LAST
                VALUE   (LST)  VALUE       VALUE  FROM      YEAR
                                                  NORMAL
..................................................................
TEMPERATURE (F)
 YESTERDAY
  MAXIMUM         79    254 PM  84    1943  74      5       65
  MINIMUM         66    708 AM  48    1997  64      2       58
                                      1977
  AVERAGE         73                        69      4       62

PRECIPITATION (IN)
  YESTERDAY        0.00          0.80 1900   0.07  -0.07     0.00
  MONTH TO DATE    0.31                      1.24  -0.93     2.14
  SINCE DEC 1      2.05                      3.46  -1.41     6.72
  SINCE JAN 1      0.31                      1.24  -0.93     2.14

SNOWFALL (IN)
  YESTERDAY        0.0
  MONTH TO DATE    0.0
  SINCE DEC 1      0.0
  SINCE JUL 1      0.0
  SNOW DEPTH      MM

DEGREE DAYS
 HEATING
  YESTERDAY        0                         1     -1        3
  MONTH TO DATE    3                        19    -16        5
  SINCE DEC 1      3                        36    -33        5
  SINCE JUL 1      3                        37    -34        5

 COOLING
  YESTERDAY        8                         5      3        0
  MONTH TO DATE  174                        97     77      128
  SINCE DEC 1    567                       314    253      527
  SINCE JAN 1    174                        97     77      128
..................................................................


WIND (MPH)
  HIGHEST WIND SPEED    14   HIGHEST WIND DIRECTION    SE (130)
  HIGHEST GUST SPEED    18   HIGHEST GUST DIRECTION    SE (130)
  AVERAGE WIND SPEED     6.7


SKY COVER
  POSSIBLE SUNSHINE  MM
  AVERAGE SKY COVER 0.0


WEATHER CONDITIONS
 THE FOLLOWING WEATHER WAS RECORDED YESTERDAY.
  NO SIGNIFICANT WEATHER WAS OBSERVED.


RELATIVE HUMIDITY (PERCENT)
 HIGHEST    97
 LOWEST     58
 AVERAGE    78

..........................................................


THE KEY WEST CLIMATE NORMALS FOR TODAY
                         NORMAL    RECORD    YEAR
 MAXIMUM TEMPERATURE (F)   74        86      1877
 MINIMUM TEMPERATURE (F)   64        46      1997


SUNRISE AND SUNSET
JANUARY 20 2017.......SUNRISE   712 AM EST   SUNSET   604 PM EST
JANUARY 21 2017.......SUNRISE   712 AM EST   SUNSET   605 PM EST


-  INDICATES NEGATIVE NUMBERS.
R  INDICATES RECORD WAS SET OR TIED.
MM INDICATES DATA IS MISSING.
T  INDICATES TRACE AMOUNT.




$$
