000
CDUS42 KKEY 230538
CLIEYW

CLIMATE REPORT
NATIONAL WEATHER SERVICE KEY WEST, FL
134 AM EDT SAT JUL 23 2016


...................................

...THE KEY WEST CLIMATE SUMMARY FOR JULY 22 2016...

CLIMATE NORMAL PERIOD 1981 TO 2010
CLIMATE RECORD PERIOD 1871 TO 2016


WEATHER ITEM   OBSERVED TIME   RECORD YEAR NORMAL DEPARTURE LAST
                VALUE   (LST)  VALUE       VALUE  FROM      YEAR
                                                  NORMAL
..................................................................
TEMPERATURE (F)
 YESTERDAY
  MAXIMUM         90    521 PM  93    1956  90      0       92
                                      1881
                                      1878
  MINIMUM         75    701 PM  72    1950  80     -5       81
                                      1915
                                      1901
  AVERAGE         83                        85     -2       87

PRECIPITATION (IN)
  YESTERDAY        0.42          1.79 1901   0.11   0.31     0.00
  MONTH TO DATE    2.86                      2.51   0.35     0.27
  SINCE JUN 1      4.00                      6.62  -2.62     2.91
  SINCE JAN 1     15.65                     17.25  -1.60    15.34

SNOWFALL (IN)
  YESTERDAY        0.0
  MONTH TO DATE    0.0
  SINCE JUN 1      0.0
  SINCE JUL 1      0.0
  SNOW DEPTH       0

DEGREE DAYS
 HEATING
  YESTERDAY        0                         0      0        0
  MONTH TO DATE    0                         0      0        0
  SINCE JUN 1      0                         0      0        0
  SINCE JUL 1      0                         0      0        0

 COOLING
  YESTERDAY       18                        20     -2       22
  MONTH TO DATE  452                       428     24      467
  SINCE JUN 1   1023                       977     46     1038
  SINCE JAN 1   2514                      2407    107     2755
..................................................................


WIND (MPH)
  HIGHEST WIND SPEED    14   HIGHEST WIND DIRECTION    SE (130)
  HIGHEST GUST SPEED    25   HIGHEST GUST DIRECTION    SE (130)
  AVERAGE WIND SPEED     6.9


SKY COVER
  POSSIBLE SUNSHINE  MM
  AVERAGE SKY COVER 0.1


WEATHER CONDITIONS
 THE FOLLOWING WEATHER WAS RECORDED YESTERDAY.
  THUNDERSTORM
  HEAVY RAIN
  LIGHT RAIN
  FOG


RELATIVE HUMIDITY (PERCENT)
 HIGHEST   100
 LOWEST     72
 AVERAGE    86

..........................................................


THE KEY WEST CLIMATE NORMALS FOR TODAY
                         NORMAL    RECORD    YEAR
 MAXIMUM TEMPERATURE (F)   90        95      1957
 MINIMUM TEMPERATURE (F)   80        71      1921
                                             1887


SUNRISE AND SUNSET
JULY 23 2016..........SUNRISE   651 AM EDT   SUNSET   815 PM EDT
JULY 24 2016..........SUNRISE   652 AM EDT   SUNSET   815 PM EDT


-  INDICATES NEGATIVE NUMBERS.
R  INDICATES RECORD WAS SET OR TIED.
MM INDICATES DATA IS MISSING.
T  INDICATES TRACE AMOUNT.




$$
