000
CDUS42 KKEY 280532
CLIEYW


CLIMATE REPORT
NATIONAL WEATHER SERVICE KEY WEST, FL
129 AM EDT SUN MAY 28 2017

...................................

...THE KEY WEST CLIMATE SUMMARY FOR MAY 27 2017...

CLIMATE NORMAL PERIOD 1981 TO 2010
CLIMATE RECORD PERIOD 1871 TO 2017

WEATHER ITEM   OBSERVED TIME   RECORD YEAR NORMAL DEPARTURE LAST
               VALUE    (LST)  VALUE       VALUE  FROM      YEAR
                                                  NORMAL
..................................................................
TEMPERATURE (F)
 YESTERDAY
  MAXIMUM         90R   453 PM  90    2000  86      4       87
                                      1989
                                      1955
  MINIMUM         81    535 AM  70    1894  77      4       75
  AVERAGE         86                        82      4       81

PRECIPITATION (IN)
  YESTERDAY        0.00          2.95 1984   0.13  -0.13     0.07
  MONTH TO DATE    1.19                      2.43  -1.24     2.37
  SINCE MAR 1      6.00                      6.53  -0.53     4.07
  SINCE JAN 1      9.05                     10.06  -1.01    11.15

SNOWFALL (IN)
  YESTERDAY        0.0
  MONTH TO DATE    0.0
  SINCE MAR 1      0.0
  SINCE JUL 1      0.0
  SNOW DEPTH       0

DEGREE DAYS
 HEATING
  YESTERDAY        0                         0      0        0
  MONTH TO DATE    0                         0      0        0
  SINCE MAR 1      0                         7     -7        0
  SINCE JUL 1      5                        73    -68       24

 COOLING
  YESTERDAY       21                        17      4       16
  MONTH TO DATE  440                       409     31      399
  SINCE MAR 1   1134                      1015    119     1092
  SINCE JAN 1   1674                      1363    311     1420
..................................................................

WIND (MPH)
  HIGHEST WIND SPEED    14   HIGHEST WIND DIRECTION     N (360)
  HIGHEST GUST SPEED    16   HIGHEST GUST DIRECTION     N (360)
  AVERAGE WIND SPEED     6.0

SKY COVER
  POSSIBLE SUNSHINE  MM
  AVERAGE SKY COVER 0.2

WEATHER CONDITIONS
 THE FOLLOWING WEATHER WAS RECORDED YESTERDAY.
  NO SIGNIFICANT WEATHER WAS OBSERVED.

RELATIVE HUMIDITY (PERCENT)
 HIGHEST    88
 LOWEST     68
 AVERAGE    78

..........................................................

THE KEY WEST CLIMATE NORMALS FOR TODAY
                         NORMAL    RECORD    YEAR
 MAXIMUM TEMPERATURE (F)   86        92      1953
 MINIMUM TEMPERATURE (F)   77        68      1916

SUNRISE AND SUNSET
MAY 28 2017...........SUNRISE   639 AM EDT   SUNSET   810 PM EDT
MAY 29 2017...........SUNRISE   639 AM EDT   SUNSET   811 PM EDT

-  INDICATES NEGATIVE NUMBERS.
R  INDICATES RECORD WAS SET OR TIED.
MM INDICATES DATA IS MISSING.
T  INDICATES TRACE AMOUNT.

$$
