000
CDUS42 KKEY 050545 RRA
CLIEYW

CLIMATE REPORT
NATIONAL WEATHER SERVICE KEY WEST, FL
137 AM EDT THU MAY 5 2016


...................................

...THE KEY WEST CLIMATE SUMMARY FOR MAY 4 2016...

CLIMATE NORMAL PERIOD 1981 TO 2010
CLIMATE RECORD PERIOD 1871 TO 2016


WEATHER ITEM   OBSERVED TIME   RECORD YEAR NORMAL DEPARTURE LAST
                VALUE   (LST)  VALUE       VALUE  FROM      YEAR
                                                  NORMAL
..................................................................
TEMPERATURE (F)
 YESTERDAY
  MAXIMUM         81   1110 AM  90    1956  84     -3       79
                                      1950
                                      1880
  MINIMUM         72   1146 PM  66    1925  74     -2       74
                                      1923
  AVERAGE         77                        79     -2       77

PRECIPITATION (IN)
  YESTERDAY        0.33          5.33 1977   0.05   0.28     0.00
  MONTH TO DATE    0.33                      0.20   0.13     0.00
  SINCE MAR 1      2.03                      4.30  -2.27     8.08
  SINCE JAN 1      9.11                      7.83   1.28    11.31

SNOWFALL (IN)
  YESTERDAY        0.0
  MONTH TO DATE    0.0
  SINCE MAR 1      0.0
  SINCE JUL 1      0.0
  SNOW DEPTH       0

DEGREE DAYS
 HEATING
  YESTERDAY        0                         0      0        0
  MONTH TO DATE    0                         0      0        0
  SINCE MAR 1      0                         7     -7        0
  SINCE JUL 1     24                        73    -49       27

 COOLING
  YESTERDAY       12                        14     -2       12
  MONTH TO DATE   60                        55      5       52
  SINCE MAR 1    753                       661     92      896
  SINCE JAN 1   1081                      1009     72     1254
..................................................................


WIND (MPH)
  HIGHEST WIND SPEED    29   HIGHEST WIND DIRECTION    SW (230)
  HIGHEST GUST SPEED    36   HIGHEST GUST DIRECTION    SW (220)
  AVERAGE WIND SPEED    14.6


SKY COVER
  POSSIBLE SUNSHINE  MM
  AVERAGE SKY COVER 0.4


WEATHER CONDITIONS
 THE FOLLOWING WEATHER WAS RECORDED YESTERDAY.
  THUNDERSTORM
  HEAVY RAIN
  RAIN
  LIGHT RAIN
  FOG


RELATIVE HUMIDITY (PERCENT)
 HIGHEST   100
 LOWEST     87
 AVERAGE    94

..........................................................


THE KEY WEST CLIMATE NORMALS FOR TODAY
                         NORMAL    RECORD    YEAR
 MAXIMUM TEMPERATURE (F)   84        91      1873
 MINIMUM TEMPERATURE (F)   74        64      1992


SUNRISE AND SUNSET
MAY  5 2016...........SUNRISE   649 AM EDT   SUNSET   759 PM EDT
MAY  6 2016...........SUNRISE   648 AM EDT   SUNSET   759 PM EDT


-  INDICATES NEGATIVE NUMBERS.
R  INDICATES RECORD WAS SET OR TIED.
MM INDICATES DATA IS MISSING.
T  INDICATES TRACE AMOUNT.

$$

CLR
