000
CDUS42 KKEY 010544
CLIEYW

CLIMATE REPORT
NATIONAL WEATHER SERVICE KEY WEST, FL
134 AM EDT MON SEP 1 2014

...................................

...THE KEY WEST CLIMATE SUMMARY FOR AUGUST 31 2014...

CLIMATE NORMAL PERIOD 1981 TO 2010
CLIMATE RECORD PERIOD 1871 TO 2014

WEATHER ITEM   OBSERVED TIME   RECORD YEAR NORMAL DEPARTURE LAST
                VALUE   (LST)  VALUE       VALUE  FROM      YEAR
                                                  NORMAL
..................................................................
TEMPERATURE (F)
 YESTERDAY
  MAXIMUM         90    221 PM  94    1956  89      1       87
                                      1952
                                      1878
  MINIMUM         77    402 PM  71    1916  79     -2       80
                                      1896
                                      1893
  AVERAGE         84                        84      0       84

PRECIPITATION (IN)
  YESTERDAY        0.89          1.54 1872   0.20   0.69      T
  MONTH TO DATE    4.05                      5.38  -1.33     4.38
  SINCE JUN 1      9.29                     13.04  -3.75    20.72
  SINCE JAN 1     22.14                     23.67  -1.53    35.51

SNOWFALL (IN)
  YESTERDAY        0.0
  MONTH TO DATE    0.0
  SINCE JUN 1      0.0
  SINCE JUL 1      0.0
  SNOW DEPTH       0

DEGREE DAYS
 HEATING
  YESTERDAY        0                         0      0        0
  MONTH TO DATE    0                         0      0        0
  SINCE JUN 1      0                         0      0        0
  SINCE JUL 1      0                         0      0        0

 COOLING
  YESTERDAY       19                        19      0       19
  MONTH TO DATE  673                       604     69      577
  SINCE JUN 1   1898                      1759    139     1691
  SINCE JAN 1   3520                      3189    331     3320
..................................................................


WIND (MPH)
  HIGHEST WIND SPEED    35   HIGHEST WIND DIRECTION    SE (120)
  HIGHEST GUST SPEED    50   HIGHEST GUST DIRECTION    SE (120)
  AVERAGE WIND SPEED    13.0


SKY COVER
  POSSIBLE SUNSHINE  MM
  AVERAGE SKY COVER 0.2


WEATHER CONDITIONS
 THE FOLLOWING WEATHER WAS RECORDED YESTERDAY.
  THUNDERSTORM
  HEAVY RAIN
  RAIN
  LIGHT RAIN
  FOG
  HAZE


RELATIVE HUMIDITY (PERCENT)
 HIGHEST    74
 LOWEST     61
 AVERAGE    68

..........................................................


THE KEY WEST CLIMATE NORMALS FOR TODAY
                         NORMAL    RECORD    YEAR
 MAXIMUM TEMPERATURE (F)   89        95      1956
 MINIMUM TEMPERATURE (F)   79        71      1933


SUNRISE AND SUNSET
SEPTEMBER  1 2014.....SUNRISE   708 AM EDT   SUNSET   745 PM EDT
SEPTEMBER  2 2014.....SUNRISE   709 AM EDT   SUNSET   744 PM EDT


-  INDICATES NEGATIVE NUMBERS.
R  INDICATES RECORD WAS SET OR TIED.
MM INDICATES DATA IS MISSING.
T  INDICATES TRACE AMOUNT.

$$

BWC
