000
CDUS42 KKEY 280544
CLIEYW

CLIMATE REPORT
NATIONAL WEATHER SERVICE KEY WEST, FL
1240 AM EST SUN DEC 28 2014

...................................

...THE KEY WEST CLIMATE SUMMARY FOR DECEMBER 27 2014...

CLIMATE NORMAL PERIOD 1981 TO 2010
CLIMATE RECORD PERIOD 1871 TO 2014


WEATHER ITEM   OBSERVED TIME   RECORD YEAR NORMAL DEPARTURE LAST
                VALUE   (LST)  VALUE       VALUE  FROM      YEAR
                                                  NORMAL
..................................................................
TEMPERATURE (F)
 YESTERDAY
  MAXIMUM         81    231 PM  84    1941  75      6       78
                                      1876
  MINIMUM         71    820 AM  44    1985  65      6       72
  AVERAGE         76                        70      6       75

PRECIPITATION (IN)
  YESTERDAY        0.00          2.49 1940   0.06  -0.06     0.10
  MONTH TO DATE    2.20                      1.98   0.22     1.05
  SINCE DEC 1      2.20                      1.98   0.22     1.05
  SINCE JAN 1     36.57                     39.59  -3.02    46.65

SNOWFALL (IN)
  YESTERDAY        0.0
  MONTH TO DATE    0.0
  SINCE DEC 1      0.0
  SINCE JUL 1      0.0
  SNOW DEPTH       0

DEGREE DAYS
 HEATING
  YESTERDAY        0                         1     -1        0
  MONTH TO DATE    5                        11     -6        0
  SINCE DEC 1      5                        11     -6        0
  SINCE JUL 1      6                        12     -6        0

 COOLING
  YESTERDAY       11                         6      5       10
  MONTH TO DATE  205                       194     11      296
  SINCE DEC 1    205                       194     11      296
  SINCE JAN 1   5048                      4727    321     5057
..................................................................


WIND (MPH)
  HIGHEST WIND SPEED    15   HIGHEST WIND DIRECTION    SE (120)
  HIGHEST GUST SPEED    25   HIGHEST GUST DIRECTION     E (90)
  AVERAGE WIND SPEED     9.2


SKY COVER
  POSSIBLE SUNSHINE  MM
  AVERAGE SKY COVER 0.3


WEATHER CONDITIONS
 THE FOLLOWING WEATHER WAS RECORDED YESTERDAY.
  FOG


RELATIVE HUMIDITY (PERCENT)
 HIGHEST   100
 LOWEST     69
 AVERAGE    85

..........................................................


THE KEY WEST CLIMATE NORMALS FOR TODAY
                         NORMAL    RECORD    YEAR
 MAXIMUM TEMPERATURE (F)   75        85      1876
 MINIMUM TEMPERATURE (F)   65        49      2010


SUNRISE AND SUNSET
DECEMBER 28 2014......SUNRISE   710 AM EST   SUNSET   548 PM EST
DECEMBER 29 2014......SUNRISE   710 AM EST   SUNSET   548 PM EST


-  INDICATES NEGATIVE NUMBERS.
R  INDICATES RECORD WAS SET OR TIED.
MM INDICATES DATA IS MISSING.
T  INDICATES TRACE AMOUNT.




$$
