000
CDUS42 KKEY 240530
CLIEYW


CLIMATE REPORT
NATIONAL WEATHER SERVICE KEY WEST, FL
129 AM EDT SUN SEP 24 2017


...................................

...THE KEY WEST CLIMATE SUMMARY FOR SEPTEMBER 23 2017...

CLIMATE NORMAL PERIOD 1981 TO 2010
CLIMATE RECORD PERIOD 1871 TO 2017


WEATHER ITEM   OBSERVED TIME   RECORD YEAR NORMAL DEPARTURE LAST
                VALUE   (LST)  VALUE       VALUE  FROM      YEAR
                                                  NORMAL
..................................................................
TEMPERATURE (F)
 YESTERDAY
  MAXIMUM         90    304 PM  92    1990  87      3       89
                                      1989
                                      1987
  MINIMUM         82    649 AM  71    1874  78      4       76
  AVERAGE         86                        83      3       83

PRECIPITATION (IN)
  YESTERDAY        0.00          2.10 1931   0.22  -0.22     1.93
  MONTH TO DATE    7.35                      5.18   2.17     6.15
  SINCE SEP 1      7.35                      5.18   2.17     6.15
  SINCE JAN 1     27.59                     28.85  -1.26    31.49

SNOWFALL (IN)
  YESTERDAY        0.0
  MONTH TO DATE    0.0
  SINCE SEP 1      0.0
  SINCE JUL 1      0.0
  SNOW DEPTH       0

DEGREE DAYS
 HEATING
  YESTERDAY        0                         0      0        0
  MONTH TO DATE    0                         0      0        0
  SINCE SEP 1      0                         0      0        0
  SINCE JUL 1      0                         0      0        0

 COOLING
  YESTERDAY       21                        18      3       18
  MONTH TO DATE  466                       424     42      451
  SINCE SEP 1    466                       424     42      451
  SINCE JAN 1   4097                      3613    484     3758
..................................................................


WIND (MPH)
  HIGHEST WIND SPEED    13   HIGHEST WIND DIRECTION     N (350)
  HIGHEST GUST SPEED    17   HIGHEST GUST DIRECTION     N (350)
  AVERAGE WIND SPEED     6.4


SKY COVER
  POSSIBLE SUNSHINE  MM
  AVERAGE SKY COVER 0.1


WEATHER CONDITIONS
 THE FOLLOWING WEATHER WAS RECORDED YESTERDAY.
  NO SIGNIFICANT WEATHER WAS OBSERVED.


RELATIVE HUMIDITY (PERCENT)
 HIGHEST    85
 LOWEST     64
 AVERAGE    75

..........................................................


THE KEY WEST CLIMATE NORMALS FOR TODAY
                         NORMAL    RECORD    YEAR
 MAXIMUM TEMPERATURE (F)   87        92      1989
                                             1957
                                             1951
 MINIMUM TEMPERATURE (F)   78        72      1963
                                             1923
                                             1894


SUNRISE AND SUNSET
SEPTEMBER 24 2017.....SUNRISE   716 AM EDT   SUNSET   721 PM EDT
SEPTEMBER 25 2017.....SUNRISE   717 AM EDT   SUNSET   720 PM EDT


-  INDICATES NEGATIVE NUMBERS.
R  INDICATES RECORD WAS SET OR TIED.
MM INDICATES DATA IS MISSING.
T  INDICATES TRACE AMOUNT.




$$
