000
CDUS42 KKEY 310538
CLIEYW

CLIMATE REPORT
NATIONAL WEATHER SERVICE KEY WEST, FL
134 AM EDT FRI OCT 31 2014


...................................

...THE KEY WEST CLIMATE SUMMARY FOR OCTOBER 30 2014...

CLIMATE NORMAL PERIOD 1981 TO 2010
CLIMATE RECORD PERIOD 1871 TO 2014


WEATHER ITEM   OBSERVED TIME   RECORD YEAR NORMAL DEPARTURE LAST
                VALUE   (LST)  VALUE       VALUE  FROM      YEAR
                                                  NORMAL
..................................................................
TEMPERATURE (F)
 YESTERDAY
  MAXIMUM         83   1145 AM  89    1993  82      1       84
  MINIMUM         73    605 AM  59    1910  74     -1       76
  AVERAGE         78                        78      0       80

PRECIPITATION (IN)
  YESTERDAY        0.00          3.61 1933   0.11  -0.11     0.00
  MONTH TO DATE    5.97                      4.83   1.14     1.04
  SINCE SEP 1     11.39                     11.54  -0.15     5.84
  SINCE JAN 1     33.53                     35.21  -1.68    41.35

SNOWFALL (IN)
  YESTERDAY        0.0
  MONTH TO DATE    0.0
  SINCE SEP 1      0.0
  SINCE JUL 1      0.0
  SNOW DEPTH       0

DEGREE DAYS
 HEATING
  YESTERDAY        0                         0      0        0
  MONTH TO DATE    0                         0      0        0
  SINCE SEP 1      0                         0      0        0
  SINCE JUL 1      0                         0      0        0

 COOLING
  YESTERDAY       13                        13      0       15
  MONTH TO DATE  486                       459     27      508
  SINCE SEP 1   1053                      1005     48     1050
  SINCE JAN 1   4573                      4194    379     4370
..................................................................


WIND (MPH)
  HIGHEST WIND SPEED     8   HIGHEST WIND DIRECTION    SE (140)
  HIGHEST GUST SPEED    13   HIGHEST GUST DIRECTION     S (160)
  AVERAGE WIND SPEED     3.9


SKY COVER
  POSSIBLE SUNSHINE  MM
  AVERAGE SKY COVER 0.3


WEATHER CONDITIONS
 THE FOLLOWING WEATHER WAS RECORDED YESTERDAY.
  NO SIGNIFICANT WEATHER WAS OBSERVED.


RELATIVE HUMIDITY (PERCENT)
 HIGHEST   100
 LOWEST     58
 AVERAGE    79

..........................................................


THE KEY WEST CLIMATE NORMALS FOR TODAY
                         NORMAL    RECORD    YEAR
 MAXIMUM TEMPERATURE (F)   82        88      1951
                                             1949
 MINIMUM TEMPERATURE (F)   74        62      1953


SUNRISE AND SUNSET
OCTOBER 31 2014.......SUNRISE   733 AM EDT   SUNSET   648 PM EDT
NOVEMBER  1 2014......SUNRISE   734 AM EDT   SUNSET   647 PM EDT


-  INDICATES NEGATIVE NUMBERS.
R  INDICATES RECORD WAS SET OR TIED.
MM INDICATES DATA IS MISSING.
T  INDICATES TRACE AMOUNT.




$$
