000
CDUS42 KKEY 240557
CLIEYW

CLIMATE REPORT
NATIONAL WEATHER SERVICE KEY WEST, FL
141 AM EDT WED AUG 24 2016


...................................

...THE KEY WEST CLIMATE SUMMARY FOR AUGUST 23 2016...

CLIMATE NORMAL PERIOD 1981 TO 2010
CLIMATE RECORD PERIOD 1871 TO 2016


WEATHER ITEM   OBSERVED TIME   RECORD YEAR NORMAL DEPARTURE LAST
                VALUE   (LST)  VALUE       VALUE  FROM      YEAR
                                                  NORMAL
..................................................................
TEMPERATURE (F)
 YESTERDAY
  MAXIMUM         91   1100 AM  96    1956  89      2       90
  MINIMUM         78    323 PM  71    1913  79     -1       78
                                      1889
                                      1888
  AVERAGE         85                        84      1       84

PRECIPITATION (IN)
  YESTERDAY        0.79          2.11 1889   0.18   0.61     0.76
  MONTH TO DATE    3.79                      3.78   0.01     4.86
  SINCE JUN 1      8.67                     11.44  -2.77     8.17
  SINCE JAN 1     20.32                     22.07  -1.75    20.60

SNOWFALL (IN)
  YESTERDAY        0.0
  MONTH TO DATE    0.0
  SINCE JUN 1      0.0
  SINCE JUL 1      0.0
  SNOW DEPTH       0

DEGREE DAYS
 HEATING
  YESTERDAY        0                         0      0        0
  MONTH TO DATE    0                         0      0        0
  SINCE JUN 1      0                         0      0        0
  SINCE JUL 1      0                         0      0        0

 COOLING
  YESTERDAY       20                        19      1       19
  MONTH TO DATE  472                       454     18      493
  SINCE JUN 1   1676                      1609     67     1716
  SINCE JAN 1   3167                      3039    128     3433
..................................................................


WIND (MPH)
  HIGHEST WIND SPEED    20   HIGHEST WIND DIRECTION    NE (30)
  HIGHEST GUST SPEED    28   HIGHEST GUST DIRECTION    NE (30)
  AVERAGE WIND SPEED     6.1


SKY COVER
  POSSIBLE SUNSHINE  MM
  AVERAGE SKY COVER 0.4


WEATHER CONDITIONS
 THE FOLLOWING WEATHER WAS RECORDED YESTERDAY.
  THUNDERSTORM
  HEAVY RAIN
  RAIN
  LIGHT RAIN
  FOG
  FOG W/VISIBILITY <= 1/4 MILE


RELATIVE HUMIDITY (PERCENT)
 HIGHEST   100
 LOWEST     70
 AVERAGE    85

..........................................................


THE KEY WEST CLIMATE NORMALS FOR TODAY
                         NORMAL    RECORD    YEAR
 MAXIMUM TEMPERATURE (F)   89        94      2015
                                             1956
                                             1953
 MINIMUM TEMPERATURE (F)   79        70      1889


SUNRISE AND SUNSET
AUGUST 24 2016........SUNRISE   705 AM EDT   SUNSET   753 PM EDT
AUGUST 25 2016........SUNRISE   706 AM EDT   SUNSET   752 PM EDT


-  INDICATES NEGATIVE NUMBERS.
R  INDICATES RECORD WAS SET OR TIED.
MM INDICATES DATA IS MISSING.
T  INDICATES TRACE AMOUNT.




$$
