000
CDAK49 PAFG 291000
CLIFAI

CLIMATE REPORT
NATIONAL WEATHER SERVICE FAIRBANKS AK
200 AM AKDT MON MAY 29 2017

...................................

...THE FAIRBANKS AK CLIMATE SUMMARY FOR MAY 28 2017...

CLIMATE NORMAL PERIOD 1981 TO 2010
CLIMATE RECORD PERIOD 1904 TO 2017


WEATHER ITEM   OBSERVED TIME   RECORD YEAR NORMAL DEPARTURE LAST
                VALUE   (LST)  VALUE       VALUE  FROM      YEAR
                                                  NORMAL
..................................................................
TEMPERATURE (F)
 YESTERDAY
  MAXIMUM         65    239 PM  90    1947  66     -1       73
  MINIMUM         35    304 AM  30    1934  43     -8       45
  AVERAGE         50                        54     -4       59

PRECIPITATION (IN)
  YESTERDAY        0.00          0.35 2007   0.03  -0.03     0.00
  MONTH TO DATE    0.55                      0.53   0.02     0.78
  SINCE MAR 1      0.81                      1.09  -0.28     1.83
  SINCE JAN 1      3.01                      2.09   0.92     1.89

SNOWFALL (IN)
  YESTERDAY        0.0           T    1934   0.0    0.0      0.0
  MONTH TO DATE    T                         0.9   -0.9      0.0
  SINCE MAR 1      4.7                       8.7   -4.0      7.4
  SINCE JUL 1     83.1                      65.0   18.1     60.0
  SNOW DEPTH       0

DEGREE DAYS
 HEATING
  YESTERDAY       15                        11      4        6
  MONTH TO DATE  426                       455    -29      340
  SINCE MAR 1   3385                      3089    296     2407
  SINCE JUL 1  13515                     13479     36    11813

 COOLING
  YESTERDAY        0                         0      0        0
  MONTH TO DATE    0                         0      0        6
  SINCE MAR 1      0                         0      0        6
  SINCE JAN 1      0                         0      0        6
..................................................................


WIND (MPH)
  HIGHEST GUST SPEED    23   HIGHEST GUST DIRECTION     E (100)


SKY COVER
  AVERAGE SKY COVER 0.8


WEATHER CONDITIONS
 THE FOLLOWING WEATHER WAS RECORDED YESTERDAY.
  NO SIGNIFICANT WEATHER WAS OBSERVED.


RELATIVE HUMIDITY (PERCENT)
 HIGHEST    82
 LOWEST     23
 AVERAGE    53

..........................................................


THE FAIRBANKS AK CLIMATE NORMALS FOR TODAY
                         NORMAL    RECORD    YEAR
 MAXIMUM TEMPERATURE (F)   66        86      1947
                                             1922
 MINIMUM TEMPERATURE (F)   43        29      1934


SUNRISE AND SUNSET
MAY 29 2017..........SUNRISE  341 AM AKDT   SUNSET  1159 PM AKDT
MAY 30 2017..........SUNRISE  338 AM AKDT   SUNSET  1203 AM AKDT


-  INDICATES NEGATIVE NUMBERS.
R  INDICATES RECORD WAS SET OR TIED.
MM INDICATES DATA IS MISSING.
T  INDICATES TRACE AMOUNT.

&&

SNOW DEPTH IS MEASURED AT 3AM AKST/4AM AKDT

----------------------------
AVAILABLE DAYLIGHT

AMOUNT OF DAYLIGHT TODAY  (HOUR:MIN)........20:18
GAIN SINCE YESTERDAY........................6 MINUTES
----------------------------

$$
CCC MAY 17
