000
CDAK49 PAFG 060940
CLIFAI

CLIMATE REPORT
NATIONAL WEATHER SERVICE FAIRBANKS AK
1240 AM AKST TUE DEC 6 2016

...................................

...THE FAIRBANKS AK CLIMATE SUMMARY FOR DECEMBER 5 2016...

CLIMATE NORMAL PERIOD 1981 TO 2010
CLIMATE RECORD PERIOD 1904 TO 2016


WEATHER ITEM   OBSERVED TIME   RECORD YEAR NORMAL DEPARTURE LAST
                VALUE   (LST)  VALUE       VALUE  FROM      YEAR
                                                  NORMAL
..................................................................
TEMPERATURE (F)
 YESTERDAY
  MAXIMUM        -20   1151 PM  58    1934   6    -26       -9
  MINIMUM        -35   1208 AM -55    1905 -11    -24      -24
  AVERAGE        -27                        -3    -24      -16

PRECIPITATION (IN)
  YESTERDAY        0.00          0.29 1929   0.01  -0.01      T
  MONTH TO DATE    0.41                      0.09   0.32     0.02
  SINCE DEC 1      0.41                      0.09   0.32     0.02
  SINCE JAN 1     14.51                     10.26   4.25    14.33

SNOWFALL (IN)
  YESTERDAY        0.0           5.2  1929   0.3   -0.3       T
  MONTH TO DATE    6.8                       1.8    5.0      0.3
  SINCE DEC 1      6.8                       1.8    5.0      0.3
  SINCE JUL 1     12.0                      27.6  -15.6     50.4
  SNOW DEPTH       7

DEGREE DAYS
 HEATING
  YESTERDAY       92                        68     24       81
  MONTH TO DATE  413                       337     76      326
  SINCE DEC 1    413                       337     76      326
  SINCE JUL 1   4183                      4468   -285     4114

 COOLING
  YESTERDAY        0                         0      0        0
  MONTH TO DATE    0                         0      0        0
  SINCE DEC 1      0                         0      0        0
  SINCE JAN 1     76                        61     15       62
..................................................................


WIND (MPH)
  HIGHEST GUST SPEED    12   HIGHEST GUST DIRECTION     N (20)


SKY COVER
  AVERAGE SKY COVER 0.0


WEATHER CONDITIONS
 THE FOLLOWING WEATHER WAS RECORDED YESTERDAY.
  FOG


RELATIVE HUMIDITY (PERCENT)
 HIGHEST    89
 LOWEST     69
 AVERAGE    79

..........................................................


THE FAIRBANKS AK CLIMATE NORMALS FOR TODAY
                         NORMAL    RECORD    YEAR
 MAXIMUM TEMPERATURE (F)    6        51      1934
 MINIMUM TEMPERATURE (F)  -10       -58      1935


SUNRISE AND SUNSET
DECEMBER 06 2016..........SUNRISE  1035 AM AKST   SUNSET  250 PM AKST
DECEMBER 07 2016..........SUNRISE  1037 AM AKST   SUNSET  249 PM AKST


-  INDICATES NEGATIVE NUMBERS.
R  INDICATES RECORD WAS SET OR TIED.
MM INDICATES DATA IS MISSING.
T  INDICATES TRACE AMOUNT.

&&

SNOW DEPTH IS MEASURED AT 3AM AKST/4AM AKDT

----------------------------
AVAILABLE DAYLIGHT

AMOUNT OF DAYLIGHT TODAY  (HOUR:MIN)........4:15
LOSS SINCE YESTERDAY........................5 MINUTES
----------------------------

$$
SDB DEC 16
