000
CDAK49 PAFG 301017
CLIFAI

CLIMATE REPORT
NATIONAL WEATHER SERVICE FAIRBANKS AK
217 AM AKDT MON MAR 30 2015

...................................

...THE FAIRBANKS AK CLIMATE SUMMARY FOR MARCH 29 2015...

CLIMATE NORMAL PERIOD 1981 TO 2010
CLIMATE RECORD PERIOD 1904 TO 2015


WEATHER ITEM   OBSERVED TIME   RECORD YEAR NORMAL DEPARTURE LAST
                VALUE   (LST)  VALUE       VALUE  FROM      YEAR
                                                  NORMAL
..................................................................
TEMPERATURE (F)
 YESTERDAY
  MAXIMUM         50    526 PM  55    1994  33     17       37
  MINIMUM         16    648 AM -33    1944   6     10        0
  AVERAGE         33                        19     14       19

PRECIPITATION (IN)
  YESTERDAY        0.00          0.12 1965   0.01  -0.01     0.00
  MONTH TO DATE    0.49                      0.24   0.25     0.21
  SINCE MAR 1      0.49                      0.24   0.25     0.21
  SINCE JAN 1      1.12                      1.24  -0.12     0.83

SNOWFALL (IN)
  YESTERDAY        0.0           2.1  2005   0.1   -0.1      0.0
  MONTH TO DATE    8.1                       4.6    3.5      3.1
  SINCE MAR 1      8.1                       4.6    3.5      3.1
  SINCE JUL 1     41.7                      60.9  -19.2     46.0
  SNOW DEPTH      14

DEGREE DAYS
 HEATING
  YESTERDAY       32                        46    -14       46
  MONTH TO DATE 1460                      1571   -111     1486
  SINCE MAR 1   1460                      1571   -111     1486
  SINCE JUL 1  10927                     11961  -1034    10878

 COOLING
  YESTERDAY        0                         0      0        0
  MONTH TO DATE    0                         0      0        0
  SINCE MAR 1      0                         0      0        0
  SINCE JAN 1      0                         0      0        0
..................................................................


WIND (MPH)
  HIGHEST GUST SPEED    10   HIGHEST GUST DIRECTION    NE (50)


SKY COVER
  AVERAGE SKY COVER 0.3


WEATHER CONDITIONS
 THE FOLLOWING WEATHER WAS RECORDED YESTERDAY.
  NO SIGNIFICANT WEATHER WAS OBSERVED.


RELATIVE HUMIDITY (PERCENT)
 HIGHEST    84
 LOWEST     31
 AVERAGE    58

..........................................................


THE FAIRBANKS AK CLIMATE NORMALS FOR TODAY
                         NORMAL    RECORD    YEAR
 MAXIMUM TEMPERATURE (F)   33        52      1993
 MINIMUM TEMPERATURE (F)    7       -40      1944


SUNRISE AND SUNSET
MARCH 30 2015..........SUNRISE  716 AM AKDT   SUNSET  839 PM AKDT
MARCH 31 2015..........SUNRISE  712 AM AKDT   SUNSET  842 PM AKDT


-  INDICATES NEGATIVE NUMBERS.
R  INDICATES RECORD WAS SET OR TIED.
MM INDICATES DATA IS MISSING.
T  INDICATES TRACE AMOUNT.

&&

SNOW DEPTH IS MEASURED AT 3AM AKST/4AM AKDT

----------------------------
AVAILABLE DAYLIGHT

AMOUNT OF DAYLIGHT TODAY  (HOUR:MIN)........13:23
GAIN SINCE YESTERDAY........................7 MINUTES
----------------------------

$$
CCC MAR 15
