000
CDUS43 KFGF 250716
CLIFAR


CLIMATE REPORT
NATIONAL WEATHER SERVICE EASTERN NORTH DAKOTA/GRAND FORKS
216 AM CDT SAT OCT 25 2014


...................................

...THE FARGO HECTOR INTL AP ND CLIMATE SUMMARY FOR OCTOBER 24 2014...

CLIMATE NORMAL PERIOD 1981 TO 2010
CLIMATE RECORD PERIOD 1881 TO 2014


WEATHER ITEM   OBSERVED TIME   RECORD YEAR NORMAL DEPARTURE LAST
                VALUE   (LST)  VALUE       VALUE  FROM      YEAR
                                                  NORMAL
..................................................................
TEMPERATURE (F)
 YESTERDAY
  MAXIMUM         78R   306 PM  78    1989  52     26       43
  MINIMUM         42    714 AM   7    1887  32     10       29
  AVERAGE         60                        42     18       36

PRECIPITATION (IN)
  YESTERDAY        0.00          0.78 1975   0.06  -0.06      T
  MONTH TO DATE    0.25                      1.79  -1.54     4.17
  SINCE SEP 1      2.70                      4.36  -1.66     8.56
  SINCE JAN 1     19.16                     20.42  -1.26    30.48

SNOWFALL (IN)
  YESTERDAY        0.0           4.9  2001   0.1   -0.1      0.0
  MONTH TO DATE    T                         0.4   -0.4       T
  SINCE SEP 1      T                         0.4   -0.4       T
  SINCE JUL 1      T                         0.4   -0.4       T
  SNOW DEPTH       0

DEGREE DAYS
 HEATING
  YESTERDAY        5                        23    -18       29
  MONTH TO DATE  337                       430    -93      423
  SINCE SEP 1    497                       650   -153      514
  SINCE JUL 1    529                       700   -171      548

 COOLING
  YESTERDAY        0                         0      0        0
  MONTH TO DATE    0                         0      0        0
  SINCE SEP 1     43                        43      0       81
  SINCE JAN 1    544                       548     -4      699
..................................................................


WIND (MPH)
  HIGHEST WIND SPEED    24   HIGHEST WIND DIRECTION     W (280)
  HIGHEST GUST SPEED    28   HIGHEST GUST DIRECTION     W (280)
  AVERAGE WIND SPEED    11.4


SKY COVER
  POSSIBLE SUNSHINE  MM
  AVERAGE SKY COVER 0.0


WEATHER CONDITIONS
 THE FOLLOWING WEATHER WAS RECORDED YESTERDAY.
  NO SIGNIFICANT WEATHER WAS OBSERVED.


RELATIVE HUMIDITY (PERCENT)
 HIGHEST    83           600 AM
 LOWEST     28           300 PM
 AVERAGE    56

..........................................................


THE FARGO HECTOR INTL AP ND CLIMATE NORMALS FOR TODAY
                         NORMAL    RECORD    YEAR
 MAXIMUM TEMPERATURE (F)   51        83      1989
 MINIMUM TEMPERATURE (F)   32         6      1887


SUNRISE AND SUNSET
OCTOBER 25 2014.......SUNRISE   759 AM CDT   SUNSET   622 PM CDT
OCTOBER 26 2014.......SUNRISE   801 AM CDT   SUNSET   621 PM CDT


-  INDICATES NEGATIVE NUMBERS.
R  INDICATES RECORD WAS SET OR TIED.
MM INDICATES DATA IS MISSING.
T  INDICATES TRACE AMOUNT.




$$
