000
CDUS43 KFGF 240645
CLIFAR


CLIMATE REPORT
NATIONAL WEATHER SERVICE EASTERN NORTH DAKOTA/GRAND FORKS
141 AM CDT FRI MAR 24 2017


...................................

...THE FARGO HECTOR INTL AP ND CLIMATE SUMMARY FOR MARCH 23 2017...

CLIMATE NORMAL PERIOD 1981 TO 2010
CLIMATE RECORD PERIOD 1881 TO 2017


WEATHER ITEM   OBSERVED TIME   RECORD YEAR NORMAL DEPARTURE LAST
                VALUE   (LST)  VALUE       VALUE  FROM      YEAR
                                                  NORMAL
..................................................................
TEMPERATURE (F)
 YESTERDAY
  MAXIMUM         43   1211 PM  80    1910  40      3       45
  MINIMUM         35   1159 PM -16    1965  23     12       23
  AVERAGE         39                        31      8       34

PRECIPITATION (IN)
  YESTERDAY        0.19          0.90 2009   0.05   0.14     0.00
  MONTH TO DATE    0.33                      0.96  -0.63     0.26
  SINCE MAR 1      0.33                      0.96  -0.63     0.26
  SINCE JAN 1      2.10                      2.27  -0.17     1.25

SNOWFALL (IN)
  YESTERDAY        0.0           9.3  1994   0.3   -0.3      0.0
  MONTH TO DATE    1.6                       7.6   -6.0      0.9
  SINCE MAR 1      1.6                       7.6   -6.0      0.9
  SINCE JUL 1     30.9                      45.6  -14.7     25.2
  SNOW DEPTH       0

DEGREE DAYS
 HEATING
  YESTERDAY       26                        34     -8       31
  MONTH TO DATE  909                       903      6      629
  SINCE MAR 1    909                       903      6      629
  SINCE JUL 1   6407                      7581  -1174     6152

 COOLING
  YESTERDAY        0                         0      0        0
  MONTH TO DATE    0                         0      0        0
  SINCE MAR 1      0                         0      0        0
  SINCE JAN 1      0                         0      0        0
..................................................................


WIND (MPH)
  HIGHEST WIND SPEED    28   HIGHEST WIND DIRECTION     S (160)
  HIGHEST GUST SPEED    37   HIGHEST GUST DIRECTION    SE (150)
  AVERAGE WIND SPEED    15.5


SKY COVER
  POSSIBLE SUNSHINE  MM
  AVERAGE SKY COVER 0.5


WEATHER CONDITIONS
 THE FOLLOWING WEATHER WAS RECORDED YESTERDAY.
  THUNDERSTORM
  HEAVY RAIN
  LIGHT RAIN
  FOG


RELATIVE HUMIDITY (PERCENT)
 HIGHEST   100           800 PM
 LOWEST     59           600 AM
 AVERAGE    80

..........................................................


THE FARGO HECTOR INTL AP ND CLIMATE NORMALS FOR TODAY
                         NORMAL    RECORD    YEAR
 MAXIMUM TEMPERATURE (F)   41        70      1945
 MINIMUM TEMPERATURE (F)   23       -20      1882


SUNRISE AND SUNSET
MARCH 24 2017.........SUNRISE   722 AM CDT   SUNSET   746 PM CDT
MARCH 25 2017.........SUNRISE   720 AM CDT   SUNSET   747 PM CDT


-  INDICATES NEGATIVE NUMBERS.
R  INDICATES RECORD WAS SET OR TIED.
MM INDICATES DATA IS MISSING.
T  INDICATES TRACE AMOUNT.




$$
