000
CDUS43 KFGF 300640
CLIFAR


CLIMATE REPORT
NATIONAL WEATHER SERVICE EASTERN NORTH DAKOTA/GRAND FORKS
136 AM CDT SAT AUG 30 2014


...................................

...THE FARGO HECTOR INTL AP ND CLIMATE SUMMARY FOR AUGUST 29 2014...

CLIMATE NORMAL PERIOD 1981 TO 2010
CLIMATE RECORD PERIOD 1881 TO 2014


WEATHER ITEM   OBSERVED TIME   RECORD YEAR NORMAL DEPARTURE LAST
                VALUE   (LST)  VALUE       VALUE  FROM      YEAR
                                                  NORMAL
..................................................................
TEMPERATURE (F)
 YESTERDAY
  MAXIMUM         77    516 PM  99    1961  78     -1       91
  MINIMUM         62   1159 PM  39    1915  54      8       69
  AVERAGE         70                        66      4       80

PRECIPITATION (IN)
  YESTERDAY        0.00          2.71 1942   0.09  -0.09     0.09
  MONTH TO DATE    1.92                      2.38  -0.46     0.39
  SINCE JUN 1      9.25                      9.07   0.18     9.02
  SINCE JAN 1     16.27                     15.88   0.39    21.92

SNOWFALL (IN)
  YESTERDAY        0.0           0.0    MM   0.0    0.0      0.0
  MONTH TO DATE    0.0                       0.0    0.0      0.0
  SINCE JUN 1      0.0                       0.0    0.0      0.0
  SINCE JUL 1      0.0                       0.0    0.0      0.0
  SNOW DEPTH       0

DEGREE DAYS
 HEATING
  YESTERDAY        0                         2     -2        0
  MONTH TO DATE   12                        31    -19       17
  SINCE JUN 1     62                       120    -58       96
  SINCE JUL 1     32                        47    -15       34

 COOLING
  YESTERDAY        5                         4      1       15
  MONTH TO DATE  156                       161     -5      189
  SINCE JUN 1    421                       470    -49      568
  SINCE JAN 1    500                       501     -1      597
..................................................................


WIND (MPH)
  HIGHEST WIND SPEED    24   HIGHEST WIND DIRECTION     N (360)
  HIGHEST GUST SPEED    33   HIGHEST GUST DIRECTION    NW (330)
  AVERAGE WIND SPEED     8.3


SKY COVER
  POSSIBLE SUNSHINE  MM
  AVERAGE SKY COVER 1.0


WEATHER CONDITIONS
 THE FOLLOWING WEATHER WAS RECORDED YESTERDAY.
  FOG


RELATIVE HUMIDITY (PERCENT)
 HIGHEST    93          1200 AM
 LOWEST     69           300 PM
 AVERAGE    81

..........................................................


THE FARGO HECTOR INTL AP ND CLIMATE NORMALS FOR TODAY
                         NORMAL    RECORD    YEAR
 MAXIMUM TEMPERATURE (F)   78        97      1961
 MINIMUM TEMPERATURE (F)   54        36      1931


SUNRISE AND SUNSET
AUGUST 30 2014........SUNRISE   644 AM CDT   SUNSET   810 PM CDT
AUGUST 31 2014........SUNRISE   645 AM CDT   SUNSET   809 PM CDT


-  INDICATES NEGATIVE NUMBERS.
R  INDICATES RECORD WAS SET OR TIED.
MM INDICATES DATA IS MISSING.
T  INDICATES TRACE AMOUNT.




$$
