000
CDUS43 KFGF 220642
CLIFAR


CLIMATE REPORT
NATIONAL WEATHER SERVICE EASTERN NORTH DAKOTA/GRAND FORKS
141 AM CDT THU JUN 22 2017


...................................

...THE FARGO HECTOR INTL AP ND CLIMATE SUMMARY FOR JUNE 21 2017...

CLIMATE NORMAL PERIOD 1981 TO 2010
CLIMATE RECORD PERIOD 1881 TO 2017


WEATHER ITEM   OBSERVED TIME   RECORD YEAR NORMAL DEPARTURE LAST
                VALUE   (LST)  VALUE       VALUE  FROM      YEAR
                                                  NORMAL
..................................................................
TEMPERATURE (F)
 YESTERDAY
  MAXIMUM         87    427 PM  98    1911  79      8       85
                                      1910
  MINIMUM         58    251 AM  36    1902  57      1       53
  AVERAGE         73                        68      5       69

PRECIPITATION (IN)
  YESTERDAY        T             1.81 2011   0.13  -0.13     0.00
  MONTH TO DATE    1.90                      2.72  -0.82     1.47
  SINCE JUN 1      1.90                      2.72  -0.82     1.47
  SINCE JAN 1      6.54                      9.53  -2.99     6.95

SNOWFALL (IN)
  YESTERDAY        0.0           0.0    MM   0.0    0.0      0.0
  MONTH TO DATE    0.0                       0.0    0.0      0.0
  SINCE JUN 1      0.0                       0.0    0.0      0.0
  SINCE JUL 1     33.1                      50.4  -17.3     27.4
  SNOW DEPTH       0

DEGREE DAYS
 HEATING
  YESTERDAY        0                         2     -2        0
  MONTH TO DATE    3                        61    -58       19
  SINCE JUN 1      3                        61    -58       19
  SINCE JUL 1   7420                      8790  -1370     7164

 COOLING
  YESTERDAY        8                         4      4        4
  MONTH TO DATE  120                        61     59      106
  SINCE JUN 1    120                        61     59      106
  SINCE JAN 1    131                        92     39      154
..................................................................


WIND (MPH)
  HIGHEST WIND SPEED    25   HIGHEST WIND DIRECTION    SW (210)
  HIGHEST GUST SPEED    33   HIGHEST GUST DIRECTION    SW (210)
  AVERAGE WIND SPEED    12.1


SKY COVER
  POSSIBLE SUNSHINE  MM
  AVERAGE SKY COVER 0.1


WEATHER CONDITIONS
 THE FOLLOWING WEATHER WAS RECORDED YESTERDAY.
  THUNDERSTORM
  LIGHT RAIN


RELATIVE HUMIDITY (PERCENT)
 HIGHEST    80           100 AM
 LOWEST     37           100 PM
 AVERAGE    59

..........................................................


THE FARGO HECTOR INTL AP ND CLIMATE NORMALS FOR TODAY
                         NORMAL    RECORD    YEAR
 MAXIMUM TEMPERATURE (F)   79        97      1950
 MINIMUM TEMPERATURE (F)   57        37      1889


SUNRISE AND SUNSET
JUNE 22 2017..........SUNRISE   533 AM CDT   SUNSET   926 PM CDT
JUNE 23 2017..........SUNRISE   533 AM CDT   SUNSET   926 PM CDT


-  INDICATES NEGATIVE NUMBERS.
R  INDICATES RECORD WAS SET OR TIED.
MM INDICATES DATA IS MISSING.
T  INDICATES TRACE AMOUNT.




$$
