000
CDUS43 KFGF 282150
CLIFAR


CLIMATE REPORT
NATIONAL WEATHER SERVICE EASTERN NORTH DAKOTA/GRAND FORKS
448 PM CDT THU JUL 28 2016


...................................

...THE FARGO HECTOR INTL AP ND CLIMATE SUMMARY FOR JULY 28 2016...
VALID TODAY AS OF 0400 PM LOCAL TIME.

CLIMATE NORMAL PERIOD 1981 TO 2010
CLIMATE RECORD PERIOD 1881 TO 2016


WEATHER ITEM   OBSERVED TIME   RECORD YEAR NORMAL DEPARTURE LAST
                VALUE   (LST)  VALUE       VALUE  FROM      YEAR
                                                  NORMAL
..................................................................
TEMPERATURE (F)
 TODAY
  MAXIMUM         81    259 PM 110    1917  83     -2       81
  MINIMUM         62    523 AM  44    2013  60      2       67
                                      1973
                                      1904
  AVERAGE         72                        71      1       74

PRECIPITATION (IN)
  TODAY            T             1.60 1901   0.07  -0.07     0.65
  MONTH TO DATE    5.98                      2.57   3.41     2.78
  SINCE JUN 1      8.43                      6.47   1.96     5.53
  SINCE JAN 1     13.91                     13.28   0.63    15.63

SNOWFALL (IN)
  TODAY            0.0           0.0    MM   0.0    0.0      0.0
  MONTH TO DATE    0.0                       0.0    0.0      0.0
  SINCE JUN 1      0.0                       0.0    0.0      0.0
  SINCE JUL 1      0.0                       0.0    0.0      0.0
  SNOW DEPTH       0

DEGREE DAYS
 HEATING
  TODAY            0                         0      0        0
  MONTH TO DATE    8                        12     -4       12
  SINCE JUN 1     35                        85    -50       35
  SINCE JUL 1      8                        12     -4       12

 COOLING
  TODAY            7                         7      0        9
  MONTH TO DATE  203                       186     17      234
  SINCE JUN 1    350                       293     57      330
  SINCE JAN 1    398                       324     74      345
..................................................................


WIND (MPH)
  HIGHEST WIND SPEED    12   HIGHEST WIND DIRECTION     N (20)
  HIGHEST GUST SPEED    14   HIGHEST GUST DIRECTION     N (10)
  AVERAGE WIND SPEED     5.1


SKY COVER
  POSSIBLE SUNSHINE  MM
  AVERAGE SKY COVER 0.5


WEATHER CONDITIONS
 THE FOLLOWING WEATHER WAS RECORDED TODAY.
  NO SIGNIFICANT WEATHER WAS OBSERVED.


RELATIVE HUMIDITY (PERCENT)
 HIGHEST    93           300 AM
 LOWEST     51           300 PM
 AVERAGE    72

..........................................................


THE FARGO HECTOR INTL AP ND CLIMATE NORMALS FOR TOMORROW
                         NORMAL    RECORD    YEAR
 MAXIMUM TEMPERATURE (F)   83       100      1975
 MINIMUM TEMPERATURE (F)   60        44      1899


SUNRISE AND SUNSET
JULY 28 2016..........SUNRISE   603 AM CDT   SUNSET   904 PM CDT
JULY 29 2016..........SUNRISE   604 AM CDT   SUNSET   903 PM CDT


-  INDICATES NEGATIVE NUMBERS.
R  INDICATES RECORD WAS SET OR TIED.
MM INDICATES DATA IS MISSING.
T  INDICATES TRACE AMOUNT.




$$
