000
CDUS43 KFGF 280713
CLIFAR


CLIMATE REPORT
NATIONAL WEATHER SERVICE EASTERN NORTH DAKOTA/GRAND FORKS
213 AM CDT SAT MAR 28 2015


...................................

...THE FARGO HECTOR INTL AP ND CLIMATE SUMMARY FOR MARCH 27 2015...

CLIMATE NORMAL PERIOD 1981 TO 2010
CLIMATE RECORD PERIOD 1881 TO 2015


WEATHER ITEM   OBSERVED TIME   RECORD YEAR NORMAL DEPARTURE LAST
                VALUE   (LST)  VALUE       VALUE  FROM      YEAR
                                                  NORMAL
..................................................................
TEMPERATURE (F)
 YESTERDAY
  MAXIMUM         38    246 PM  78    1946  43     -5       34
  MINIMUM          9    550 AM  -7    1964  24    -15       18
  AVERAGE         24                        34    -10       26

PRECIPITATION (IN)
  YESTERDAY        T             0.64 1995   0.04  -0.04     0.00
  MONTH TO DATE    0.06                      1.13  -1.07     0.29
  SINCE MAR 1      0.06                      1.13  -1.07     0.29
  SINCE JAN 1      1.03                      2.44  -1.41     1.17

SNOWFALL (IN)
  YESTERDAY        T             6.7  1995   0.2   -0.2      0.0
  MONTH TO DATE    0.4                       8.4   -8.0      3.0
  SINCE MAR 1      0.4                       8.4   -8.0      3.0
  SINCE JUL 1     16.0                      46.4  -30.4     30.6
  SNOW DEPTH       0

DEGREE DAYS
 HEATING
  YESTERDAY       41                        31     10       39
  MONTH TO DATE  886                      1032   -146     1183
  SINCE MAR 1    886                      1032   -146     1183
  SINCE JUL 1   7302                      7710   -408     8460

 COOLING
  YESTERDAY        0                         0      0        0
  MONTH TO DATE    0                         0      0        0
  SINCE MAR 1      0                         0      0        0
  SINCE JAN 1      0                         0      0        0
..................................................................


WIND (MPH)
  HIGHEST WIND SPEED    18   HIGHEST WIND DIRECTION     S (190)
  HIGHEST GUST SPEED    22   HIGHEST GUST DIRECTION     S (180)
  AVERAGE WIND SPEED     7.8


SKY COVER
  POSSIBLE SUNSHINE  MM
  AVERAGE SKY COVER 0.5


WEATHER CONDITIONS
 THE FOLLOWING WEATHER WAS RECORDED YESTERDAY.
  LIGHT SNOW


RELATIVE HUMIDITY (PERCENT)
 HIGHEST    84           700 AM
 LOWEST     27           300 PM
 AVERAGE    56

..........................................................


THE FARGO HECTOR INTL AP ND CLIMATE NORMALS FOR TODAY
                         NORMAL    RECORD    YEAR
 MAXIMUM TEMPERATURE (F)   43        78      1946
 MINIMUM TEMPERATURE (F)   25        -9      1964


SUNRISE AND SUNSET
MARCH 28 2015.........SUNRISE   715 AM CDT   SUNSET   751 PM CDT
MARCH 29 2015.........SUNRISE   713 AM CDT   SUNSET   752 PM CDT


-  INDICATES NEGATIVE NUMBERS.
R  INDICATES RECORD WAS SET OR TIED.
MM INDICATES DATA IS MISSING.
T  INDICATES TRACE AMOUNT.




$$
