000
CDUS43 KFGF 180645
CLIFAR


CLIMATE REPORT
NATIONAL WEATHER SERVICE EASTERN NORTH DAKOTA/GRAND FORKS
1244 AM CST MON DEC 18 2017


...................................

...THE FARGO HECTOR INTL AP ND CLIMATE SUMMARY FOR DECEMBER 17 2017...

CLIMATE NORMAL PERIOD 1981 TO 2010
CLIMATE RECORD PERIOD 1881 TO 2017


WEATHER ITEM   OBSERVED TIME   RECORD YEAR NORMAL DEPARTURE LAST
                VALUE   (LST)  VALUE       VALUE  FROM      YEAR
                                                  NORMAL
..................................................................
TEMPERATURE (F)
 YESTERDAY
  MAXIMUM         32    921 PM  47    1890  22     10        0
  MINIMUM         21    909 AM -25    1884   5     16      -18
  AVERAGE         27                        13     14       -9

PRECIPITATION (IN)
  YESTERDAY        0.00          0.49 1977   0.02  -0.02     0.02
  MONTH TO DATE    0.41                      0.44  -0.03     0.50
  SINCE DEC 1      0.41                      0.44  -0.03     0.50
  SINCE JAN 1     14.87                     22.22  -7.35    22.76

SNOWFALL (IN)
  YESTERDAY        0.0           5.0  1993   0.3   -0.3      0.2
  MONTH TO DATE    3.0                       5.8   -2.8      7.0
  SINCE DEC 1      3.0                       5.8   -2.8      7.0
  SINCE JUL 1      6.7                      14.4   -7.7     10.7
  SNOW DEPTH       0

DEGREE DAYS
 HEATING
  YESTERDAY       38                        52    -14       74
  MONTH TO DATE  693                       828   -135      906
  SINCE DEC 1    693                       828   -135      906
  SINCE JUL 1   2491                      2790   -299     2211

 COOLING
  YESTERDAY        0                         0      0        0
  MONTH TO DATE    0                         0      0        0
  SINCE DEC 1      0                         0      0        0
  SINCE JAN 1    518                       551    -33      661
..................................................................


WIND (MPH)
  HIGHEST WIND SPEED    15   HIGHEST WIND DIRECTION     S (170)
  HIGHEST GUST SPEED    22   HIGHEST GUST DIRECTION     S (170)
  AVERAGE WIND SPEED     7.8


SKY COVER
  POSSIBLE SUNSHINE  MM
  AVERAGE SKY COVER 0.3


WEATHER CONDITIONS
 THE FOLLOWING WEATHER WAS RECORDED YESTERDAY.
  FOG


RELATIVE HUMIDITY (PERCENT)
 HIGHEST   100           100 AM
 LOWEST     85           400 PM
 AVERAGE    93

..........................................................


THE FARGO HECTOR INTL AP ND CLIMATE NORMALS FOR TODAY
                         NORMAL    RECORD    YEAR
 MAXIMUM TEMPERATURE (F)   21        55      2011
 MINIMUM TEMPERATURE (F)    5       -29      1884


SUNRISE AND SUNSET
DECEMBER 18 2017......SUNRISE   808 AM CST   SUNSET   440 PM CST
DECEMBER 19 2017......SUNRISE   809 AM CST   SUNSET   440 PM CST


-  INDICATES NEGATIVE NUMBERS.
R  INDICATES RECORD WAS SET OR TIED.
MM INDICATES DATA IS MISSING.
T  INDICATES TRACE AMOUNT.




$$
