000
CDUS43 KFGF 212251
CLIFAR


CLIMATE REPORT
NATIONAL WEATHER SERVICE EASTERN NORTH DAKOTA/GRAND FORKS
450 PM CST SAT JAN 21 2017


...................................

...THE FARGO HECTOR INTL AP ND CLIMATE SUMMARY FOR JANUARY 21 2017...
VALID TODAY AS OF 0400 PM LOCAL TIME.

CLIMATE NORMAL PERIOD 1981 TO 2010
CLIMATE RECORD PERIOD 1881 TO 2017


WEATHER ITEM   OBSERVED TIME   RECORD YEAR NORMAL DEPARTURE LAST
                VALUE   (LST)  VALUE       VALUE  FROM      YEAR
                                                  NORMAL
..................................................................
TEMPERATURE (F)
 TODAY
  MAXIMUM         39    359 PM  52    1900  18     21       21
  MINIMUM         37    848 AM -41    1888  -1     38        5
  AVERAGE         38                         9     29       13

PRECIPITATION (IN)
  TODAY            0.00          0.57 1952   0.02  -0.02      T
  MONTH TO DATE    0.92                      0.51   0.41     0.61
  SINCE DEC 1      2.19                      1.34   0.85     1.25
  SINCE JAN 1      0.92                      0.51   0.41     0.61

SNOWFALL (IN)
  TODAY            0.0           6.1  1952   0.3   -0.3       T
  MONTH TO DATE   12.9                       8.1    4.8      8.0
  SINCE DEC 1     21.2                      19.3    1.9     15.7
  SINCE JUL 1     24.9                      27.9   -3.0     18.6
  SNOW DEPTH       4

DEGREE DAYS
 HEATING
  TODAY           27                        56    -29       52
  MONTH TO DATE 1182                      1172     10     1195
  SINCE DEC 1   2692                      2750    -58     2485
  SINCE JUL 1   3997                      4712   -715     3926

 COOLING
  TODAY            0                         0      0        0
  MONTH TO DATE    0                         0      0        0
  SINCE DEC 1      0                         0      0        0
  SINCE JAN 1      0                         0      0        0
..................................................................


WIND (MPH)
  HIGHEST WIND SPEED    17   HIGHEST WIND DIRECTION    SE (120)
  HIGHEST GUST SPEED    22   HIGHEST GUST DIRECTION    SE (130)
  AVERAGE WIND SPEED     8.2


SKY COVER
  POSSIBLE SUNSHINE  MM
  AVERAGE SKY COVER 1.0


WEATHER CONDITIONS
 THE FOLLOWING WEATHER WAS RECORDED TODAY.
  FOG


RELATIVE HUMIDITY (PERCENT)
 HIGHEST    92           300 AM
 LOWEST     79          1100 AM
 AVERAGE    86

..........................................................


THE FARGO HECTOR INTL AP ND CLIMATE NORMALS FOR TOMORROW
                         NORMAL    RECORD    YEAR
 MAXIMUM TEMPERATURE (F)   18        51      1942
 MINIMUM TEMPERATURE (F)   -1       -37      1936
                                             1883


SUNRISE AND SUNSET
JANUARY 21 2017.......SUNRISE   803 AM CST   SUNSET   514 PM CST
JANUARY 22 2017.......SUNRISE   802 AM CST   SUNSET   516 PM CST


-  INDICATES NEGATIVE NUMBERS.
R  INDICATES RECORD WAS SET OR TIED.
MM INDICATES DATA IS MISSING.
T  INDICATES TRACE AMOUNT.

$$

KNUTSVIG
