631
CDUS43 KFGF 060723
CLIFAR


CLIMATE REPORT
NATIONAL WEATHER SERVICE EASTERN NORTH DAKOTA/GRAND FORKS
123 AM CST SAT FEB 6 2016


...................................

...THE FARGO HECTOR INTL AP ND CLIMATE SUMMARY FOR FEBRUARY 5 2016...

CLIMATE NORMAL PERIOD 1981 TO 2010
CLIMATE RECORD PERIOD 1881 TO 2016


WEATHER ITEM   OBSERVED TIME   RECORD YEAR NORMAL DEPARTURE LAST
                VALUE   (LST)  VALUE       VALUE  FROM      YEAR
                                                  NORMAL
..................................................................
TEMPERATURE (F)
 YESTERDAY
  MAXIMUM         31    435 PM  51    1963  21     10       26
  MINIMUM         17    456 AM -35    1889   2     15       -2
  AVERAGE         24                        11     13       12

PRECIPITATION (IN)
  YESTERDAY        T             0.88 1946   0.02  -0.02     0.00
  MONTH TO DATE    0.05                      0.09  -0.04     0.05
  SINCE DEC 1      1.38                      1.62  -0.24     0.70
  SINCE JAN 1      0.74                      0.79  -0.05     0.45

SNOWFALL (IN)
  YESTERDAY        T             7.5  1946   0.2   -0.2      0.0
  MONTH TO DATE    1.4                       1.2    0.2      0.8
  SINCE DEC 1     17.5                      23.6   -6.1      4.7
  SINCE JUL 1     20.4                      32.2  -11.8      8.3
  SNOW DEPTH       4

DEGREE DAYS
 HEATING
  YESTERDAY       41                        54    -13       53
  MONTH TO DATE  212                       271    -59      291
  SINCE DEC 1   3099                      3577   -478     3153
  SINCE JUL 1   4540                      5539   -999     5110

 COOLING
  YESTERDAY        0                         0      0        0
  MONTH TO DATE    0                         0      0        0
  SINCE DEC 1      0                         0      0        0
  SINCE JAN 1      0                         0      0        0
..................................................................


WIND (MPH)
  HIGHEST WIND SPEED    17   HIGHEST WIND DIRECTION     S (180)
  HIGHEST GUST SPEED    23   HIGHEST GUST DIRECTION     S (170)
  AVERAGE WIND SPEED     9.2


SKY COVER
  POSSIBLE SUNSHINE  MM
  AVERAGE SKY COVER 0.3


WEATHER CONDITIONS
 THE FOLLOWING WEATHER WAS RECORDED YESTERDAY.
  LIGHT SNOW


RELATIVE HUMIDITY (PERCENT)
 HIGHEST    84           900 AM
 LOWEST     69           300 PM
 AVERAGE    77

..........................................................


THE FARGO HECTOR INTL AP ND CLIMATE NORMALS FOR TODAY
                         NORMAL    RECORD    YEAR
 MAXIMUM TEMPERATURE (F)   21        50      1925
 MINIMUM TEMPERATURE (F)    2       -35      1936


SUNRISE AND SUNSET
FEBRUARY  6 2016......SUNRISE   746 AM CST   SUNSET   537 PM CST
FEBRUARY  7 2016......SUNRISE   744 AM CST   SUNSET   539 PM CST


-  INDICATES NEGATIVE NUMBERS.
R  INDICATES RECORD WAS SET OR TIED.
MM INDICATES DATA IS MISSING.
T  INDICATES TRACE AMOUNT.




$$
