000
CDUS43 KFGF 040632
CLIFAR


CLIMATE REPORT
NATIONAL WEATHER SERVICE EASTERN NORTH DAKOTA/GRAND FORKS
131 AM CDT FRI SEP 4 2015


...................................

...THE FARGO HECTOR INTL AP ND CLIMATE SUMMARY FOR SEPTEMBER 3 2015...

CLIMATE NORMAL PERIOD 1981 TO 2010
CLIMATE RECORD PERIOD 1881 TO 2015


WEATHER ITEM   OBSERVED TIME   RECORD YEAR NORMAL DEPARTURE LAST
                VALUE   (LST)  VALUE       VALUE  FROM      YEAR
                                                  NORMAL
..................................................................
TEMPERATURE (F)
 YESTERDAY
  MAXIMUM         93    325 PM  98    1925  76     17       79
  MINIMUM         72    235 AM  31    1885  53     19       55
  AVERAGE         83                        64     19       67

PRECIPITATION (IN)
  YESTERDAY        0.00          2.15 1971   0.10  -0.10     0.00
  MONTH TO DATE    0.00                      0.29  -0.29     0.00
  SINCE SEP 1      0.00                      0.29  -0.29     0.00
  SINCE JAN 1     16.92                     16.35   0.57    16.46

SNOWFALL (IN)
  YESTERDAY        0.0           0.0    MM   0.0    0.0      0.0
  MONTH TO DATE    0.0                       0.0    0.0      0.0
  SINCE SEP 1      0.0                       0.0    0.0      0.0
  SINCE JUL 1      0.0                       0.0    0.0      0.0
  SNOW DEPTH       0

DEGREE DAYS
 HEATING
  YESTERDAY        0                         3     -3        0
  MONTH TO DATE    0                         9     -9        0
  SINCE SEP 1      0                         9     -9        0
  SINCE JUL 1     44                        59    -15       32

 COOLING
  YESTERDAY       18                         3     15        2
  MONTH TO DATE   41                         9     32        3
  SINCE SEP 1     41                         9     32        3
  SINCE JAN 1    583                       514     69      504
..................................................................


WIND (MPH)
  HIGHEST WIND SPEED    24   HIGHEST WIND DIRECTION    SE (140)
  HIGHEST GUST SPEED    33   HIGHEST GUST DIRECTION    SE (140)
  AVERAGE WIND SPEED    15.6


SKY COVER
  POSSIBLE SUNSHINE  MM
  AVERAGE SKY COVER 0.3


WEATHER CONDITIONS
 THE FOLLOWING WEATHER WAS RECORDED YESTERDAY.
  FOG
  HAZE


RELATIVE HUMIDITY (PERCENT)
 HIGHEST    90           200 AM
 LOWEST     49           300 PM
 AVERAGE    70

..........................................................


THE FARGO HECTOR INTL AP ND CLIMATE NORMALS FOR TODAY
                         NORMAL    RECORD    YEAR
 MAXIMUM TEMPERATURE (F)   76        98      1979
 MINIMUM TEMPERATURE (F)   52        32      1885


SUNRISE AND SUNSET
SEPTEMBER  4 2015.....SUNRISE   650 AM CDT   SUNSET   801 PM CDT
SEPTEMBER  5 2015.....SUNRISE   652 AM CDT   SUNSET   759 PM CDT


-  INDICATES NEGATIVE NUMBERS.
R  INDICATES RECORD WAS SET OR TIED.
MM INDICATES DATA IS MISSING.
T  INDICATES TRACE AMOUNT.




$$
