767
CDUS46 KHNX 250823
CLIFAT


CLIMATE REPORT
NATIONAL WEATHER SERVICE SAN JOAQUIN VALLEY, CA
123 AM PDT MON SEP 25 2017


...................................

...THE FRESNO CA CLIMATE SUMMARY FOR SEPTEMBER 24 2017...

CLIMATE NORMAL PERIOD 1981 TO 2010
CLIMATE RECORD PERIOD 1887 TO 2017


WEATHER ITEM   OBSERVED TIME   RECORD YEAR NORMAL DEPARTURE
                VALUE   (LST)  VALUE       VALUE  FROM
                                                  NORMAL
...............................................................
TEMPERATURE (F)
 YESTERDAY
  MAXIMUM         80        MM 102    1899  89     -9
  MINIMUM         54        MM  46    1945  60     -6
  AVERAGE         67                        74     -7

PRECIPITATION (IN)
  YESTERDAY        0.00          0.76 1904   0.01  -0.01
  MONTH TO DATE    0.16                      0.11   0.05
  SINCE OCT 1     17.36                     11.44   5.92
  SINCE JAN 1     12.80                      7.97   4.83

SNOWFALL (IN)
  YESTERDAY        0.0
  MONTH TO DATE    0.0
  SINCE SEP 1      0.0
  SINCE JUL 1      0.0
  SNOW DEPTH       0

DEGREE DAYS
 HEATING
  YESTERDAY        0                                0
  MONTH TO DATE    4                                4
  SINCE SEP 1      4                                4
  SINCE JUL 1      4                                4

 COOLING
  YESTERDAY        2                               -7
  MONTH TO DATE  318                               29
  SINCE SEP 1    318                               29
  SINCE JAN 1   2357                              384
...............................................................


WIND (MPH)
  HIGHEST WIND SPEED     8   HIGHEST WIND DIRECTION     W (280)
  HIGHEST GUST SPEED    MM   HIGHEST GUST DIRECTION    MM
  AVERAGE WIND SPEED     3.3




RELATIVE HUMIDITY (PERCENT)
 HIGHEST    66
 LOWEST     16
 AVERAGE    41

..........................................................


THE FRESNO CA CLIMATE NORMALS FOR TODAY
                         NORMAL    RECORD    YEAR
 MAXIMUM TEMPERATURE (F)   88       100      2009
                                             1978
                                             1963
 MINIMUM TEMPERATURE (F)   59        43      1948


SUNRISE AND SUNSET
SEPTEMBER 25 2017.....SUNRISE   649 AM PDT   SUNSET   651 PM PDT
SEPTEMBER 26 2017.....SUNRISE   650 AM PDT   SUNSET   649 PM PDT


-  INDICATES NEGATIVE NUMBERS.
R  INDICATES RECORD WAS SET OR TIED.
MM INDICATES DATA IS MISSING.
T  INDICATES TRACE AMOUNT.




$$
