000
CDUS46 KHNX 200821
CLIFAT


CLIMATE REPORT
NATIONAL WEATHER SERVICE SAN JOAQUIN VALLEY, CA
121 AM PDT SAT SEP 20 2014


...................................

...THE FRESNO CA CLIMATE SUMMARY FOR SEPTEMBER 19 2014...

CLIMATE NORMAL PERIOD 1981 TO 2010
CLIMATE RECORD PERIOD 1887 TO 2014


WEATHER ITEM   OBSERVED TIME   RECORD YEAR NORMAL DEPARTURE
                VALUE   (LST)  VALUE       VALUE  FROM
                                                  NORMAL
...............................................................
TEMPERATURE (F)
 YESTERDAY
  MAXIMUM         89    421 PM 105    1922  90     -1
  MINIMUM         68    627 AM  44    1978  61      7
  AVERAGE         79                        76      3

PRECIPITATION (IN)
  YESTERDAY        0.00          0.63 1959   0.01  -0.01
  MONTH TO DATE    T                         0.08  -0.08
  SINCE JUL 1      0.01                      0.10  -0.09
  SINCE JAN 1      4.09                      7.94  -3.85

SNOWFALL (IN)
  YESTERDAY        0.0
  MONTH TO DATE    0.0
  SINCE SEP 1      0.0
  SINCE JUL 1      0.0
  SNOW DEPTH       0

DEGREE DAYS
 HEATING
  YESTERDAY        0                                0
  MONTH TO DATE    0                                0
  SINCE SEP 1      0                                0
  SINCE JUL 1      0                                0

 COOLING
  YESTERDAY       14                                3
  MONTH TO DATE  364                              124
  SINCE SEP 1    364                              124
  SINCE JAN 1   2585                              661
...............................................................


WIND (MPH)
  HIGHEST WIND SPEED    18   HIGHEST WIND DIRECTION    NW (300)
  HIGHEST GUST SPEED    22   HIGHEST GUST DIRECTION    NW (300)
  AVERAGE WIND SPEED     7.8




RELATIVE HUMIDITY (PERCENT)
 HIGHEST    73
 LOWEST     29
 AVERAGE    51

..........................................................


THE FRESNO CA CLIMATE NORMALS FOR TODAY
                         NORMAL    RECORD    YEAR
 MAXIMUM TEMPERATURE (F)   90       104      1939
 MINIMUM TEMPERATURE (F)   61        46      1978
                                             1968
                                             1965


SUNRISE AND SUNSET
SEPTEMBER 20 2014.....SUNRISE   645 AM PDT   SUNSET   659 PM PDT
SEPTEMBER 21 2014.....SUNRISE   646 AM PDT   SUNSET   657 PM PDT


-  INDICATES NEGATIVE NUMBERS.
R  INDICATES RECORD WAS SET OR TIED.
MM INDICATES DATA IS MISSING.
T  INDICATES TRACE AMOUNT.




$$
