000
CDUS46 KHNX 010824
CLIFAT


CLIMATE REPORT
NATIONAL WEATHER SERVICE SAN JOAQUIN VALLEY, CA
121 AM PDT MON SEP 1 2014


...................................

...THE FRESNO CA CLIMATE SUMMARY FOR AUGUST 31 2014...

CLIMATE NORMAL PERIOD 1981 TO 2010
CLIMATE RECORD PERIOD 1887 TO 2014


WEATHER ITEM   OBSERVED TIME   RECORD YEAR NORMAL DEPARTURE
                VALUE   (LST)  VALUE       VALUE  FROM
                                                  NORMAL
...............................................................
TEMPERATURE (F)
 YESTERDAY
  MAXIMUM         97    337 PM 107    2007  95      2
  MINIMUM         69    602 AM  50    1887  65      4
  AVERAGE         83                        80      3

PRECIPITATION (IN)
  YESTERDAY        0.00          0.25 1964   0.00   0.00
  MONTH TO DATE    T                         0.01  -0.01
  SINCE JUL 1      0.01                      0.02  -0.01
  SINCE JAN 1      4.09                      7.86  -3.77

SNOWFALL (IN)
  YESTERDAY        0.0
  MONTH TO DATE    0.0
  SINCE JUN 1      0.0
  SINCE JUL 1      0.0
  SNOW DEPTH       0

DEGREE DAYS
 HEATING
  YESTERDAY        0                                0
  MONTH TO DATE    0                                0
  SINCE JUN 1      0                               -3
  SINCE JUL 1      0                                0

 COOLING
  YESTERDAY       18                                3
  MONTH TO DATE  606                               90
  SINCE JUN 1   1778                              335
  SINCE JAN 1   2221                              537
...............................................................


WIND (MPH)
  HIGHEST WIND SPEED    14   HIGHEST WIND DIRECTION    NW (310)
  HIGHEST GUST SPEED    17   HIGHEST GUST DIRECTION    NW (300)
  AVERAGE WIND SPEED     6.8




RELATIVE HUMIDITY (PERCENT)
 HIGHEST    44
 LOWEST     13
 AVERAGE    29

..........................................................


THE FRESNO CA CLIMATE NORMALS FOR TODAY
                         NORMAL    RECORD    YEAR
 MAXIMUM TEMPERATURE (F)   95       107      1888
 MINIMUM TEMPERATURE (F)   64        51      1964
                                             1907


SUNRISE AND SUNSET
SEPTEMBER  1 2014.....SUNRISE   630 AM PDT   SUNSET   727 PM PDT
SEPTEMBER  2 2014.....SUNRISE   631 AM PDT   SUNSET   726 PM PDT


-  INDICATES NEGATIVE NUMBERS.
R  INDICATES RECORD WAS SET OR TIED.
MM INDICATES DATA IS MISSING.
T  INDICATES TRACE AMOUNT.




$$
