000
CDUS46 KHNX 250826
CLIFAT


CLIMATE REPORT
NATIONAL WEATHER SERVICE SAN JOAQUIN VALLEY, CA
125 AM PDT FRI APR 25 2014


...................................

...THE FRESNO CA CLIMATE SUMMARY FOR APRIL 24 2014...

CLIMATE NORMAL PERIOD 1981 TO 2010
CLIMATE RECORD PERIOD 1887 TO 2014


WEATHER ITEM   OBSERVED TIME   RECORD YEAR NORMAL DEPARTURE
                VALUE   (LST)  VALUE       VALUE  FROM
                                                  NORMAL
...............................................................
TEMPERATURE (F)
 YESTERDAY
  MAXIMUM         80    350 PM 101    1910  77      3
  MINIMUM         52    550 AM  36    1958  51      1
  AVERAGE         66                        64      2

PRECIPITATION (IN)
  YESTERDAY        0.00          1.60 1896   0.03  -0.03
  MONTH TO DATE    0.12                      0.80  -0.68
  SINCE JUL 1      4.15                     10.71  -6.56
  SINCE JAN 1      3.42                      7.05  -3.63

SNOWFALL (IN)
  YESTERDAY        0.0
  MONTH TO DATE    0.0
  SINCE MAR 1      0.0
  SINCE JUL 1      0.0
  SNOW DEPTH       0

DEGREE DAYS
 HEATING
  YESTERDAY        0                               -3
  MONTH TO DATE   49                              -73
  SINCE MAR 1    137                             -250
  SINCE JUL 1   1482                             -817

 COOLING
  YESTERDAY        1                               -1
  MONTH TO DATE  116                               85
  SINCE MAR 1    128                               92
  SINCE JAN 1    128                               92
...............................................................


WIND (MPH)
  HIGHEST WIND SPEED    21   HIGHEST WIND DIRECTION    NW (310)
  HIGHEST GUST SPEED    26   HIGHEST GUST DIRECTION    NW (320)
  AVERAGE WIND SPEED     8.2




RELATIVE HUMIDITY (PERCENT)
 HIGHEST    77
 LOWEST     23
 AVERAGE    50

..........................................................


THE FRESNO CA CLIMATE NORMALS FOR TODAY
                         NORMAL    RECORD    YEAR
 MAXIMUM TEMPERATURE (F)   78       101      1898
 MINIMUM TEMPERATURE (F)   51        36      1964


SUNRISE AND SUNSET
APRIL 25 2014.........SUNRISE   612 AM PDT   SUNSET   742 PM PDT
APRIL 26 2014.........SUNRISE   611 AM PDT   SUNSET   743 PM PDT


-  INDICATES NEGATIVE NUMBERS.
R  INDICATES RECORD WAS SET OR TIED.
MM INDICATES DATA IS MISSING.
T  INDICATES TRACE AMOUNT.




$$
