000
CDUS46 KHNX 260023
CLIFAT


CLIMATE REPORT
NATIONAL WEATHER SERVICE SAN JOAQUIN VALLEY, CA
522 PM PDT TUE APR 25 2017


...................................

...THE FRESNO CA CLIMATE SUMMARY FOR APRIL 25 2017...
VALID AS OF 0400 PM LOCAL TIME.

CLIMATE NORMAL PERIOD 1981 TO 2010
CLIMATE RECORD PERIOD 1887 TO 2017


WEATHER ITEM   OBSERVED TIME   RECORD YEAR NORMAL DEPARTURE LAST
                VALUE   (LST)  VALUE       VALUE  FROM      YEAR
                                                  NORMAL
..................................................................
TEMPERATURE (F)
 TODAY
  MAXIMUM         72    338 PM 101    1898  78     -6       67
  MINIMUM         51    602 AM  36    1964  51      0       47
  AVERAGE         62                        64     -2       57

PRECIPITATION (IN)
  TODAY            0.00          0.93 1952   0.02  -0.02     0.00
  MONTH TO DATE    3.42                      0.82   2.60     1.04
  SINCE OCT 1     17.08                     10.54   6.54    13.92
  SINCE JAN 1     12.52                      7.07   5.45     8.72

SNOWFALL (IN)
  TODAY            0.0
  MONTH TO DATE    0.0
  SINCE MAR 1      0.0
  SINCE JUL 1      0.0
  SNOW DEPTH       0

DEGREE DAYS
 HEATING
  TODAY            3                         3      0        8
  MONTH TO DATE   92                       125    -33       35
  SINCE MAR 1    294                       390    -96      224
  SINCE JUL 1   1908                      2302   -394     1925

 COOLING
  TODAY            0                         2     -2        0
  MONTH TO DATE    8                        33    -25       60
  SINCE MAR 1     25                        38    -13       61
  SINCE JAN 1     25                        38    -13       61
..................................................................


WIND (MPH)
  HIGHEST WIND SPEED    22   HIGHEST WIND DIRECTION    NW (300)
  HIGHEST GUST SPEED    29   HIGHEST GUST DIRECTION    NW (320)
  AVERAGE WIND SPEED    14.5




RELATIVE HUMIDITY (PERCENT)
 HIGHEST    83
 LOWEST     35
 AVERAGE    59

..........................................................


THE FRESNO CA CLIMATE NORMALS FOR TOMORROW
                         NORMAL    RECORD    YEAR
 MAXIMUM TEMPERATURE (F)   78        98      1926
 MINIMUM TEMPERATURE (F)   52        37      1975


SUNRISE AND SUNSET
APRIL 25 2017.........SUNRISE   612 AM PDT   SUNSET   742 PM PDT
APRIL 26 2017.........SUNRISE   610 AM PDT   SUNSET   743 PM PDT


-  INDICATES NEGATIVE NUMBERS.
R  INDICATES RECORD WAS SET OR TIED.
MM INDICATES DATA IS MISSING.
T  INDICATES TRACE AMOUNT.




$$
