000
CDUS46 KHNX 120825
CLIFAT


CLIMATE REPORT
NATIONAL WEATHER SERVICE SAN JOAQUIN VALLEY, CA
125 AM PDT SAT JUL 12 2014


...................................

...THE FRESNO CA CLIMATE SUMMARY FOR JULY 11 2014...

CLIMATE NORMAL PERIOD 1981 TO 2010
CLIMATE RECORD PERIOD 1887 TO 2014


WEATHER ITEM   OBSERVED TIME   RECORD YEAR NORMAL DEPARTURE
                VALUE   (LST)  VALUE       VALUE  FROM
                                                  NORMAL
...............................................................
TEMPERATURE (F)
 YESTERDAY
  MAXIMUM         95    515 PM 110    1961  98     -3
                                      1897
                                      1896
  MINIMUM         67    536 AM  52    1974  68     -1
  AVERAGE         81                        83     -2

PRECIPITATION (IN)
  YESTERDAY        0.00          0.01 1908   0.00   0.00
  MONTH TO DATE    0.00                      0.01  -0.01
  SINCE JUL 1      0.00                      0.01  -0.01
  SINCE JAN 1      4.08                      7.85  -3.77

SNOWFALL (IN)
  YESTERDAY        0.0
  MONTH TO DATE    0.0
  SINCE JUN 1      0.0
  SINCE JUL 1      0.0
  SNOW DEPTH       0

DEGREE DAYS
 HEATING
  YESTERDAY        0                                0
  MONTH TO DATE    0                                0
  SINCE JUN 1      0                               -3
  SINCE JUL 1      0                                0

 COOLING
  YESTERDAY       16                               -2
  MONTH TO DATE  253                               66
  SINCE JUN 1    738                              182
  SINCE JAN 1   1181                              384
...............................................................


WIND (MPH)
  HIGHEST WIND SPEED    18   HIGHEST WIND DIRECTION    NW (300)
  HIGHEST GUST SPEED    22   HIGHEST GUST DIRECTION    NW (310)
  AVERAGE WIND SPEED     8.5




RELATIVE HUMIDITY (PERCENT)
 HIGHEST    68
 LOWEST     24
 AVERAGE    46

..........................................................


THE FRESNO CA CLIMATE NORMALS FOR TODAY
                         NORMAL    RECORD    YEAR
 MAXIMUM TEMPERATURE (F)   98       109      2012
                                             2002
                                             1983
 MINIMUM TEMPERATURE (F)   68        54      1965
                                             1888


SUNRISE AND SUNSET
JULY 12 2014..........SUNRISE   550 AM PDT   SUNSET   819 PM PDT
JULY 13 2014..........SUNRISE   550 AM PDT   SUNSET   819 PM PDT


-  INDICATES NEGATIVE NUMBERS.
R  INDICATES RECORD WAS SET OR TIED.
MM INDICATES DATA IS MISSING.
T  INDICATES TRACE AMOUNT.




$$
