000
CDUS46 KHNX 240821
CLIFAT


CLIMATE REPORT
NATIONAL WEATHER SERVICE SAN JOAQUIN VALLEY, CA
1221 AM PST MON NOV 24 2014


...................................

...THE FRESNO CA CLIMATE SUMMARY FOR NOVEMBER 23 2014...

CLIMATE NORMAL PERIOD 1981 TO 2010
CLIMATE RECORD PERIOD 1887 TO 2014


WEATHER ITEM   OBSERVED TIME   RECORD YEAR NORMAL DEPARTURE
                VALUE   (LST)  VALUE       VALUE  FROM
                                                  NORMAL
...............................................................
TEMPERATURE (F)
 YESTERDAY
  MAXIMUM         59    259 PM  78    1932  62     -3
  MINIMUM         47   1159 PM  27    1947  41      6
  AVERAGE         53                        51      2

PRECIPITATION (IN)
  YESTERDAY        0.00          0.70 1885   0.04  -0.04
  MONTH TO DATE    0.39                      0.81  -0.42
  SINCE JUL 1      1.08                      1.63  -0.55
  SINCE JAN 1      5.16                      9.47  -4.31

SNOWFALL (IN)
  YESTERDAY        0.0
  MONTH TO DATE    0.0
  SINCE SEP 1      0.0
  SINCE JUL 1      0.0
  SNOW DEPTH       0

DEGREE DAYS
 HEATING
  YESTERDAY       12                               -2
  MONTH TO DATE  149                              -72
  SINCE SEP 1    154                             -130
  SINCE JUL 1    154                             -130

 COOLING
  YESTERDAY        0                                0
  MONTH TO DATE    2                                2
  SINCE SEP 1    711                              273
  SINCE JAN 1   2932                              810
...............................................................


WIND (MPH)
  HIGHEST WIND SPEED    17   HIGHEST WIND DIRECTION    NW (310)
  HIGHEST GUST SPEED    20   HIGHEST GUST DIRECTION    NW (300)
  AVERAGE WIND SPEED     5.5




RELATIVE HUMIDITY (PERCENT)
 HIGHEST    96
 LOWEST     67
 AVERAGE    82

..........................................................


THE FRESNO CA CLIMATE NORMALS FOR TODAY
                         NORMAL    RECORD    YEAR
 MAXIMUM TEMPERATURE (F)   61        78      1939
 MINIMUM TEMPERATURE (F)   41        29      1947
                                             1941


SUNRISE AND SUNSET
NOVEMBER 24 2014......SUNRISE   646 AM PST   SUNSET   445 PM PST
NOVEMBER 25 2014......SUNRISE   647 AM PST   SUNSET   444 PM PST


-  INDICATES NEGATIVE NUMBERS.
R  INDICATES RECORD WAS SET OR TIED.
MM INDICATES DATA IS MISSING.
T  INDICATES TRACE AMOUNT.




$$
