000
CDUS46 KHNX 300820
CLIFAT


CLIMATE REPORT
NATIONAL WEATHER SERVICE SAN JOAQUIN VALLEY, CA
120 AM PDT SAT MAY 30 2015


...................................

...THE FRESNO CA CLIMATE SUMMARY FOR MAY 29 2015...

CLIMATE NORMAL PERIOD 1981 TO 2010
CLIMATE RECORD PERIOD 1887 TO 2015


WEATHER ITEM   OBSERVED TIME   RECORD YEAR NORMAL DEPARTURE
                VALUE   (LST)  VALUE       VALUE  FROM
                                                  NORMAL
...............................................................
TEMPERATURE (F)
 YESTERDAY
  MAXIMUM         95    457 PM 107    1984  88      7
  MINIMUM         61    520 AM  45    1906  59      2
  AVERAGE         78                        73      5

PRECIPITATION (IN)
  YESTERDAY        0.00          0.46 1906   0.01  -0.01
  MONTH TO DATE    0.57                      0.41   0.16
  SINCE OCT 1      6.41                     11.08  -4.67
  SINCE JAN 1      3.22                      7.61  -4.39

SNOWFALL (IN)
  YESTERDAY        0.0
  MONTH TO DATE    0.0
  SINCE MAR 1      0.0
  SINCE JUL 1      0.0
  SNOW DEPTH       0

DEGREE DAYS
 HEATING
  YESTERDAY        0                                0
  MONTH TO DATE   25                               -4
  SINCE MAR 1    193                             -237
  SINCE JUL 1   1519                             -823

 COOLING
  YESTERDAY       13                                5
  MONTH TO DATE  113                              -58
  SINCE MAR 1    241                               19
  SINCE JAN 1    241                               19
...............................................................


WIND (MPH)
  HIGHEST WIND SPEED    15   HIGHEST WIND DIRECTION    NW (310)
  HIGHEST GUST SPEED    20   HIGHEST GUST DIRECTION    NW (300)
  AVERAGE WIND SPEED     6.9




RELATIVE HUMIDITY (PERCENT)
 HIGHEST    67
 LOWEST     12
 AVERAGE    40

..........................................................


THE FRESNO CA CLIMATE NORMALS FOR TODAY
                         NORMAL    RECORD    YEAR
 MAXIMUM TEMPERATURE (F)   88       109      1910
 MINIMUM TEMPERATURE (F)   59        45      1988
                                             1906


SUNRISE AND SUNSET
MAY 30 2015...........SUNRISE   542 AM PDT   SUNSET   811 PM PDT
MAY 31 2015...........SUNRISE   542 AM PDT   SUNSET   812 PM PDT


-  INDICATES NEGATIVE NUMBERS.
R  INDICATES RECORD WAS SET OR TIED.
MM INDICATES DATA IS MISSING.
T  INDICATES TRACE AMOUNT.




$$
