000
CDUS46 KHNX 020023
CLIFAT


CLIMATE REPORT
NATIONAL WEATHER SERVICE SAN JOAQUIN VALLEY, CA
523 PM PDT SUN MAY 1 2016


...................................

...THE FRESNO CA CLIMATE SUMMARY FOR MAY 1 2016...
VALID AS OF 0400 PM LOCAL TIME.

CLIMATE NORMAL PERIOD 1981 TO 2010
CLIMATE RECORD PERIOD 1887 TO 2016


WEATHER ITEM   OBSERVED TIME   RECORD YEAR NORMAL DEPARTURE LAST
                VALUE   (LST)  VALUE       VALUE  FROM      YEAR
                                                  NORMAL
..................................................................
TEMPERATURE (F)
 TODAY
  MAXIMUM         87    340 PM 101    1947  80      7       93
  MINIMUM         57    536 AM  38    1899  53      4       61
  AVERAGE         72                        66      6       77

PRECIPITATION (IN)
  TODAY            0.00          0.67 1995   0.02  -0.02     0.00
  MONTH TO DATE    0.00                      0.02  -0.02     0.00
  SINCE OCT 1     13.94                     10.69   3.25     5.84
  SINCE JAN 1      8.74                      7.22   1.52     2.65

SNOWFALL (IN)
  TODAY            0.0
  MONTH TO DATE    0.0
  SINCE MAR 1      0.0
  SINCE JUL 1      0.0
  SNOW DEPTH       0

DEGREE DAYS
 HEATING
  TODAY            0                         2     -2        0
  MONTH TO DATE    0                         2     -2        0
  SINCE MAR 1    236                       403   -167      168
  SINCE JUL 1   1937                      2315   -378     1494

 COOLING
  TODAY            7                         3      4       12
  MONTH TO DATE    7                         3      4       12
  SINCE MAR 1     71                        54     17      140
  SINCE JAN 1     71                        54     17      140
..................................................................


WIND (MPH)
  HIGHEST WIND SPEED    13   HIGHEST WIND DIRECTION    SE (130)
  HIGHEST GUST SPEED    18   HIGHEST GUST DIRECTION     E (100)
  AVERAGE WIND SPEED     6.1




RELATIVE HUMIDITY (PERCENT)
 HIGHEST    67
 LOWEST     16
 AVERAGE    42

..........................................................


THE FRESNO CA CLIMATE NORMALS FOR TOMORROW
                         NORMAL    RECORD    YEAR
 MAXIMUM TEMPERATURE (F)   80       101      1947
 MINIMUM TEMPERATURE (F)   53        40      1964
                                             1915
                                             1912


SUNRISE AND SUNSET
MAY  1 2016...........SUNRISE   604 AM PDT   SUNSET   748 PM PDT
MAY  2 2016...........SUNRISE   603 AM PDT   SUNSET   749 PM PDT


-  INDICATES NEGATIVE NUMBERS.
R  INDICATES RECORD WAS SET OR TIED.
MM INDICATES DATA IS MISSING.
T  INDICATES TRACE AMOUNT.




$$
