000
CDUS46 KHNX 190823
CLIFAT


CLIMATE REPORT
NATIONAL WEATHER SERVICE SAN JOAQUIN VALLEY, CA
1222 AM PST FRI JAN 19 2018


...................................

...THE FRESNO CA CLIMATE SUMMARY FOR JANUARY 18 2018...

CLIMATE NORMAL PERIOD 1981 TO 2010
CLIMATE RECORD PERIOD 1887 TO 2018


WEATHER ITEM   OBSERVED TIME   RECORD YEAR NORMAL DEPARTURE
                VALUE   (LST)  VALUE       VALUE  FROM
                                                  NORMAL
...............................................................
TEMPERATURE (F)
 YESTERDAY
  MAXIMUM         62    213 PM  70    2014  55      7
                                      2009
                                      1981
  MINIMUM         47    140 AM  23    1943  38      9
  AVERAGE         55                        47      8

PRECIPITATION (IN)
  YESTERDAY        0.00          0.91 1983   0.06  -0.06
  MONTH TO DATE    0.82                      1.30  -0.48
  SINCE OCT 1      1.23                      4.77  -3.54
  SINCE JAN 1      0.82                      1.30  -0.48

SNOWFALL (IN)
  YESTERDAY        0.0
  MONTH TO DATE    0.0
  SINCE DEC 1      0.0
  SINCE JUL 1      0.0
  SNOW DEPTH       0

DEGREE DAYS
 HEATING
  YESTERDAY       10                               -8
  MONTH TO DATE  191                             -154
  SINCE DEC 1    714                             -206
  SINCE JUL 1    972                             -336

 COOLING
  YESTERDAY        0                                0
  MONTH TO DATE    0                                0
  SINCE DEC 1      0                                0
  SINCE JAN 1      0                                0
...............................................................


WIND (MPH)
  HIGHEST WIND SPEED    10   HIGHEST WIND DIRECTION     N (340)
  HIGHEST GUST SPEED    13   HIGHEST GUST DIRECTION     W (280)
  AVERAGE WIND SPEED     4.7




RELATIVE HUMIDITY (PERCENT)
 HIGHEST   100
 LOWEST     64
 AVERAGE    82

..........................................................


THE FRESNO CA CLIMATE NORMALS FOR TODAY
                         NORMAL    RECORD    YEAR
 MAXIMUM TEMPERATURE (F)   55        73      2014
                                             1981
 MINIMUM TEMPERATURE (F)   38        24      1943
                                             1922


SUNRISE AND SUNSET
JANUARY 19 2018.......SUNRISE   709 AM PST   SUNSET   511 PM PST
JANUARY 20 2018.......SUNRISE   709 AM PST   SUNSET   512 PM PST


-  INDICATES NEGATIVE NUMBERS.
R  INDICATES RECORD WAS SET OR TIED.
MM INDICATES DATA IS MISSING.
T  INDICATES TRACE AMOUNT.




$$
