342
CDUS42 KRAH 300742
CLIFAY

CLIMATE REPORT
NATIONAL WEATHER SERVICE RALEIGH NC
338 AM EDT SUN APR 30 2017
...................................

...THE FAYETTEVILLE REGL AIRPORT NC CLIMATE SUMMARY FOR APRIL 29 2017...

CLIMATE NORMAL PERIOD 1981 TO 2010
CLIMATE RECORD PERIOD 1910 TO 2017


WEATHER ITEM   OBSERVED TIME   RECORD YEAR NORMAL DEPARTURE LAST
                VALUE   (LST)  VALUE       VALUE  FROM      YEAR
                                                  NORMAL
..................................................................
TEMPERATURE (F)
 YESTERDAY
  MAXIMUM         91    343 PM  95    1981  78     13       83
  MINIMUM         73   1159 PM  35    1967  54     19       65
  AVERAGE         82                        66     16       74

PRECIPITATION (IN)
  YESTERDAY        0.00          1.80 1923   0.07  -0.07     0.00
  MONTH TO DATE    4.25                      2.76   1.49     3.53
  SINCE MAR 1      6.93                      6.31   0.62     4.54
  SINCE JAN 1     10.35                     12.37  -2.02    12.38

DEGREE DAYS
 HEATING
  YESTERDAY        0                         2     -2        0
  MONTH TO DATE   44                       136    -92      139
  SINCE MAR 1    393                       480    -87      329
  SINCE JUL 1   2015                      2705   -690     2142

 COOLING
  YESTERDAY       17                         3     14        9
  MONTH TO DATE  152                        62     90       72
  SINCE MAR 1    188                        74    114      134
  SINCE JAN 1    203                        78    125      134
..................................................................


WIND (MPH)
  HIGHEST WIND SPEED    18   HIGHEST WIND DIRECTION     S (200)
  HIGHEST GUST SPEED    25   HIGHEST GUST DIRECTION    SW (210)
  AVERAGE WIND SPEED    10.1


SKY COVER
  POSSIBLE SUNSHINE  MM
  AVERAGE SKY COVER 0.5


WEATHER CONDITIONS
 THE FOLLOWING WEATHER WAS RECORDED YESTERDAY.
  FOG


RELATIVE HUMIDITY (PERCENT)
 HIGHEST    94           100 AM
 LOWEST     50           300 PM
 AVERAGE    72

..........................................................


THE FAYETTEVILLE REGL AIRPORT NC CLIMATE NORMALS FOR TODAY
                         NORMAL    RECORD    YEAR
 MAXIMUM TEMPERATURE (F)   79        92      1942
 MINIMUM TEMPERATURE (F)   54        39      1982


SUNRISE AND SUNSET
APRIL 30 2017.........SUNRISE   626 AM EDT   SUNSET   800 PM EDT
MAY  1 2017...........SUNRISE   624 AM EDT   SUNSET   801 PM EDT


-  INDICATES NEGATIVE NUMBERS.
R  INDICATES RECORD WAS SET OR TIED.
MM INDICATES DATA IS MISSING.
T  INDICATES TRACE AMOUNT.


$$
