000
CDUS42 KRAH 182202
CLIFAY


CLIMATE REPORT
NATIONAL WEATHER SERVICE RALEIGH NC
500 PM EST THU DEC 18 2014


...................................

...THE FAYETTEVILLE REGL AIRPORT NC CLIMATE SUMMARY FOR DECEMBER 18 2014...
VALID TODAY AS OF 0500 PM LOCAL TIME.

CLIMATE NORMAL PERIOD 1981 TO 2010
CLIMATE RECORD PERIOD 1910 TO 2014


WEATHER ITEM   OBSERVED TIME   RECORD YEAR NORMAL DEPARTURE LAST
                VALUE   (LST)  VALUE       VALUE  FROM      YEAR
                                                  NORMAL
..................................................................
TEMPERATURE (F)
 TODAY
  MAXIMUM         55    345 PM  79    1924  54      1       54
  MINIMUM         37    751 AM  13    1943  34      3       32
  AVERAGE         46                        44      2       43

PRECIPITATION (IN)
  TODAY            0.00          1.48 1959   0.08  -0.08     0.00
  MONTH TO DATE    0.54                      1.72  -1.18     2.03
  SINCE DEC 1      0.54                      1.72  -1.18     2.03
  SINCE JAN 1     38.47                     43.53  -5.06    41.11

DEGREE DAYS
 HEATING
  TODAY           19                        21     -2       22
  MONTH TO DATE  304                       329    -25      297
  SINCE DEC 1    304                       329    -25      297
  SINCE JUL 1    848                       777     71      813

 COOLING
  TODAY            0                         0      0        0
  MONTH TO DATE    0                         0      0        7
  SINCE DEC 1      0                         0      0        7
  SINCE JAN 1   2139                      1991    148     1945
..................................................................


WIND (MPH)
  HIGHEST WIND SPEED    12   HIGHEST WIND DIRECTION     N (20)
  HIGHEST GUST SPEED    15   HIGHEST GUST DIRECTION    NE (30)
  AVERAGE WIND SPEED     4.0


SKY COVER
  POSSIBLE SUNSHINE  MM
  AVERAGE SKY COVER 0.0


WEATHER CONDITIONS
 THE FOLLOWING WEATHER WAS RECORDED TODAY.
  NO SIGNIFICANT WEATHER WAS OBSERVED.


RELATIVE HUMIDITY (PERCENT)
 HIGHEST    92           200 AM
 LOWEST     35           300 PM
 AVERAGE    64

..........................................................


THE FAYETTEVILLE REGL AIRPORT NC CLIMATE NORMALS FOR TOMORROW
                         NORMAL    RECORD    YEAR
 MAXIMUM TEMPERATURE (F)   54        81      1931
 MINIMUM TEMPERATURE (F)   34        15      1953


SUNRISE AND SUNSET
DECEMBER 18 2014......SUNRISE   718 AM EST   SUNSET   506 PM EST
DECEMBER 19 2014......SUNRISE   719 AM EST   SUNSET   507 PM EST


-  INDICATES NEGATIVE NUMBERS.
R  INDICATES RECORD WAS SET OR TIED.
MM INDICATES DATA IS MISSING.
T  INDICATES TRACE AMOUNT.




$$
