000
CDUS42 KRAH 220527
CLIFAY


CLIMATE REPORT
NATIONAL WEATHER SERVICE RALEIGH NC
126 AM EDT MON SEP 22 2014


...................................

...THE FAYETTEVILLE REGL AIRPORT NC CLIMATE SUMMARY FOR SEPTEMBER 21 2014...

CLIMATE NORMAL PERIOD 1981 TO 2010
CLIMATE RECORD PERIOD 1910 TO 2014


WEATHER ITEM   OBSERVED TIME   RECORD YEAR NORMAL DEPARTURE LAST
                VALUE   (LST)  VALUE       VALUE  FROM      YEAR
                                                  NORMAL
..................................................................
TEMPERATURE (F)
 YESTERDAY
  MAXIMUM         88    402 PM  99    1931  82      6       84
  MINIMUM         67    733 AM  44    1962  62      5       66
  AVERAGE         78                        72      6       75

PRECIPITATION (IN)
  YESTERDAY        0.00          2.00 1943   0.14  -0.14     0.16
  MONTH TO DATE    6.03                      3.12   2.91     0.45
  SINCE SEP 1      6.03                      3.12   2.91     0.45
  SINCE JAN 1     32.95                     34.55  -1.60    35.01

DEGREE DAYS
 HEATING
  YESTERDAY        0                         0      0        0
  MONTH TO DATE    0                         0      0        0
  SINCE SEP 1      0                         0      0        0
  SINCE JUL 1      0                         0      0        0

 COOLING
  YESTERDAY       13                         8      5       10
  MONTH TO DATE  265                       214     51      243
  SINCE SEP 1    265                       214     51      243
  SINCE JAN 1   2006                      1854    152     1822
..................................................................


WIND (MPH)
  HIGHEST WIND SPEED    16   HIGHEST WIND DIRECTION     W (250)
  HIGHEST GUST SPEED    22   HIGHEST GUST DIRECTION     W (250)
  AVERAGE WIND SPEED     9.6


SKY COVER
  POSSIBLE SUNSHINE  MM
  AVERAGE SKY COVER 0.1


WEATHER CONDITIONS
 THE FOLLOWING WEATHER WAS RECORDED YESTERDAY.
  NO SIGNIFICANT WEATHER WAS OBSERVED.


RELATIVE HUMIDITY (PERCENT)
 HIGHEST    87           300 AM
 LOWEST     42           100 PM
 AVERAGE    65

..........................................................


THE FAYETTEVILLE REGL AIRPORT NC CLIMATE NORMALS FOR TODAY
                         NORMAL    RECORD    YEAR
 MAXIMUM TEMPERATURE (F)   82        98      1931
 MINIMUM TEMPERATURE (F)   62        43      1918


SUNRISE AND SUNSET
SEPTEMBER 22 2014.....SUNRISE   703 AM EDT   SUNSET   712 PM EDT
SEPTEMBER 23 2014.....SUNRISE   704 AM EDT   SUNSET   711 PM EDT


-  INDICATES NEGATIVE NUMBERS.
R  INDICATES RECORD WAS SET OR TIED.
MM INDICATES DATA IS MISSING.
T  INDICATES TRACE AMOUNT.




$$
