000
CDUS42 KRAH 030951
CLIFAY


CLIMATE REPORT
NATIONAL WEATHER SERVICE RALEIGH NC
449 AM EST TUE MAR 3 2015


...................................

...THE FAYETTEVILLE REGL AIRPORT NC CLIMATE SUMMARY FOR MARCH 2 2015...

CLIMATE NORMAL PERIOD 1981 TO 2010
CLIMATE RECORD PERIOD 1910 TO 2015


WEATHER ITEM   OBSERVED TIME   RECORD YEAR NORMAL DEPARTURE LAST
                VALUE   (LST)  VALUE       VALUE  FROM      YEAR
                                                  NORMAL
..................................................................
TEMPERATURE (F)
 YESTERDAY
  MAXIMUM         66    405 PM  82    1997  63      3       71
  MINIMUM         38    218 AM  16    1980  38      0       32
  AVERAGE         52                        50      2       52

PRECIPITATION (IN)
  YESTERDAY        0.00          2.10 1927   0.11  -0.11     0.00
  MONTH TO DATE    0.19                      0.21  -0.02     0.00
  SINCE MAR 1      0.19                      0.21  -0.02     0.00
  SINCE JAN 1      7.84                      6.27   1.57     6.72

DEGREE DAYS
 HEATING
  YESTERDAY       13                        15     -2       13
  MONTH TO DATE   43                        30     13       33
  SINCE MAR 1     43                        30     13       33
  SINCE JUL 1   2539                      2255    284     2358

 COOLING
  YESTERDAY        0                         0      0        0
  MONTH TO DATE    0                         0      0        0
  SINCE MAR 1      0                         0      0        0
  SINCE JAN 1      0                         4     -4        3
..................................................................


WIND (MPH)
  HIGHEST WIND SPEED    14   HIGHEST WIND DIRECTION     E (110)
  HIGHEST GUST SPEED    18   HIGHEST GUST DIRECTION     N (20)
  AVERAGE WIND SPEED     6.9


SKY COVER
  POSSIBLE SUNSHINE  MM
  AVERAGE SKY COVER 0.5


WEATHER CONDITIONS
 THE FOLLOWING WEATHER WAS RECORDED YESTERDAY.
  FOG
  FOG W/VISIBILITY <= 1/4 MILE


RELATIVE HUMIDITY (PERCENT)
 HIGHEST   100          1200 AM
 LOWEST     48           400 PM
 AVERAGE    74

..........................................................


THE FAYETTEVILLE REGL AIRPORT NC CLIMATE NORMALS FOR TODAY
                         NORMAL    RECORD    YEAR
 MAXIMUM TEMPERATURE (F)   63        83      1997
 MINIMUM TEMPERATURE (F)   38        14      1980


SUNRISE AND SUNSET
MARCH  3 2015.........SUNRISE   643 AM EST   SUNSET   613 PM EST
MARCH  4 2015.........SUNRISE   641 AM EST   SUNSET   614 PM EST


-  INDICATES NEGATIVE NUMBERS.
R  INDICATES RECORD WAS SET OR TIED.
MM INDICATES DATA IS MISSING.
T  INDICATES TRACE AMOUNT.




$$
