000
CDUS42 KRAH 092150
CLIFAY


CLIMATE REPORT
NATIONAL WEATHER SERVICE RALEIGH NC
448 PM EST FRI DEC 9 2016


...................................

...THE FAYETTEVILLE REGL AIRPORT NC CLIMATE SUMMARY FOR DECEMBER 9 2016...
VALID TODAY AS OF 0448 PM LOCAL TIME.

CLIMATE NORMAL PERIOD 1981 TO 2010
CLIMATE RECORD PERIOD 1910 TO 2016


WEATHER ITEM   OBSERVED TIME   RECORD YEAR NORMAL DEPARTURE LAST
                VALUE   (LST)  VALUE       VALUE  FROM      YEAR
                                                  NORMAL
..................................................................
TEMPERATURE (F)
 TODAY
  MAXIMUM         45    152 PM  82    1943  58    -13       65
  MINIMUM         32    742 AM  15    1945  36     -4       35
  AVERAGE         39                        47     -8       50

PRECIPITATION (IN)
  TODAY            0.00          1.50 1973   0.09  -0.09      T
  MONTH TO DATE    0.99                      0.96   0.03     0.63
  SINCE DEC 1      0.99                      0.96   0.03     0.63
  SINCE JAN 1     54.60                     42.77  11.83    47.82

DEGREE DAYS
 HEATING
  TODAY           26                        18      8       15
  MONTH TO DATE  145                       152     -7      129
  SINCE DEC 1    145                       152     -7      129
  SINCE JUL 1    496                       600   -104      448

 COOLING
  TODAY            0                         0      0        0
  MONTH TO DATE    0                         0      0        0
  SINCE DEC 1      0                         0      0        0
  SINCE JAN 1   2527                      1991    536     2231
..................................................................


WIND (MPH)
  HIGHEST WIND SPEED    16   HIGHEST WIND DIRECTION     N (340)
  HIGHEST GUST SPEED    22   HIGHEST GUST DIRECTION     N (360)
  AVERAGE WIND SPEED     8.6


SKY COVER
  POSSIBLE SUNSHINE  MM
  AVERAGE SKY COVER 0.0


WEATHER CONDITIONS
 THE FOLLOWING WEATHER WAS RECORDED TODAY.
  NO SIGNIFICANT WEATHER WAS OBSERVED.


RELATIVE HUMIDITY (PERCENT)
 HIGHEST    54           700 AM
 LOWEST     33           200 PM
 AVERAGE    44

..........................................................


THE FAYETTEVILLE REGL AIRPORT NC CLIMATE NORMALS FOR TOMORROW
                         NORMAL    RECORD    YEAR
 MAXIMUM TEMPERATURE (F)   57        79      2007
 MINIMUM TEMPERATURE (F)   36        16      1960


SUNRISE AND SUNSET
DECEMBER  9 2016......SUNRISE   712 AM EST   SUNSET   504 PM EST
DECEMBER 10 2016......SUNRISE   713 AM EST   SUNSET   504 PM EST


-  INDICATES NEGATIVE NUMBERS.
R  INDICATES RECORD WAS SET OR TIED.
MM INDICATES DATA IS MISSING.
T  INDICATES TRACE AMOUNT.




$$
