246
CDUS42 KRAH 270634
CLIFAY


CLIMATE REPORT
NATIONAL WEATHER SERVICE RALEIGH NC
232 AM EDT WED JUL 27 2016


...................................

...THE FAYETTEVILLE REGL AIRPORT NC CLIMATE SUMMARY FOR JULY 26 2016...

CLIMATE NORMAL PERIOD 1981 TO 2010
CLIMATE RECORD PERIOD 1910 TO 2016


WEATHER ITEM   OBSERVED TIME   RECORD YEAR NORMAL DEPARTURE LAST
                VALUE   (LST)  VALUE       VALUE  FROM      YEAR
                                                  NORMAL
..................................................................
TEMPERATURE (F)
 YESTERDAY
  MAXIMUM         98    408 PM 104    1940  91      7       92
  MINIMUM         77    601 AM  58    1929  72      5       65
  AVERAGE         88                        81      7       79

PRECIPITATION (IN)
  YESTERDAY        0.00          2.10 1925   0.22  -0.22     0.00
  MONTH TO DATE    4.53                      4.98  -0.45     3.38
  SINCE JUN 1      7.74                      9.33  -1.59    12.52
  SINCE JAN 1     25.31                     25.00   0.31    27.79

DEGREE DAYS
 HEATING
  YESTERDAY        0                         0      0        0
  MONTH TO DATE    0                         0      0        0
  SINCE JUN 1      0                         0      0        0
  SINCE JUL 1      0                         0      0        0

 COOLING
  YESTERDAY       23                        16      7       14
  MONTH TO DATE  500                       427     73      461
  SINCE JUN 1    952                       823    129      950
  SINCE JAN 1   1288                      1107    181     1280
..................................................................


WIND (MPH)
  HIGHEST WIND SPEED    18   HIGHEST WIND DIRECTION    SW (220)
  HIGHEST GUST SPEED    23   HIGHEST GUST DIRECTION    SW (220)
  AVERAGE WIND SPEED     9.0


SKY COVER
  POSSIBLE SUNSHINE  MM
  AVERAGE SKY COVER 0.2


WEATHER CONDITIONS
 THE FOLLOWING WEATHER WAS RECORDED YESTERDAY.
  NO SIGNIFICANT WEATHER WAS OBSERVED.


RELATIVE HUMIDITY (PERCENT)
 HIGHEST    85           700 AM
 LOWEST     42           400 PM
 AVERAGE    64

..........................................................


THE FAYETTEVILLE REGL AIRPORT NC CLIMATE NORMALS FOR TODAY
                         NORMAL    RECORD    YEAR
 MAXIMUM TEMPERATURE (F)   91       106      1940
 MINIMUM TEMPERATURE (F)   71        56      1920


SUNRISE AND SUNSET
JULY 27 2016..........SUNRISE   622 AM EDT   SUNSET   822 PM EDT
JULY 28 2016..........SUNRISE   622 AM EDT   SUNSET   821 PM EDT


-  INDICATES NEGATIVE NUMBERS.
R  INDICATES RECORD WAS SET OR TIED.
MM INDICATES DATA IS MISSING.
T  INDICATES TRACE AMOUNT.




$$
