000
CDUS42 KRAH 230633
CLIFAY


CLIMATE REPORT
NATIONAL WEATHER SERVICE RALEIGH NC
132 AM EST THU FEB 23 2017


...................................

...THE FAYETTEVILLE REGL AIRPORT NC CLIMATE SUMMARY FOR FEBRUARY 22 2017...

CLIMATE NORMAL PERIOD 1981 TO 2010
CLIMATE RECORD PERIOD 1910 TO 2017


WEATHER ITEM   OBSERVED TIME   RECORD YEAR NORMAL DEPARTURE LAST
                VALUE   (LST)  VALUE       VALUE  FROM      YEAR
                                                  NORMAL
..................................................................
TEMPERATURE (F)
 YESTERDAY
  MAXIMUM         76    158 PM  77    2003  61     15       64
  MINIMUM         47    705 AM  17    1936  36     11       49
  AVERAGE         62                        49     13       57

PRECIPITATION (IN)
  YESTERDAY        0.00          1.31 1989   0.10  -0.10     0.06
  MONTH TO DATE    0.99                      2.18  -1.19     4.28
  SINCE DEC 1      6.06                      8.13  -2.07    12.49
  SINCE JAN 1      3.42                      5.48  -2.06     5.98

DEGREE DAYS
 HEATING
  YESTERDAY        3                        17    -14        8
  MONTH TO DATE  225                       405   -180      443
  SINCE DEC 1   1239                      1683   -444     1396
  SINCE JUL 1   1590                      2131   -541     1715

 COOLING
  YESTERDAY        0                         0      0        0
  MONTH TO DATE    9                         0      9        0
  SINCE DEC 1     10                         4      6       47
  SINCE JAN 1     10                         2      8        0
..................................................................


WIND (MPH)
  HIGHEST WIND SPEED    14   HIGHEST WIND DIRECTION    SE (150)
  HIGHEST GUST SPEED    18   HIGHEST GUST DIRECTION    SE (120)
  AVERAGE WIND SPEED     5.9


SKY COVER
  POSSIBLE SUNSHINE  MM
  AVERAGE SKY COVER 0.3


WEATHER CONDITIONS
 THE FOLLOWING WEATHER WAS RECORDED YESTERDAY.
  FOG


RELATIVE HUMIDITY (PERCENT)
 HIGHEST    96           800 AM
 LOWEST     43           200 PM
 AVERAGE    70

..........................................................


THE FAYETTEVILLE REGL AIRPORT NC CLIMATE NORMALS FOR TODAY
                         NORMAL    RECORD    YEAR
 MAXIMUM TEMPERATURE (F)   61        80      1922
 MINIMUM TEMPERATURE (F)   37        15      1947


SUNRISE AND SUNSET
FEBRUARY 23 2017......SUNRISE   652 AM EST   SUNSET   606 PM EST
FEBRUARY 24 2017......SUNRISE   651 AM EST   SUNSET   607 PM EST


-  INDICATES NEGATIVE NUMBERS.
R  INDICATES RECORD WAS SET OR TIED.
MM INDICATES DATA IS MISSING.
T  INDICATES TRACE AMOUNT.

$$
