000
CDUS42 KRAH 240526
CLIFAY


CLIMATE REPORT
NATIONAL WEATHER SERVICE RALEIGH NC
125 AM EDT SAT JUN 24 2017


...................................

...THE FAYETTEVILLE REGL AIRPORT NC CLIMATE SUMMARY FOR JUNE 23 2017...

CLIMATE NORMAL PERIOD 1981 TO 2010
CLIMATE RECORD PERIOD 1910 TO 2017


WEATHER ITEM   OBSERVED TIME   RECORD YEAR NORMAL DEPARTURE LAST
                VALUE   (LST)  VALUE       VALUE  FROM      YEAR
                                                  NORMAL
..................................................................
TEMPERATURE (F)
 YESTERDAY
  MAXIMUM         94    416 PM 102    1981  90      4      100
  MINIMUM         77    147 AM  51    1947  70      7       76
  AVERAGE         86                        80      6       88

PRECIPITATION (IN)
  YESTERDAY        0.01          1.75 1948   0.14  -0.13     0.00
  MONTH TO DATE    2.78                      3.28  -0.50     2.85
  SINCE JUN 1      2.78                      3.28  -0.50     2.85
  SINCE JAN 1     18.42                     18.95  -0.53    20.42

DEGREE DAYS
 HEATING
  YESTERDAY        0                         0      0        0
  MONTH TO DATE    0                         0      0        0
  SINCE JUN 1      0                         0      0        0
  SINCE JUL 1   2027                      2732   -705     2169

 COOLING
  YESTERDAY       21                        15      6       23
  MONTH TO DATE  336                       289     47      348
  SINCE JUN 1    336                       289     47      348
  SINCE JAN 1    839                       573    266      684
..................................................................


WIND (MPH)
  HIGHEST WIND SPEED    21   HIGHEST WIND DIRECTION     S (200)
  HIGHEST GUST SPEED    27   HIGHEST GUST DIRECTION     S (200)
  AVERAGE WIND SPEED    12.3


SKY COVER
  POSSIBLE SUNSHINE  MM
  AVERAGE SKY COVER 0.4


WEATHER CONDITIONS
 THE FOLLOWING WEATHER WAS RECORDED YESTERDAY.
  LIGHT RAIN
  FOG


RELATIVE HUMIDITY (PERCENT)
 HIGHEST    94          1200 AM
 LOWEST     52           200 PM
 AVERAGE    73

..........................................................


THE FAYETTEVILLE REGL AIRPORT NC CLIMATE NORMALS FOR TODAY
                         NORMAL    RECORD    YEAR
 MAXIMUM TEMPERATURE (F)   90       102      1914
 MINIMUM TEMPERATURE (F)   70        53      1947


SUNRISE AND SUNSET
JUNE 24 2017..........SUNRISE   603 AM EDT   SUNSET   833 PM EDT
JUNE 25 2017..........SUNRISE   603 AM EDT   SUNSET   833 PM EDT


-  INDICATES NEGATIVE NUMBERS.
R  INDICATES RECORD WAS SET OR TIED.
MM INDICATES DATA IS MISSING.
T  INDICATES TRACE AMOUNT.

$$
