000
CDUS42 KRAH 050612
CLIFAY


CLIMATE REPORT
NATIONAL WEATHER SERVICE RALEIGH NC
211 AM EDT SAT SEP 5 2015


...................................

...THE FAYETTEVILLE REGL AIRPORT NC CLIMATE SUMMARY FOR SEPTEMBER 4 2015...

CLIMATE NORMAL PERIOD 1981 TO 2010
CLIMATE RECORD PERIOD 1910 TO 2015


WEATHER ITEM   OBSERVED TIME   RECORD YEAR NORMAL DEPARTURE LAST
                VALUE   (LST)  VALUE       VALUE  FROM      YEAR
                                                  NORMAL
..................................................................
TEMPERATURE (F)
 YESTERDAY
  MAXIMUM         94    248 PM 100    1944  87      7       94
  MINIMUM         71    620 AM  50    1967  67      4       72
  AVERAGE         83                        77      6       83

PRECIPITATION (IN)
  YESTERDAY        0.00          3.56 1955   0.16  -0.16     0.05
  MONTH TO DATE    0.00                      0.59  -0.59     0.73
  SINCE SEP 1      0.00                      0.59  -0.59     0.73
  SINCE JAN 1     30.79                     32.02  -1.23    27.65

DEGREE DAYS
 HEATING
  YESTERDAY        0                         0      0        0
  MONTH TO DATE    0                         0      0        0
  SINCE SEP 1      0                         0      0        0
  SINCE JUL 1      0                         0      0        0

 COOLING
  YESTERDAY       18                        12      6       18
  MONTH TO DATE   68                        49     19       78
  SINCE SEP 1     68                        49     19       78
  SINCE JAN 1   1903                      1689    214     1819
..................................................................


WIND (MPH)
  HIGHEST WIND SPEED    17   HIGHEST WIND DIRECTION     N (20)
  HIGHEST GUST SPEED    21   HIGHEST GUST DIRECTION     N (10)
  AVERAGE WIND SPEED     3.1


SKY COVER
  POSSIBLE SUNSHINE  MM
  AVERAGE SKY COVER 0.0


WEATHER CONDITIONS
 THE FOLLOWING WEATHER WAS RECORDED YESTERDAY.
  THUNDERSTORM
  FOG
  HAZE


RELATIVE HUMIDITY (PERCENT)
 HIGHEST    93           100 AM
 LOWEST     41           300 PM
 AVERAGE    67

..........................................................


THE FAYETTEVILLE REGL AIRPORT NC CLIMATE NORMALS FOR TODAY
                         NORMAL    RECORD    YEAR
 MAXIMUM TEMPERATURE (F)   87        99      1932
 MINIMUM TEMPERATURE (F)   67        47      1997


SUNRISE AND SUNSET
SEPTEMBER  5 2015.....SUNRISE   651 AM EDT   SUNSET   737 PM EDT
SEPTEMBER  6 2015.....SUNRISE   652 AM EDT   SUNSET   736 PM EDT


-  INDICATES NEGATIVE NUMBERS.
R  INDICATES RECORD WAS SET OR TIED.
MM INDICATES DATA IS MISSING.
T  INDICATES TRACE AMOUNT.




$$
