000
CDUS42 KRAH 030551
CLIFAY


CLIMATE REPORT
NATIONAL WEATHER SERVICE RALEIGH NC
148 AM EDT WED JUN 3 2015


...................................

...THE FAYETTEVILLE REGL AIRPORT NC CLIMATE SUMMARY FOR JUNE 2 2015...

CLIMATE NORMAL PERIOD 1981 TO 2010
CLIMATE RECORD PERIOD 1910 TO 2015


WEATHER ITEM   OBSERVED TIME   RECORD YEAR NORMAL DEPARTURE LAST
                VALUE   (LST)  VALUE       VALUE  FROM      YEAR
                                                  NORMAL
..................................................................
TEMPERATURE (F)
 YESTERDAY
  MAXIMUM         84    225 PM 101    1918  86     -2       83
  MINIMUM         67   1159 PM  44    1966  64      3       52
  AVERAGE         76                        75      1       68

PRECIPITATION (IN)
  YESTERDAY        0.26          5.00 1915   0.15   0.11     0.00
  MONTH TO DATE    0.49                      0.31   0.18     0.00
  SINCE JUN 1      0.49                      0.31   0.18     0.00
  SINCE JAN 1     15.76                     15.98  -0.22    18.45

DEGREE DAYS
 HEATING
  YESTERDAY        0                         0      0        0
  MONTH TO DATE    0                         0      0        0
  SINCE JUN 1      0                         0      0        0
  SINCE JUL 1   2942                      2732    210     2941

 COOLING
  YESTERDAY       11                        10      1        3
  MONTH TO DATE   26                        20      6        7
  SINCE JUN 1     26                        20      6        7
  SINCE JAN 1    356                       304     52      373
..................................................................


WIND (MPH)
  HIGHEST WIND SPEED    22   HIGHEST WIND DIRECTION     W (250)
  HIGHEST GUST SPEED    28   HIGHEST GUST DIRECTION     W (250)
  AVERAGE WIND SPEED     5.2


SKY COVER
  POSSIBLE SUNSHINE  MM
  AVERAGE SKY COVER 0.5


WEATHER CONDITIONS
 THE FOLLOWING WEATHER WAS RECORDED YESTERDAY.
  THUNDERSTORM
  RAIN
  LIGHT RAIN
  FOG


RELATIVE HUMIDITY (PERCENT)
 HIGHEST    97           700 AM
 LOWEST     55           200 PM
 AVERAGE    76

..........................................................


THE FAYETTEVILLE REGL AIRPORT NC CLIMATE NORMALS FOR TODAY
                         NORMAL    RECORD    YEAR
 MAXIMUM TEMPERATURE (F)   86       102      1943
 MINIMUM TEMPERATURE (F)   65        46      1966


SUNRISE AND SUNSET
JUNE  3 2015..........SUNRISE   602 AM EDT   SUNSET   825 PM EDT
JUNE  4 2015..........SUNRISE   602 AM EDT   SUNSET   826 PM EDT


-  INDICATES NEGATIVE NUMBERS.
R  INDICATES RECORD WAS SET OR TIED.
MM INDICATES DATA IS MISSING.
T  INDICATES TRACE AMOUNT.




$$
