000
CDUS42 KRAH 070703
CLIFAY


CLIMATE REPORT
NATIONAL WEATHER SERVICE RALEIGH NC
201 AM EST SUN FEB 7 2016


...................................

...THE FAYETTEVILLE REGL AIRPORT NC CLIMATE SUMMARY FOR FEBRUARY 6 2016...

CLIMATE NORMAL PERIOD 1981 TO 2010
CLIMATE RECORD PERIOD 1910 TO 2016


WEATHER ITEM   OBSERVED TIME   RECORD YEAR NORMAL DEPARTURE LAST
                VALUE   (LST)  VALUE       VALUE  FROM      YEAR
                                                  NORMAL
..................................................................
TEMPERATURE (F)
 YESTERDAY
  MAXIMUM         52    350 PM  82    1927  57     -5       42
  MINIMUM         27    720 AM   5    1996  34     -7       20
  AVERAGE         40                        46     -6       31

PRECIPITATION (IN)
  YESTERDAY        0.03          1.77 1985   0.09  -0.06     0.00
  MONTH TO DATE    2.26                      0.54   1.72     0.52
  SINCE DEC 1     10.47                      6.49   3.98     9.11
  SINCE JAN 1      3.96                      3.84   0.12     4.89

DEGREE DAYS
 HEATING
  YESTERDAY       25                        19      6       34
  MONTH TO DATE   69                       118    -49      141
  SINCE DEC 1   1022                      1396   -374     1364
  SINCE JUL 1   1341                      1844   -503     1908

 COOLING
  YESTERDAY        0                         0      0        0
  MONTH TO DATE    0                         0      0        0
  SINCE DEC 1     47                         4     43        0
  SINCE JAN 1      0                         2     -2        0
..................................................................


WIND (MPH)
  HIGHEST WIND SPEED    13   HIGHEST WIND DIRECTION    NE (30)
  HIGHEST GUST SPEED    19   HIGHEST GUST DIRECTION    NE (40)
  AVERAGE WIND SPEED     6.0


SKY COVER
  POSSIBLE SUNSHINE  MM
  AVERAGE SKY COVER 0.2


WEATHER CONDITIONS
 THE FOLLOWING WEATHER WAS RECORDED YESTERDAY.
  LIGHT RAIN


RELATIVE HUMIDITY (PERCENT)
 HIGHEST    85           200 AM
 LOWEST     29           200 PM
 AVERAGE    57

..........................................................


THE FAYETTEVILLE REGL AIRPORT NC CLIMATE NORMALS FOR TODAY
                         NORMAL    RECORD    YEAR
 MAXIMUM TEMPERATURE (F)   58        76      1999
 MINIMUM TEMPERATURE (F)   34        13      1996


SUNRISE AND SUNSET
FEBRUARY  7 2016......SUNRISE   710 AM EST   SUNSET   550 PM EST
FEBRUARY  8 2016......SUNRISE   709 AM EST   SUNSET   551 PM EST


-  INDICATES NEGATIVE NUMBERS.
R  INDICATES RECORD WAS SET OR TIED.
MM INDICATES DATA IS MISSING.
T  INDICATES TRACE AMOUNT.




$$
