000
CDUS42 KRAH 280643
CLIFAY


CLIMATE REPORT
NATIONAL WEATHER SERVICE RALEIGH NC
240 AM EDT SAT MAR 28 2015


...................................

...THE FAYETTEVILLE REGL AIRPORT NC CLIMATE SUMMARY FOR MARCH 27 2015...

CLIMATE NORMAL PERIOD 1981 TO 2010
CLIMATE RECORD PERIOD 1910 TO 2015


WEATHER ITEM   OBSERVED TIME   RECORD YEAR NORMAL DEPARTURE LAST
                VALUE   (LST)  VALUE       VALUE  FROM      YEAR
                                                  NORMAL
..................................................................
TEMPERATURE (F)
 YESTERDAY
  MAXIMUM         67   1252 AM  87    1946  70     -3       62
  MINIMUM         43   1124 PM  21    1955  46     -3       24
  AVERAGE         55                        58     -3       43

PRECIPITATION (IN)
  YESTERDAY        0.29          1.60 1943   0.14   0.15     0.00
  MONTH TO DATE    2.55                      3.00  -0.45     2.55
  SINCE MAR 1      2.55                      3.00  -0.45     2.55
  SINCE JAN 1     10.20                      9.06   1.14     9.27

DEGREE DAYS
 HEATING
  YESTERDAY       10                         8      2       22
  MONTH TO DATE  273                       313    -40      474
  SINCE MAR 1    273                       313    -40      474
  SINCE JUL 1   2769                      2538    231     2799

 COOLING
  YESTERDAY        0                         1     -1        0
  MONTH TO DATE   17                         2     15        0
  SINCE MAR 1     17                         2     15        0
  SINCE JAN 1     17                         6     11        3
..................................................................


WIND (MPH)
  HIGHEST WIND SPEED    24   HIGHEST WIND DIRECTION     N (20)
  HIGHEST GUST SPEED    29   HIGHEST GUST DIRECTION     N (20)
  AVERAGE WIND SPEED    10.5


SKY COVER
  POSSIBLE SUNSHINE  MM
  AVERAGE SKY COVER 0.8


WEATHER CONDITIONS
 THE FOLLOWING WEATHER WAS RECORDED YESTERDAY.
  HEAVY RAIN
  LIGHT RAIN
  FOG


RELATIVE HUMIDITY (PERCENT)
 HIGHEST    96          1100 PM
 LOWEST     72           900 AM
 AVERAGE    84

..........................................................


THE FAYETTEVILLE REGL AIRPORT NC CLIMATE NORMALS FOR TODAY
                         NORMAL    RECORD    YEAR
 MAXIMUM TEMPERATURE (F)   70        87      1945
 MINIMUM TEMPERATURE (F)   46        17      1982


SUNRISE AND SUNSET
MARCH 28 2015.........SUNRISE   708 AM EDT   SUNSET   733 PM EDT
MARCH 29 2015.........SUNRISE   707 AM EDT   SUNSET   734 PM EDT


-  INDICATES NEGATIVE NUMBERS.
R  INDICATES RECORD WAS SET OR TIED.
MM INDICATES DATA IS MISSING.
T  INDICATES TRACE AMOUNT.




$$
