000
CDUS42 KFFC 060020
CLIFFC


CLIMATE REPORT
NATIONAL WEATHER SERVICE PEACHTREE CITY GA
720 PM EST FRI FEB 5 2016


...................................

...THE PEACHTREE CITY CLIMATE SUMMARY FOR FEBRUARY 5 2016...
VALID AS OF 0700 PM LOCAL TIME.

CLIMATE NORMAL PERIOD 1981 TO 2010
CLIMATE RECORD PERIOD 9999 TO 9999


WEATHER ITEM   OBSERVED RECORD YEAR NORMAL DEPARTURE LAST
                VALUE   VALUE       VALUE  FROM      YEAR
                                           NORMAL
...........................................................
TEMPERATURE (F)
 TODAY
  MAXIMUM         50     MM      MM  56     -6       52
  MINIMUM         30     MM      MM  34     -4       31
  AVERAGE         40

PRECIPITATION (IN)
  TODAY            0.00  MM      MM   0.15  -0.15     0.00
  MONTH TO DATE    2.31               0.76   1.55     0.78
  SINCE DEC 1     21.67               9.10  12.57     8.22

SNOWFALL (IN)
  TODAY           MM     MM      MM  MM              MM
  MONTH TO DATE    0.0               MM               0.0
  SINCE DEC 1      0.2               MM               0.0
  SINCE JUL 1      0.2               MM               0.0

DEGREE DAYS
 HEATING
  TODAY           25

 COOLING
  TODAY            0
...........................................................


WIND (MPH)
  RESULTANT WIND SPEED  11   RESULTANT WIND DIRECTION  NW (330)
  HIGHEST WIND SPEED    23   HIGHEST WIND DIRECTION    NW (320)
  HIGHEST GUST SPEED    30   HIGHEST GUST DIRECTION    NW (330)


SKY COVER
  POSSIBLE SUNSHINE  MM
  AVERAGE SKY COVER 0.0


WEATHER CONDITIONS
 THE FOLLOWING WEATHER WAS RECORDED TODAY.
  HAZE


RELATIVE HUMIDITY (PERCENT)
 HIGHEST    58
 LOWEST     23
 AVERAGE    41

..........................................................


THE PEACHTREE CITY CLIMATE NORMALS FOR TOMORROW
                         NORMAL    RECORD    YEAR
 MAXIMUM TEMPERATURE (F)   57        MM        MM
 MINIMUM TEMPERATURE (F)   34        MM        MM


SUNRISE AND SUNSET
FEBRUARY  5 2016......SUNRISE   731 AM EST   SUNSET   613 PM EST
FEBRUARY  6 2016......SUNRISE   731 AM EST   SUNSET   614 PM EST


-  INDICATES NEGATIVE NUMBERS.
R  INDICATES RECORD WAS SET OR TIED.
MM INDICATES DATA IS MISSING.
T  INDICATES TRACE AMOUNT.




$$
