000
CDUS43 KLMK 280628
CLIFFT


CLIMATE REPORT
NATIONAL WEATHER SERVICE LOUISVILLE KY
228 AM EDT SAT MAY 28 2016


...................................

...THE FRANKFORT KY CLIMATE SUMMARY FOR MAY 27 2016...

CLIMATE NORMAL PERIOD 1981 TO 2010
CLIMATE RECORD PERIOD 1895 TO 2016


WEATHER ITEM   OBSERVED TIME   RECORD YEAR NORMAL DEPARTURE LAST
                VALUE   (LST)  VALUE       VALUE  FROM      YEAR
                                                  NORMAL
..................................................................
TEMPERATURE (F)
 YESTERDAY
  MAXIMUM         86    418 PM  96    1914  78      8       83
  MINIMUM         62    151 AM  35    1961  56      6       63
  AVERAGE         74                        67      7       73

PRECIPITATION (IN)
  YESTERDAY        0.00          1.65 1973   0.15  -0.15     0.09
  MONTH TO DATE    4.49                      4.27   0.22     0.84
  SINCE MAR 1     13.64                     12.34   1.30    19.76
  SINCE JAN 1     19.66                     18.89   0.77    23.32

SNOWFALL (IN)
  YESTERDAY       MM            MM      MM  MM     MM       MM
  MONTH TO DATE   MM                        MM     MM       MM
  SINCE MAR 1     MM                        MM     MM       MM
  SINCE JUL 1     MM                        MM     MM       MM
  SNOW DEPTH      MM

DEGREE DAYS
 HEATING
  YESTERDAY        0                         2     -2        0
  MONTH TO DATE  135                       106     29       58
  SINCE MAR 1    801                      1045   -244     1003
  SINCE JUL 1   3873                      4684   -811     5123

 COOLING
  YESTERDAY        9                         4      5        8
  MONTH TO DATE   47                        62    -15      115
  SINCE MAR 1     73                        82     -9      123
  SINCE JAN 1     73                        82     -9      123
..................................................................


WIND (MPH)
  HIGHEST WIND SPEED    15   HIGHEST WIND DIRECTION    SW (220)
  HIGHEST GUST SPEED    20   HIGHEST GUST DIRECTION    SW (230)
  AVERAGE WIND SPEED     6.0


SKY COVER
  POSSIBLE SUNSHINE  MM
  AVERAGE SKY COVER 0.2


WEATHER CONDITIONS
 THE FOLLOWING WEATHER WAS RECORDED YESTERDAY.
  FOG


RELATIVE HUMIDITY (PERCENT)
 HIGHEST    93          1200 AM
 LOWEST     48           100 PM
 AVERAGE    71

..........................................................


THE FRANKFORT KY CLIMATE NORMALS FOR TODAY
                         NORMAL    RECORD    YEAR
 MAXIMUM TEMPERATURE (F)   79        99      1914
 MINIMUM TEMPERATURE (F)   56        38      1907


SUNRISE AND SUNSET
MAY 28 2016...........SUNRISE   620 AM EDT   SUNSET   855 PM EDT
MAY 29 2016...........SUNRISE   619 AM EDT   SUNSET   855 PM EDT


-  INDICATES NEGATIVE NUMBERS.
R  INDICATES RECORD WAS SET OR TIED.
MM INDICATES DATA IS MISSING.
T  INDICATES TRACE AMOUNT.




$$
