000
CDUS43 KLMK 210628
CLIFFT


CLIMATE REPORT
NATIONAL WEATHER SERVICE LOUISVILLE KY
228 AM EDT TUE OCT 21 2014


...................................

...THE FRANKFORT KY CLIMATE SUMMARY FOR OCTOBER 20 2014...

CLIMATE NORMAL PERIOD 1981 TO 2010
CLIMATE RECORD PERIOD 1895 TO 2014


WEATHER ITEM   OBSERVED TIME   RECORD YEAR NORMAL DEPARTURE LAST
                VALUE   (LST)  VALUE       VALUE  FROM      YEAR
                                                  NORMAL
..................................................................
TEMPERATURE (F)
 YESTERDAY
  MAXIMUM         64    444 PM  90    1953  67     -3       61
  MINIMUM         42    218 AM  24    1930  43     -1       35
  AVERAGE         53                        55     -2       48

PRECIPITATION (IN)
  YESTERDAY        0.04          2.23 1993   0.11  -0.07     0.00
  MONTH TO DATE    3.95                      2.04   1.91     3.51
  SINCE SEP 1      6.78                      5.37   1.41     5.23
  SINCE JAN 1     40.07                     36.68   3.39    40.29

SNOWFALL (IN)
  YESTERDAY       MM            MM      MM  MM     MM       MM
  MONTH TO DATE   MM                        MM     MM       MM
  SINCE SEP 1     MM                        MM     MM       MM
  SINCE JUL 1     MM                        MM     MM       MM
  SNOW DEPTH      MM

DEGREE DAYS
 HEATING
  YESTERDAY       12                        10      2       17
  MONTH TO DATE  156                       155      1      118
  SINCE SEP 1    214                       208      6      144
  SINCE JUL 1    217                       209      8      148

 COOLING
  YESTERDAY        0                         0      0        0
  MONTH TO DATE   16                        15      1       40
  SINCE SEP 1    144                       148     -4      191
  SINCE JAN 1   1070                      1150    -80     1127
..................................................................


WIND (MPH)
  HIGHEST WIND SPEED    20   HIGHEST WIND DIRECTION    SW (220)
  HIGHEST GUST SPEED    25   HIGHEST GUST DIRECTION    SW (210)
  AVERAGE WIND SPEED     6.8


SKY COVER
  POSSIBLE SUNSHINE  MM
  AVERAGE SKY COVER 0.4


WEATHER CONDITIONS
 THE FOLLOWING WEATHER WAS RECORDED YESTERDAY.
  LIGHT RAIN
  FOG


RELATIVE HUMIDITY (PERCENT)
 HIGHEST    92           500 AM
 LOWEST     56           400 PM
 AVERAGE    74

..........................................................


THE FRANKFORT KY CLIMATE NORMALS FOR TODAY
                         NORMAL    RECORD    YEAR
 MAXIMUM TEMPERATURE (F)   67        88      1963
 MINIMUM TEMPERATURE (F)   43        21      1952


SUNRISE AND SUNSET
OCTOBER 21 2014.......SUNRISE   754 AM EDT   SUNSET   654 PM EDT
OCTOBER 22 2014.......SUNRISE   755 AM EDT   SUNSET   652 PM EDT


-  INDICATES NEGATIVE NUMBERS.
R  INDICATES RECORD WAS SET OR TIED.
MM INDICATES DATA IS MISSING.
T  INDICATES TRACE AMOUNT.




$$
