000
CDUS43 KLMK 062036
CLIFFT


CLIMATE REPORT
NATIONAL WEATHER SERVICE LOUISVILLE KY
434 PM EDT MON JUL 6 2015


...................................

...THE FRANKFORT KY CLIMATE SUMMARY FOR JULY 6 2015...
VALID TODAY AS OF 0400 PM LOCAL TIME.

CLIMATE NORMAL PERIOD 1981 TO 2010
CLIMATE RECORD PERIOD 1895 TO 2015


WEATHER ITEM   OBSERVED TIME   RECORD YEAR NORMAL DEPARTURE LAST
                VALUE   (LST)  VALUE       VALUE  FROM      YEAR
                                                  NORMAL
..................................................................
TEMPERATURE (F)
 TODAY
  MAXIMUM         85    259 PM 101    2012  87     -2       85
  MINIMUM         61    449 AM  49    1972  66     -5       59
  AVERAGE         73                        76     -3       72

PRECIPITATION (IN)
  TODAY            0.00          3.65 1932   0.13  -0.13     0.00
  MONTH TO DATE    2.88                      0.73   2.15     0.66
  SINCE JUN 1      9.09                      4.82   4.27     4.58
  SINCE JAN 1     32.49                     24.29   8.20    25.36

SNOWFALL (IN)
  TODAY           MM            MM      MM  MM     MM       MM
  MONTH TO DATE   MM                        MM     MM       MM
  SINCE JUN 1     MM                        MM     MM       MM
  SINCE JUL 1     MM                        MM     MM       MM
  SNOW DEPTH      MM

DEGREE DAYS
 HEATING
  TODAY            0                         0      0        0
  MONTH TO DATE    0                         0      0        0
  SINCE JUN 1     16                        10      6        3
  SINCE JUL 1      0                         0      0        0

 COOLING
  TODAY            8                        11     -3        7
  MONTH TO DATE   50                        66    -16       39
  SINCE JUN 1    346                       302     44      304
  SINCE JAN 1    501                       401    100      426
..................................................................


WIND (MPH)
  HIGHEST WIND SPEED    12   HIGHEST WIND DIRECTION    SW (240)
  HIGHEST GUST SPEED    17   HIGHEST GUST DIRECTION    SW (220)
  AVERAGE WIND SPEED     2.4


SKY COVER
  POSSIBLE SUNSHINE  MM
  AVERAGE SKY COVER 0.2


WEATHER CONDITIONS
 THE FOLLOWING WEATHER WAS RECORDED TODAY.
  FOG
  HAZE


RELATIVE HUMIDITY (PERCENT)
 HIGHEST    97           400 AM
 LOWEST     55           300 PM
 AVERAGE    76

..........................................................


THE FRANKFORT KY CLIMATE NORMALS FOR TOMORROW
                         NORMAL    RECORD    YEAR
 MAXIMUM TEMPERATURE (F)   87       103      2012
 MINIMUM TEMPERATURE (F)   66        49      1972


SUNRISE AND SUNSET
JULY  6 2015..........SUNRISE   623 AM EDT   SUNSET   906 PM EDT
JULY  7 2015..........SUNRISE   623 AM EDT   SUNSET   906 PM EDT


-  INDICATES NEGATIVE NUMBERS.
R  INDICATES RECORD WAS SET OR TIED.
MM INDICATES DATA IS MISSING.
T  INDICATES TRACE AMOUNT.




$$
