000
CDUS43 KLMK 210627
CLIFFT


CLIMATE REPORT
NATIONAL WEATHER SERVICE LOUISVILLE KY
226 AM EDT MON APR 21 2014


...................................

...THE FRANKFORT KY CLIMATE SUMMARY FOR APRIL 20 2014...

CLIMATE NORMAL PERIOD 1981 TO 2010
CLIMATE RECORD PERIOD 1895 TO 2014


WEATHER ITEM   OBSERVED TIME   RECORD YEAR NORMAL DEPARTURE LAST
                VALUE   (LST)  VALUE       VALUE  FROM      YEAR
                                                  NORMAL
..................................................................
TEMPERATURE (F)
 YESTERDAY
  MAXIMUM         77    317 PM  89    1915  69      8       55
  MINIMUM         40    616 AM  26    1983  45     -5       32
                                      1926
  AVERAGE         59                        57      2       44

PRECIPITATION (IN)
  YESTERDAY        0.00          1.75 1909   0.13  -0.13     0.00
  MONTH TO DATE    3.06                      2.29   0.77     1.75
  SINCE MAR 1      5.28                      6.67  -1.39     5.94
  SINCE JAN 1     11.48                     13.22  -1.74    12.58

SNOWFALL (IN)
  YESTERDAY       MM            MM      MM  MM     MM       MM
  MONTH TO DATE   MM                        MM     MM       MM
  SINCE MAR 1     MM                        MM     MM       MM
  SINCE JUL 1     MM                        MM     MM       MM
  SNOW DEPTH      MM

DEGREE DAYS
 HEATING
  YESTERDAY        6                         9     -3       21
  MONTH TO DATE  206                       240    -34      216
  SINCE MAR 1    958                       865     93     1032
  SINCE JUL 1   5070                      4504    566     4570

 COOLING
  YESTERDAY        0                         1     -1        0
  MONTH TO DATE    8                        12     -4       19
  SINCE MAR 1      8                        14     -6       19
  SINCE JAN 1      8                        14     -6       19
..................................................................


WIND (MPH)
  HIGHEST WIND SPEED     9   HIGHEST WIND DIRECTION     E (100)
  HIGHEST GUST SPEED    12   HIGHEST GUST DIRECTION     S (180)
  AVERAGE WIND SPEED     2.8


SKY COVER
  POSSIBLE SUNSHINE  MM
  AVERAGE SKY COVER 0.0


WEATHER CONDITIONS
 THE FOLLOWING WEATHER WAS RECORDED YESTERDAY.
  NO SIGNIFICANT WEATHER WAS OBSERVED.


RELATIVE HUMIDITY (PERCENT)
 HIGHEST    77          1100 PM
 LOWEST     27          1200 PM
 AVERAGE    52

..........................................................


THE FRANKFORT KY CLIMATE NORMALS FOR TODAY
                         NORMAL    RECORD    YEAR
 MAXIMUM TEMPERATURE (F)   69        89      1976
 MINIMUM TEMPERATURE (F)   45        28      1988


SUNRISE AND SUNSET
APRIL 21 2014.........SUNRISE   656 AM EDT   SUNSET   821 PM EDT
APRIL 22 2014.........SUNRISE   654 AM EDT   SUNSET   822 PM EDT


-  INDICATES NEGATIVE NUMBERS.
R  INDICATES RECORD WAS SET OR TIED.
MM INDICATES DATA IS MISSING.
T  INDICATES TRACE AMOUNT.




$$
