000
CSUS97 KFGF 232201
CLIFGF


CLIMATE REPORT
NATIONAL WEATHER SERVICE EASTERN NORTH DAKOTA/GRAND FORKS
459 PM CDT WED APR 23 2014


...................................

...THE GRAND FORKS UNIV. (NWS) ND CLIMATE SUMMARY FOR APRIL 23 2014...
VALID TODAY AS OF 0400 PM LOCAL TIME.

CLIMATE NORMAL PERIOD 1981 TO 2010
CLIMATE RECORD PERIOD 1890 TO 2014


WEATHER ITEM   OBSERVED TIME   RECORD YEAR NORMAL DEPARTURE LAST
                VALUE   (LST)  VALUE       VALUE  FROM      YEAR
                                                  NORMAL
..................................................................
TEMPERATURE (F)
 TODAY
  MAXIMUM         49        MM  91    1990  59    -10       41
  MINIMUM         41        MM  10    1909  35      6       21
  AVERAGE         45                        47     -2       31

PRECIPITATION (IN)
  TODAY            0.24          1.48   MM   0.04   0.20     0.00
  MONTH TO DATE    0.40                      0.67  -0.27     0.72
  SINCE MAR 1      1.51                      1.69  -0.18     1.44
  SINCE JAN 1      2.24                      2.99  -0.75     2.26

SNOWFALL (IN)
  TODAY            0.0           0.1    MM   0.0    0.0      0.0
  MONTH TO DATE    1.1                       0.9    0.2      6.7
  SINCE MAR 1     14.6                       7.3    7.3     25.9
  SINCE JUL 1     60.3                      42.6   17.7     59.5
  SNOW DEPTH       0

DEGREE DAYS
 HEATING
  TODAY           20                        18      2       34
  MONTH TO DATE  650                       548    102      830
  SINCE MAR 1   2086                      1754    332     2336
  SINCE JUL 1   9832                      8714   1118     9353

 COOLING
  TODAY            0                         0      0        0
  MONTH TO DATE    0                         0      0        0
  SINCE MAR 1      0                         0      0        0
  SINCE JAN 1      0                         0      0        0
..................................................................


WIND (MPH)
  HIGHEST WIND SPEED    MM   HIGHEST WIND DIRECTION    MM
  HIGHEST GUST SPEED    MM   HIGHEST GUST DIRECTION    MM
  AVERAGE WIND SPEED    MM


SKY COVER
  POSSIBLE SUNSHINE  MM
  AVERAGE SKY COVER  MM


WEATHER CONDITIONS
 THE FOLLOWING WEATHER WAS RECORDED TODAY.
  NO SIGNIFICANT WEATHER WAS OBSERVED.


RELATIVE HUMIDITY (PERCENT)
 HIGHEST    MM
 LOWEST     MM
 AVERAGE    MM

..........................................................


THE GRAND FORKS UNIV. (NWS) ND CLIMATE NORMALS FOR TOMORROW
                         NORMAL    RECORD    YEAR
 MAXIMUM TEMPERATURE (F)   60        85      1990
                                             1982
 MINIMUM TEMPERATURE (F)   35        15      1909


SUNRISE AND SUNSET
APRIL 23 2014.........SUNRISE   624 AM CDT   SUNSET   830 PM CDT
APRIL 24 2014.........SUNRISE   622 AM CDT   SUNSET   832 PM CDT


-  INDICATES NEGATIVE NUMBERS.
R  INDICATES RECORD WAS SET OR TIED.
MM INDICATES DATA IS MISSING.
T  INDICATES TRACE AMOUNT.




$$
