000
CDUS43 KFGF 260715
CLIFGF


CLIMATE REPORT
NATIONAL WEATHER SERVICE EASTERN NORTH DAKOTA/GRAND FORKS
211 AM CDT TUE SEP 26 2017


...................................

...THE GRAND FORKS UNIV. (NWS) ND CLIMATE SUMMARY FOR SEPTEMBER 25 2017...

CLIMATE NORMAL PERIOD 1981 TO 2010
CLIMATE RECORD PERIOD 1893 TO 2017


WEATHER ITEM   OBSERVED TIME   RECORD YEAR NORMAL DEPARTURE LAST
                VALUE   (LST)  VALUE       VALUE  FROM      YEAR
                                                  NORMAL
..................................................................
TEMPERATURE (F)
 YESTERDAY
  MAXIMUM         53        MM  94    1938  65    -12       67
  MINIMUM         46        MM  24    1939  42      4       52
                                      1926
  AVERAGE         50                        54     -4       60

PRECIPITATION (IN)
  YESTERDAY        0.00          0.55 1933   0.06  -0.06     0.13
  MONTH TO DATE    3.96                      1.72   2.24     4.97
  SINCE SEP 1      3.96                      1.72   2.24     4.97
  SINCE JAN 1     16.45                     17.82  -1.37    26.70

SNOWFALL (IN)
  YESTERDAY        0.0           0.0    MM   0.0    0.0      0.0
  MONTH TO DATE    0.0                       0.0    0.0      0.0
  SINCE SEP 1      0.0                       0.0    0.0      0.0
  SINCE JUL 1      T                         0.0    0.0       T
  SNOW DEPTH       0

DEGREE DAYS
 HEATING
  YESTERDAY       15                        12      3        5
  MONTH TO DATE  117                       178    -61       99
  SINCE SEP 1    117                       178    -61       99
  SINCE JUL 1    135                       242   -107      117

 COOLING
  YESTERDAY        0                         0      0        0
  MONTH TO DATE   47                        28     19       22
  SINCE SEP 1     47                        28     19       22
  SINCE JAN 1    444                       460    -16      456
..................................................................


WIND (MPH)
  RESULTANT WIND SPEED  MM   RESULTANT WIND DIRECTION  MM
  HIGHEST WIND SPEED    MM   HIGHEST WIND DIRECTION    MM
  HIGHEST GUST SPEED    MM   HIGHEST GUST DIRECTION    MM
  AVERAGE WIND SPEED    MM


SKY COVER
  POSSIBLE SUNSHINE  MM
  AVERAGE SKY COVER  MM


WEATHER CONDITIONS
 THE FOLLOWING WEATHER WAS RECORDED YESTERDAY.
  NO SIGNIFICANT WEATHER WAS OBSERVED.


RELATIVE HUMIDITY (PERCENT)
 HIGHEST    MM
 LOWEST     MM
 AVERAGE    MM

..........................................................


THE GRAND FORKS UNIV. (NWS) ND CLIMATE NORMALS FOR TODAY
                         NORMAL    RECORD    YEAR
 MAXIMUM TEMPERATURE (F)   65        91      1974
 MINIMUM TEMPERATURE (F)   42        14      1893


SUNRISE AND SUNSET
SEPTEMBER 26 2017.....SUNRISE   721 AM CDT   SUNSET   717 PM CDT
SEPTEMBER 27 2017.....SUNRISE   722 AM CDT   SUNSET   715 PM CDT


-  INDICATES NEGATIVE NUMBERS.
R  INDICATES RECORD WAS SET OR TIED.
MM INDICATES DATA IS MISSING.
T  INDICATES TRACE AMOUNT.




$$
