000
CDUS43 KFGF 280632
CLIFGF


CLIMATE REPORT
NATIONAL WEATHER SERVICE EASTERN NORTH DAKOTA/GRAND FORKS
131 AM CDT WED SEP 28 2016


...................................

...THE GRAND FORKS UNIV. (NWS) ND CLIMATE SUMMARY FOR SEPTEMBER 27 2016...

CLIMATE NORMAL PERIOD 1981 TO 2010
CLIMATE RECORD PERIOD 1890 TO 2016


WEATHER ITEM   OBSERVED TIME   RECORD YEAR NORMAL DEPARTURE LAST
                VALUE   (LST)  VALUE       VALUE  FROM      YEAR
                                                  NORMAL
..................................................................
TEMPERATURE (F)
 YESTERDAY
  MAXIMUM         60        MM  96    1952  64     -4       76
  MINIMUM         42        MM  21    1976  41      1       54
  AVERAGE         51                        53     -2       65

PRECIPITATION (IN)
  YESTERDAY        0.00          0.81 1947   0.06  -0.06      T
  MONTH TO DATE    4.97                      1.85   3.12     0.66
  SINCE SEP 1      4.97                      1.85   3.12     0.66
  SINCE JAN 1     26.70                     17.95   8.75    16.32

SNOWFALL (IN)
  YESTERDAY        0.0           0.2  1941   0.0    0.0      0.0
  MONTH TO DATE    0.0                       0.0    0.0      0.0
  SINCE SEP 1      0.0                       0.0    0.0      0.0
  SINCE JUL 1      T                         0.0    0.0      0.0
  SNOW DEPTH       0

DEGREE DAYS
 HEATING
  YESTERDAY       14                        12      2        0
  MONTH TO DATE  124                       202    -78       92
  SINCE SEP 1    124                       202    -78       92
  SINCE JUL 1    142                       266   -124      140

 COOLING
  YESTERDAY        0                         0      0        0
  MONTH TO DATE   22                        28     -6       82
  SINCE SEP 1     22                        28     -6       82
  SINCE JAN 1    456                       460     -4      572
..................................................................


WIND (MPH)
  RESULTANT WIND SPEED  MM   RESULTANT WIND DIRECTION  MM
  HIGHEST WIND SPEED    MM   HIGHEST WIND DIRECTION    MM
  HIGHEST GUST SPEED    MM   HIGHEST GUST DIRECTION    MM
  AVERAGE WIND SPEED    MM


SKY COVER
  POSSIBLE SUNSHINE  MM
  AVERAGE SKY COVER  MM


WEATHER CONDITIONS
 THE FOLLOWING WEATHER WAS RECORDED YESTERDAY.
  NO SIGNIFICANT WEATHER WAS OBSERVED.


RELATIVE HUMIDITY (PERCENT)
 HIGHEST    MM
 LOWEST     MM
 AVERAGE    MM

..........................................................


THE GRAND FORKS UNIV. (NWS) ND CLIMATE NORMALS FOR TODAY
                         NORMAL    RECORD    YEAR
 MAXIMUM TEMPERATURE (F)   64        90      1922
 MINIMUM TEMPERATURE (F)   41        18      1942


SUNRISE AND SUNSET
SEPTEMBER 28 2016.....SUNRISE   724 AM CDT   SUNSET   713 PM CDT
SEPTEMBER 29 2016.....SUNRISE   725 AM CDT   SUNSET   711 PM CDT


-  INDICATES NEGATIVE NUMBERS.
R  INDICATES RECORD WAS SET OR TIED.
MM INDICATES DATA IS MISSING.
T  INDICATES TRACE AMOUNT.




$$
