519
CDUS43 KFGF 312151
CLIFGF


CLIMATE REPORT
NATIONAL WEATHER SERVICE EASTERN NORTH DAKOTA/GRAND FORKS
450 PM CDT WED AUG 31 2016


...................................

...THE GRAND FORKS UNIV. (NWS) ND CLIMATE SUMMARY FOR AUGUST 31 2016...
VALID TODAY AS OF 0400 PM LOCAL TIME.

CLIMATE NORMAL PERIOD 1981 TO 2010
CLIMATE RECORD PERIOD 1890 TO 2016


WEATHER ITEM   OBSERVED TIME   RECORD YEAR NORMAL DEPARTURE LAST
                VALUE   (LST)  VALUE       VALUE  FROM      YEAR
                                                  NORMAL
..................................................................
TEMPERATURE (F)
 TODAY
  MAXIMUM         76        MM  96    1953  77     -1       81
  MINIMUM         53        MM  33    1910  53      0       61
  AVERAGE         65                        65      0       71

PRECIPITATION (IN)
  TODAY            0.00          1.55 1904   0.09  -0.09     0.00
  MONTH TO DATE    4.45                      3.14   1.31     2.49
  SINCE JUN 1     14.63                     10.05   4.58     9.76
  SINCE JAN 1     21.73                     16.10   5.63    15.66

SNOWFALL (IN)
  TODAY            0.0           0.0    MM   0.0    0.0      0.0
  MONTH TO DATE    T                         0.0    0.0      0.0
  SINCE JUN 1      T                         0.0    0.0      0.0
  SINCE JUL 1      T                         0.0    0.0      0.0
  SNOW DEPTH       0

DEGREE DAYS
 HEATING
  TODAY            0                         3     -3        0
  MONTH TO DATE   10                        44    -34       36
  SINCE JUN 1     64                       147    -83       94
  SINCE JUL 1     18                        64    -46       48

 COOLING
  TODAY            0                         3     -3        6
  MONTH TO DATE  151                       144      7      159
  SINCE JUN 1    410                       406      4      479
  SINCE JAN 1    434                       432      2      490
..................................................................


WIND (MPH)
  HIGHEST WIND SPEED    MM   HIGHEST WIND DIRECTION    MM
  HIGHEST GUST SPEED    MM   HIGHEST GUST DIRECTION    MM
  AVERAGE WIND SPEED    MM


SKY COVER
  POSSIBLE SUNSHINE  MM
  AVERAGE SKY COVER  MM


WEATHER CONDITIONS
 THE FOLLOWING WEATHER WAS RECORDED TODAY.
  NO SIGNIFICANT WEATHER WAS OBSERVED.


RELATIVE HUMIDITY (PERCENT)
 HIGHEST    MM
 LOWEST     MM
 AVERAGE    MM

..........................................................


THE GRAND FORKS UNIV. (NWS) ND CLIMATE NORMALS FOR TOMORROW
                         NORMAL    RECORD    YEAR
 MAXIMUM TEMPERATURE (F)   76        97      1983
 MINIMUM TEMPERATURE (F)   52        33      1974


SUNRISE AND SUNSET
AUGUST 31 2016........SUNRISE   646 AM CDT   SUNSET   810 PM CDT
SEPTEMBER  1 2016.....SUNRISE   647 AM CDT   SUNSET   808 PM CDT


-  INDICATES NEGATIVE NUMBERS.
R  INDICATES RECORD WAS SET OR TIED.
MM INDICATES DATA IS MISSING.
T  INDICATES TRACE AMOUNT.




$$
