000
CDUS43 KFGF 220633
CLIFGF


CLIMATE REPORT
NATIONAL WEATHER SERVICE EASTERN NORTH DAKOTA/GRAND FORKS
1232 AM CST THU FEB 22 2018


...................................

...THE GRAND FORKS UNIV. (NWS) ND CLIMATE SUMMARY FOR FEBRUARY 21 2018...

CLIMATE NORMAL PERIOD 1981 TO 2010
CLIMATE RECORD PERIOD 1893 TO 2018


WEATHER ITEM   OBSERVED TIME   RECORD YEAR NORMAL DEPARTURE LAST
                VALUE   (LST)  VALUE       VALUE  FROM      YEAR
                                                  NORMAL
..................................................................
TEMPERATURE (F)
 YESTERDAY
  MAXIMUM         12        MM  48    1981  24    -12       44
  MINIMUM         -3        MM -28    1956   7    -10       29
  AVERAGE          5                        16    -11       37

PRECIPITATION (IN)
  YESTERDAY        0.00          0.35 1922   0.02  -0.02      T
                                      2001
  MONTH TO DATE    0.34                      0.40  -0.06     0.41
  SINCE DEC 1      1.94                      1.76   0.18     2.85
  SINCE JAN 1      0.96                      1.11  -0.15     1.01

SNOWFALL (IN)
  YESTERDAY        0.0           3.5  1922   0.3   -0.3      0.0
  MONTH TO DATE    7.4                       5.0    2.4      4.0
  SINCE DEC 1     28.0                      26.3    1.7     40.8
  SINCE JUL 1     36.4                      33.4    3.0     41.7
  SNOW DEPTH       8

DEGREE DAYS
 HEATING
  YESTERDAY       60                        49     11       28
  MONTH TO DATE 1297                      1107    190      942
  SINCE DEC 1   4665                      4531    134     4178
  SINCE JUL 1   6625                      6625      0     5632

 COOLING
  YESTERDAY        0                         0      0        0
  MONTH TO DATE    0                         0      0        0
  SINCE DEC 1      0                         0      0        0
  SINCE JAN 1      0                         0      0        0
..................................................................


WIND (MPH)
  RESULTANT WIND SPEED  MM   RESULTANT WIND DIRECTION  MM
  HIGHEST WIND SPEED    MM   HIGHEST WIND DIRECTION    MM
  HIGHEST GUST SPEED    MM   HIGHEST GUST DIRECTION    MM
  AVERAGE WIND SPEED    MM


SKY COVER
  POSSIBLE SUNSHINE  MM
  AVERAGE SKY COVER  MM


WEATHER CONDITIONS
 THE FOLLOWING WEATHER WAS RECORDED YESTERDAY.
  NO SIGNIFICANT WEATHER WAS OBSERVED.


RELATIVE HUMIDITY (PERCENT)
 HIGHEST    MM
 LOWEST     MM
 AVERAGE    MM

..........................................................


THE GRAND FORKS UNIV. (NWS) ND CLIMATE NORMALS FOR TODAY
                         NORMAL    RECORD    YEAR
 MAXIMUM TEMPERATURE (F)   25        67      2000
 MINIMUM TEMPERATURE (F)    7       -34      1914


SUNRISE AND SUNSET
FEBRUARY 22 2018......SUNRISE   722 AM CST   SUNSET   602 PM CST
FEBRUARY 23 2018......SUNRISE   720 AM CST   SUNSET   604 PM CST


-  INDICATES NEGATIVE NUMBERS.
R  INDICATES RECORD WAS SET OR TIED.
MM INDICATES DATA IS MISSING.
T  INDICATES TRACE AMOUNT.




$$
