566
CDUS43 KFGF 270711
CLIFGF


CLIMATE REPORT
NATIONAL WEATHER SERVICE EASTERN NORTH DAKOTA/GRAND FORKS
210 AM CDT SAT MAY 27 2017


...................................

...THE GRAND FORKS UNIV. (NWS) ND CLIMATE SUMMARY FOR MAY 26 2017...

CLIMATE NORMAL PERIOD 1981 TO 2010
CLIMATE RECORD PERIOD 1893 TO 2017


WEATHER ITEM   OBSERVED TIME   RECORD YEAR NORMAL DEPARTURE LAST
                VALUE   (LST)  VALUE       VALUE  FROM      YEAR
                                                  NORMAL
..................................................................
TEMPERATURE (F)
 YESTERDAY
  MAXIMUM         69        MM  92    1931  71     -2       73
  MINIMUM         48        MM  30    1893  47      1       56
  AVERAGE         59                        59      0       65

PRECIPITATION (IN)
  YESTERDAY        0.00          1.27 2007   0.11  -0.11      T
  MONTH TO DATE    0.94                      2.21  -1.27     1.91
  SINCE MAR 1      3.26                      4.21  -0.95     4.70
  SINCE JAN 1      4.36                      5.51  -1.15     5.35

SNOWFALL (IN)
  YESTERDAY        0.0           0.0    MM   0.0    0.0      0.0
  MONTH TO DATE    0.0                       0.1   -0.1       T
  SINCE MAR 1      6.8                       8.1   -1.3      2.3
  SINCE JUL 1     49.7                      43.4    6.3     29.6
  SNOW DEPTH       0

DEGREE DAYS
 HEATING
  YESTERDAY        6                         7     -1        0
  MONTH TO DATE  248                       279    -31      188
  SINCE MAR 1   2081                      2134    -53     1795
  SINCE JUL 1   8029                      9094  -1065     7727

 COOLING
  YESTERDAY        0                         1     -1        0
  MONTH TO DATE    0                        21    -21       21
  SINCE MAR 1      0                        24    -24       21
  SINCE JAN 1      0                        24    -24       21
..................................................................


WIND (MPH)
  RESULTANT WIND SPEED  MM   RESULTANT WIND DIRECTION  MM
  HIGHEST WIND SPEED    MM   HIGHEST WIND DIRECTION    MM
  HIGHEST GUST SPEED    MM   HIGHEST GUST DIRECTION    MM
  AVERAGE WIND SPEED    MM


SKY COVER
  POSSIBLE SUNSHINE  MM
  AVERAGE SKY COVER  MM


WEATHER CONDITIONS
 THE FOLLOWING WEATHER WAS RECORDED YESTERDAY.
  NO SIGNIFICANT WEATHER WAS OBSERVED.


RELATIVE HUMIDITY (PERCENT)
 HIGHEST    MM
 LOWEST     MM
 AVERAGE    MM

..........................................................


THE GRAND FORKS UNIV. (NWS) ND CLIMATE NORMALS FOR TODAY
                         NORMAL    RECORD    YEAR
 MAXIMUM TEMPERATURE (F)   72        99      1934
 MINIMUM TEMPERATURE (F)   47        21      1907


SUNRISE AND SUNSET
MAY 27 2017...........SUNRISE   537 AM CDT   SUNSET   915 PM CDT
MAY 28 2017...........SUNRISE   536 AM CDT   SUNSET   916 PM CDT


-  INDICATES NEGATIVE NUMBERS.
R  INDICATES RECORD WAS SET OR TIED.
MM INDICATES DATA IS MISSING.
T  INDICATES TRACE AMOUNT.




$$
