611
CDUS43 KFGF 200635
CLIFGF


CLIMATE REPORT
NATIONAL WEATHER SERVICE EASTERN NORTH DAKOTA/GRAND FORKS
1233 AM CST FRI JAN 20 2017


...................................

...THE GRAND FORKS UNIV. (NWS) ND CLIMATE SUMMARY FOR JANUARY 19 2017...

CLIMATE NORMAL PERIOD 1981 TO 2010
CLIMATE RECORD PERIOD 1890 TO 2017


WEATHER ITEM   OBSERVED TIME   RECORD YEAR NORMAL DEPARTURE LAST
                VALUE   (LST)  VALUE       VALUE  FROM      YEAR
                                                  NORMAL
..................................................................
TEMPERATURE (F)
 YESTERDAY
  MAXIMUM         34        MM  49    1908  16     18       11
  MINIMUM         21        MM -34    1970  -2     23       -8
  AVERAGE         28                         7     21        2

PRECIPITATION (IN)
  YESTERDAY        T             0.20 1979   0.02  -0.02      T
  MONTH TO DATE    0.57                      0.46   0.11     0.25
  SINCE DEC 1      2.41                      1.11   1.30     1.37
  SINCE JAN 1      0.57                      0.46   0.11     0.25

SNOWFALL (IN)
  YESTERDAY        0.0           2.0  1969   0.3   -0.3      0.1
  MONTH TO DATE   11.0                       6.9    4.1      4.1
  SINCE DEC 1     36.6                      17.8   18.8     18.9
  SINCE JUL 1     37.5                      24.9   12.6     22.3
  SNOW DEPTH      12

DEGREE DAYS
 HEATING
  YESTERDAY       37                        58    -21       63
  MONTH TO DATE 1181                      1100     81     1141
  SINCE DEC 1   2774                      2737     37     2512
  SINCE JUL 1   4228                      4831   -603     4121

 COOLING
  YESTERDAY        0                         0      0        0
  MONTH TO DATE    0                         0      0        0
  SINCE DEC 1      0                         0      0        0
  SINCE JAN 1      0                         0      0        0
..................................................................


WIND (MPH)
  RESULTANT WIND SPEED  MM   RESULTANT WIND DIRECTION  MM
  HIGHEST WIND SPEED    MM   HIGHEST WIND DIRECTION    MM
  HIGHEST GUST SPEED    MM   HIGHEST GUST DIRECTION    MM
  AVERAGE WIND SPEED    MM


SKY COVER
  POSSIBLE SUNSHINE  MM
  AVERAGE SKY COVER  MM


WEATHER CONDITIONS
 THE FOLLOWING WEATHER WAS RECORDED YESTERDAY.
  NO SIGNIFICANT WEATHER WAS OBSERVED.


RELATIVE HUMIDITY (PERCENT)
 HIGHEST    MM
 LOWEST     MM
 AVERAGE    MM

..........................................................


THE GRAND FORKS UNIV. (NWS) ND CLIMATE NORMALS FOR TODAY
                         NORMAL    RECORD    YEAR
 MAXIMUM TEMPERATURE (F)   16        49      1944
 MINIMUM TEMPERATURE (F)   -2       -31      1970


SUNRISE AND SUNSET
JANUARY 20 2017.......SUNRISE   809 AM CST   SUNSET   511 PM CST
JANUARY 21 2017.......SUNRISE   808 AM CST   SUNSET   512 PM CST


-  INDICATES NEGATIVE NUMBERS.
R  INDICATES RECORD WAS SET OR TIED.
MM INDICATES DATA IS MISSING.
T  INDICATES TRACE AMOUNT.




$$
