651
CDUS43 KFGF 300724
CLIFGF


CLIMATE REPORT
NATIONAL WEATHER SERVICE EASTERN NORTH DAKOTA/GRAND FORKS
223 AM CDT SAT JUL 30 2016


...................................

...THE GRAND FORKS UNIV. (NWS) ND CLIMATE SUMMARY FOR JULY 29 2016...

CLIMATE NORMAL PERIOD 1981 TO 2010
CLIMATE RECORD PERIOD 1890 TO 2016


WEATHER ITEM   OBSERVED TIME   RECORD YEAR NORMAL DEPARTURE LAST
                VALUE   (LST)  VALUE       VALUE  FROM      YEAR
                                                  NORMAL
..................................................................
TEMPERATURE (F)
 YESTERDAY
  MAXIMUM         80        MM  97    1975  82     -2       82
  MINIMUM         55        MM  43    1925  58     -3       65
  AVERAGE         68                        70     -2       74

PRECIPITATION (IN)
  YESTERDAY        0.00          1.28 1970   0.10  -0.10     0.00
  MONTH TO DATE    6.31                      2.99   3.32     4.95
  SINCE JUN 1     10.03                      6.73   3.30     7.27
  SINCE JAN 1     17.13                     12.78   4.35    13.17

SNOWFALL (IN)
  YESTERDAY        0.0           0.0    MM   0.0    0.0      0.0
  MONTH TO DATE    0.0                       0.0    0.0      0.0
  SINCE JUN 1      0.0                       0.0    0.0      0.0
  SINCE JUL 1      0.0                       0.0    0.0      0.0
  SNOW DEPTH       0

DEGREE DAYS
 HEATING
  YESTERDAY        0                         1     -1        0
  MONTH TO DATE    8                        21    -13       12
  SINCE JUN 1     54                       104    -50       58
  SINCE JUL 1      8                        21    -13       12

 COOLING
  YESTERDAY        3                         6     -3        9
  MONTH TO DATE  156                       164     -8      207
  SINCE JUN 1    243                       255    -12      308
  SINCE JAN 1    267                       281    -14      319
..................................................................


WIND (MPH)
  RESULTANT WIND SPEED  MM   RESULTANT WIND DIRECTION  MM
  HIGHEST WIND SPEED    MM   HIGHEST WIND DIRECTION    MM
  HIGHEST GUST SPEED    MM   HIGHEST GUST DIRECTION    MM
  AVERAGE WIND SPEED    MM


SKY COVER
  POSSIBLE SUNSHINE  MM
  AVERAGE SKY COVER  MM


WEATHER CONDITIONS
 THE FOLLOWING WEATHER WAS RECORDED YESTERDAY.
  NO SIGNIFICANT WEATHER WAS OBSERVED.


RELATIVE HUMIDITY (PERCENT)
 HIGHEST    MM
 LOWEST     MM
 AVERAGE    MM

..........................................................


THE GRAND FORKS UNIV. (NWS) ND CLIMATE NORMALS FOR TODAY
                         NORMAL    RECORD    YEAR
 MAXIMUM TEMPERATURE (F)   82       102      1929
 MINIMUM TEMPERATURE (F)   58        43      1952
                                             1907


SUNRISE AND SUNSET
JULY 30 2016..........SUNRISE   603 AM CDT   SUNSET   906 PM CDT
JULY 31 2016..........SUNRISE   604 AM CDT   SUNSET   904 PM CDT


-  INDICATES NEGATIVE NUMBERS.
R  INDICATES RECORD WAS SET OR TIED.
MM INDICATES DATA IS MISSING.
T  INDICATES TRACE AMOUNT.




$$
