000
CDUS43 KFGF 272321
CLIFGF


CLIMATE REPORT
NATIONAL WEATHER SERVICE EASTERN NORTH DAKOTA/GRAND FORKS
518 PM CST FRI FEB 27 2015


...................................

...THE GRAND FORKS UNIV. (NWS) ND CLIMATE SUMMARY FOR FEBRUARY 27 2015...
VALID TODAY AS OF 0400 PM LOCAL TIME.

CLIMATE NORMAL PERIOD 1981 TO 2010
CLIMATE RECORD PERIOD 1890 TO 2015


WEATHER ITEM   OBSERVED TIME   RECORD YEAR NORMAL DEPARTURE LAST
                VALUE   (LST)  VALUE       VALUE  FROM      YEAR
                                                  NORMAL
..................................................................
TEMPERATURE (F)
 TODAY
  MAXIMUM         18        MM  56    1932  26     -8       -5
  MINIMUM        -12        MM -29    1962  10    -22      -23
  AVERAGE          3                        18    -15      -14

PRECIPITATION (IN)
  TODAY            0.00          0.63 2005   0.03  -0.03     0.00
                                      2002
  MONTH TO DATE    0.26                      0.56  -0.30     0.26
  SINCE DEC 1      0.66                      1.92  -1.26     1.42
  SINCE JAN 1      0.53                      1.27  -0.74     0.73

SNOWFALL (IN)
  TODAY            0.0          12.0  2002   0.2   -0.2      0.0
  MONTH TO DATE    4.7                       6.6   -1.9      5.4
  SINCE DEC 1     12.5                      27.9  -15.4     44.1
  SINCE JUL 1     16.3                      35.0  -18.7     45.7
  SNOW DEPTH       3

DEGREE DAYS
 HEATING
  TODAY           62                        47     15       79
  MONTH TO DATE 1635                      1395    240     1688
  SINCE DEC 1   4676                      4819   -143     5626
  SINCE JUL 1   6796                      6913   -117     7677

 COOLING
  TODAY            0                         0      0        0
  MONTH TO DATE    0                         0      0        0
  SINCE DEC 1      0                         0      0        0
  SINCE JAN 1      0                         0      0        0
..................................................................


WIND (MPH)
  HIGHEST WIND SPEED    MM   HIGHEST WIND DIRECTION    MM
  HIGHEST GUST SPEED    MM   HIGHEST GUST DIRECTION    MM
  AVERAGE WIND SPEED    MM


SKY COVER
  POSSIBLE SUNSHINE  MM
  AVERAGE SKY COVER  MM


WEATHER CONDITIONS
 THE FOLLOWING WEATHER WAS RECORDED TODAY.
  NO SIGNIFICANT WEATHER WAS OBSERVED.


RELATIVE HUMIDITY (PERCENT)
 HIGHEST    MM
 LOWEST     MM
 AVERAGE    MM

..........................................................


THE GRAND FORKS UNIV. (NWS) ND CLIMATE NORMALS FOR TOMORROW
                         NORMAL    RECORD    YEAR
 MAXIMUM TEMPERATURE (F)   27        54      1905
 MINIMUM TEMPERATURE (F)   10       -32      1962


SUNRISE AND SUNSET
FEBRUARY 27 2015......SUNRISE   713 AM CST   SUNSET   610 PM CST
FEBRUARY 28 2015......SUNRISE   712 AM CST   SUNSET   611 PM CST


-  INDICATES NEGATIVE NUMBERS.
R  INDICATES RECORD WAS SET OR TIED.
MM INDICATES DATA IS MISSING.
T  INDICATES TRACE AMOUNT.




$$
