000
CSUS97 KFGF 190653
CLIFGF


CLIMATE REPORT
NATIONAL WEATHER SERVICE EASTERN NORTH DAKOTA/GRAND FORKS
138 AM CDT SAT APR 19 2014


...................................

...THE GRAND FORKS UNIV. (NWS) ND CLIMATE SUMMARY FOR APRIL 18 2014...

CLIMATE NORMAL PERIOD 1981 TO 2010
CLIMATE RECORD PERIOD 1890 TO 2014


WEATHER ITEM   OBSERVED TIME   RECORD YEAR NORMAL DEPARTURE LAST
                VALUE   (LST)  VALUE       VALUE  FROM      YEAR
                                                  NORMAL
..................................................................
TEMPERATURE (F)
 YESTERDAY
  MAXIMUM         52        MM  87    1987  57     -5       38
  MINIMUM         31        MM  15    1928  33     -2       28
  AVERAGE         42                        45     -3       33

PRECIPITATION (IN)
  YESTERDAY        T             1.36   MM   0.03  -0.03     0.02
  MONTH TO DATE    0.16                      0.51  -0.35     0.63
  SINCE MAR 1      1.27                      1.53  -0.26     1.35
  SINCE JAN 1      2.00                      2.83  -0.83     2.17

SNOWFALL (IN)
  YESTERDAY        0.0           5.0    MM   0.0    0.0      0.2
  MONTH TO DATE    1.1                       0.8    0.3      6.7
  SINCE MAR 1     14.6                       7.2    7.4     25.9
  SINCE JUL 1     60.3                      42.5   17.8     59.5
  SNOW DEPTH       0

DEGREE DAYS
 HEATING
  YESTERDAY       23                        20      3       32
  MONTH TO DATE  567                       453    114      659
  SINCE MAR 1   2003                      1659    344     2165
  SINCE JUL 1   9749                      8619   1130     9182

 COOLING
  YESTERDAY        0                         0      0        0
  MONTH TO DATE    0                         0      0        0
  SINCE MAR 1      0                         0      0        0
  SINCE JAN 1      0                         0      0        0
..................................................................


WIND (MPH)
  RESULTANT WIND SPEED  MM   RESULTANT WIND DIRECTION  MM
  HIGHEST WIND SPEED    MM   HIGHEST WIND DIRECTION    MM
  HIGHEST GUST SPEED    MM   HIGHEST GUST DIRECTION    MM
  AVERAGE WIND SPEED    MM


SKY COVER
  POSSIBLE SUNSHINE  MM
  AVERAGE SKY COVER  MM


WEATHER CONDITIONS
 THE FOLLOWING WEATHER WAS RECORDED YESTERDAY.
  LIGHT RAIN


RELATIVE HUMIDITY (PERCENT)
 HIGHEST    MM
 LOWEST     MM
 AVERAGE    MM

..........................................................


THE GRAND FORKS UNIV. (NWS) ND CLIMATE NORMALS FOR TODAY
                         NORMAL    RECORD    YEAR
 MAXIMUM TEMPERATURE (F)   57        84      1985
                                             1952
 MINIMUM TEMPERATURE (F)   33         7      1928


SUNRISE AND SUNSET
APRIL 19 2014.........SUNRISE   632 AM CDT   SUNSET   824 PM CDT
APRIL 20 2014.........SUNRISE   630 AM CDT   SUNSET   826 PM CDT


-  INDICATES NEGATIVE NUMBERS.
R  INDICATES RECORD WAS SET OR TIED.
MM INDICATES DATA IS MISSING.
T  INDICATES TRACE AMOUNT.




$$
