000
CDUS45 KFGZ 300757
CLIFLG
CLIMATE REPORT
NATIONAL WEATHER SERVICE FLAGSTAFF, AZ
1256 AM MST THU MAR 30 2017


...................................

...THE FLAGSTAFF AZ AIRPORT CLIMATE SUMMARY FOR MARCH 29 2017...

CLIMATE NORMAL PERIOD 1981 TO 2010
CLIMATE RECORD PERIOD 1898 TO 2017


WEATHER ITEM   OBSERVED TIME   RECORD YEAR NORMAL DEPARTURE LAST
                VALUE   (LST)  VALUE       VALUE  FROM      YEAR
                                                  NORMAL
..................................................................
TEMPERATURE (F)
 YESTERDAY
  MAXIMUM         61    415 PM  70    1934  53      8       41
  MINIMUM         30   1117 PM  10    1944  25      5       26
  AVERAGE         46                        39      7

PRECIPITATION (IN)
  YESTERDAY        0.00          0.83 1967   0.06  -0.06     0.07
  MONTH TO DATE    1.43                      2.02  -0.59     0.30
  SINCE SEP 1     16.93                     13.90   3.03    12.91
  SINCE JAN 1      8.32                      6.23   2.09     4.08

SNOWFALL (IN)
  YESTERDAY        0.0          12.8  1998   0.5              T
  MONTH TO DATE    8.0                      19.9             0.5
  SINCE JUL 1     90.3                      93.1            72.2
  SNOW DEPTH       0

DEGREE DAYS
 HEATING
  YESTERDAY       19                        26     -7       31
  MONTH TO DATE  667                       816   -149      694
  SINCE JUL 1   5132                      5655   -523     5381

 COOLING
  YESTERDAY        0                         0      0        0
  MONTH TO DATE    0                         0      0        0
  SINCE JAN 1      0                         0      0        0
..................................................................


WIND (MPH)
  HIGHEST WIND SPEED    29   HIGHEST WIND DIRECTION    NE (50)
  HIGHEST GUST SPEED    37   HIGHEST GUST DIRECTION    NE (40)
  AVERAGE WIND SPEED     7.2


SKY COVER
  POSSIBLE SUNSHINE  MM
  AVERAGE SKY COVER 0.0


WEATHER CONDITIONS
 THE FOLLOWING WEATHER WAS RECORDED YESTERDAY.
  HAZE


RELATIVE HUMIDITY (PERCENT)
 HIGHEST    63          1200 AM
 LOWEST      9           200 PM
 AVERAGE    36

..........................................................


THE FLAGSTAFF AZ AIRPORT CLIMATE NORMALS FOR TODAY
                         NORMAL    RECORD    YEAR
 MAXIMUM TEMPERATURE (F)   54        70      1971
 MINIMUM TEMPERATURE (F)   25         1      1998


SUNRISE AND SUNSET
MARCH 30 2017.........SUNRISE   616 AM MST   SUNSET   647 PM MST
MARCH 31 2017.........SUNRISE   614 AM MST   SUNSET   648 PM MST


-  INDICATES NEGATIVE NUMBERS.
R  INDICATES RECORD WAS SET OR TIED.
MM INDICATES DATA IS MISSING.
T  INDICATES TRACE AMOUNT.




$$
&&

-------------------------------------------------------------------
SNOW DEPTH DATA FOR FLAGSTAFF AIRPORT IS REPORTED AT 5 AM MST


-------------------------------------------------------------------
SUPPLEMENTARY CLIMATE DATA FOR NWS BELLEMONT, ARIZONA

SNOW DEPTH (IN) AT 11 AM.........................................0
WATER EQUIVALENT OF SNOW PACK (IN) AT 11 AM*...................
* ONLY MEASURED IF SNOW DEPTH IS 2.0 INCHES OR GREATER
-------------------------------------------------------------------
