899
CDUS45 KFGZ 240840
CLIFLG
CLIMATE REPORT
NATIONAL WEATHER SERVICE FLAGSTAFF, AZ
137 AM MST WED MAY 24 2017


...................................

...THE FLAGSTAFF AZ AIRPORT CLIMATE SUMMARY FOR MAY 23 2017...

CLIMATE NORMAL PERIOD 1981 TO 2010
CLIMATE RECORD PERIOD 1898 TO 2017


WEATHER ITEM   OBSERVED TIME   RECORD YEAR NORMAL DEPARTURE LAST
                VALUE   (LST)  VALUE       VALUE  FROM      YEAR
                                                  NORMAL
..................................................................
TEMPERATURE (F)
 YESTERDAY
  MAXIMUM         76    443 PM  85    2000  70      6       63
                                      1984
  MINIMUM         37    444 AM  23    1927  36      1       31
  AVERAGE         57                        53      4

PRECIPITATION (IN)
  YESTERDAY        0.00          0.97 1919   0.02  -0.02     0.00
  MONTH TO DATE    0.79                      0.47   0.32     1.57
  SINCE SEP 1     18.25                     15.62   2.63    15.85
  SINCE JAN 1      9.64                      7.95   1.69     7.02

SNOWFALL (IN)
  YESTERDAY        0.0           4.4  2008   0.1             0.0
  MONTH TO DATE    1.2                       0.7             1.9
  SINCE JUL 1     96.7                     101.7            78.3
  SNOW DEPTH       0

DEGREE DAYS
 HEATING
  YESTERDAY        8                        12     -4       18
  MONTH TO DATE  369                       332     37      384
  SINCE JUL 1   6152                      6688   -536     6466

 COOLING
  YESTERDAY        0                         0      0        0
  MONTH TO DATE    0                         0      0        0
  SINCE JAN 1      0                         0      0        0
..................................................................


WIND (MPH)
  HIGHEST WIND SPEED    23   HIGHEST WIND DIRECTION    NE (40)
  HIGHEST GUST SPEED    29   HIGHEST GUST DIRECTION    NE (60)
  AVERAGE WIND SPEED     7.3


SKY COVER
  POSSIBLE SUNSHINE  MM
  AVERAGE SKY COVER 0.0


WEATHER CONDITIONS
 THE FOLLOWING WEATHER WAS RECORDED YESTERDAY.
  HAZE


RELATIVE HUMIDITY (PERCENT)
 HIGHEST    59           400 AM
 LOWEST     10           300 PM
 AVERAGE    35

..........................................................


THE FLAGSTAFF AZ AIRPORT CLIMATE NORMALS FOR TODAY
                         NORMAL    RECORD    YEAR
 MAXIMUM TEMPERATURE (F)   71        83      1983
                                             1949
 MINIMUM TEMPERATURE (F)   36        23      1909


SUNRISE AND SUNSET
MAY 24 2017...........SUNRISE   517 AM MST   SUNSET   731 PM MST
MAY 25 2017...........SUNRISE   516 AM MST   SUNSET   731 PM MST


-  INDICATES NEGATIVE NUMBERS.
R  INDICATES RECORD WAS SET OR TIED.
MM INDICATES DATA IS MISSING.
T  INDICATES TRACE AMOUNT.




$$
&&

-------------------------------------------------------------------
SNOW DEPTH DATA FOR FLAGSTAFF AIRPORT IS REPORTED AT 5 AM MST


-------------------------------------------------------------------
SUPPLEMENTARY CLIMATE DATA FOR NWS BELLEMONT, ARIZONA

SNOW DEPTH (IN) AT 11 AM...................................0.0
WATER EQUIVALENT OF SNOW PACK (IN) AT 11 AM*...............
* ONLY MEASURED IF SNOW DEPTH IS 2.0 INCHES OR GREATER
-------------------------------------------------------------------
