000
CDUS45 KFGZ 220753
CLIFLG
CLIMATE REPORT
NATIONAL WEATHER SERVICE FLAGSTAFF, AZ
1252 AM MST FRI AUG 22 2014


...................................

...THE FLAGSTAFF AZ AIRPORT CLIMATE SUMMARY FOR AUGUST 21 2014...

CLIMATE NORMAL PERIOD 1981 TO 2010
CLIMATE RECORD PERIOD 1898 TO 2014


WEATHER ITEM   OBSERVED TIME   RECORD YEAR NORMAL DEPARTURE LAST
                VALUE   (LST)  VALUE       VALUE  FROM      YEAR
                                                  NORMAL
..................................................................
TEMPERATURE (F)
 YESTERDAY
  MAXIMUM         68   1148 AM  90    2009  78    -10       73
                                      1991
  MINIMUM         46    507 AM  33    1979  49     -3       57
  AVERAGE         57                        64     -7

PRECIPITATION (IN)
  YESTERDAY        0.28          1.88 1932   0.09   0.19     0.21
  MONTH TO DATE    4.89                      2.18   2.71     1.15
  SINCE SEP 1     19.53                     20.93  -1.40    18.37
  SINCE JAN 1     12.42                     13.26  -0.84    13.98

SNOWFALL (IN)
  YESTERDAY        0.0           0.0         0.0             0.0
  MONTH TO DATE    0.0                       0.0             0.0
  SINCE JUL 1      0.0                       0.0             0.0
  SNOW DEPTH       0

DEGREE DAYS
 HEATING
  YESTERDAY        8                         2      6        0
  MONTH TO DATE   46                        29     17       27
  SINCE JUL 1     47                        61    -14       36

 COOLING
  YESTERDAY        0                         1     -1        0
  MONTH TO DATE   11                        28    -17       18
  SINCE JAN 1    109                       109      0      143
..................................................................


WIND (MPH)
  HIGHEST WIND SPEED    12   HIGHEST WIND DIRECTION     S (170)
  HIGHEST GUST SPEED    15   HIGHEST GUST DIRECTION    SW (240)
  AVERAGE WIND SPEED     2.4


SKY COVER
  POSSIBLE SUNSHINE  MM
  AVERAGE SKY COVER 0.6


WEATHER CONDITIONS
 THE FOLLOWING WEATHER WAS RECORDED YESTERDAY.
  THUNDERSTORM
  RAIN
  LIGHT RAIN
  FOG
  HAZE


RELATIVE HUMIDITY (PERCENT)
 HIGHEST    93           200 AM
 LOWEST     45          1100 AM
 AVERAGE    69

..........................................................


THE FLAGSTAFF AZ AIRPORT CLIMATE NORMALS FOR TODAY
                         NORMAL    RECORD    YEAR
 MAXIMUM TEMPERATURE (F)   78        88      1938
 MINIMUM TEMPERATURE (F)   49        32      1968


SUNRISE AND SUNSET
AUGUST 22 2014........SUNRISE   552 AM MST   SUNSET   707 PM MST
AUGUST 23 2014........SUNRISE   553 AM MST   SUNSET   705 PM MST


-  INDICATES NEGATIVE NUMBERS.
R  INDICATES RECORD WAS SET OR TIED.
MM INDICATES DATA IS MISSING.
T  INDICATES TRACE AMOUNT.




$$


&&

-------------------------------------------------------------------
SNOW DEPTH DATA FOR FLAGSTAFF AIRPORT IS REPORTED AT 5 AM MST


-------------------------------------------------------------------
SUPPLEMENTARY CLIMATE DATA FOR NWS BELLEMONT, ARIZONA

SNOW DEPTH (IN) AT 11 AM..........................................0
WATER EQUIVALENT OF SNOW PACK (IN) AT 11 AM*......................0
* ONLY MEASURED IF SNOW DEPTH IS 2.0 INCHES OR GREATER
-------------------------------------------------------------------
