000
CDUS45 KFGZ 200809
CLIFLG
CLIMATE REPORT
NATIONAL WEATHER SERVICE FLAGSTAFF, AZ
1253 AM MST SAT JAN 20 2018


...................................

...THE FLAGSTAFF AZ AIRPORT CLIMATE SUMMARY FOR JANUARY 19 2018...

CLIMATE NORMAL PERIOD 1981 TO 2010
CLIMATE RECORD PERIOD 1898 TO 2018


WEATHER ITEM   OBSERVED TIME   RECORD YEAR NORMAL DEPARTURE LAST
                VALUE   (LST)  VALUE       VALUE  FROM      YEAR
                                                  NORMAL
..................................................................
TEMPERATURE (F)
 YESTERDAY
  MAXIMUM         52    145 PM  62    1986  43      9       32
  MINIMUM         23    741 AM -13    1943  18      5       28
  AVERAGE         38                        30      8

PRECIPITATION (IN)
  YESTERDAY        0.00          0.74 1937   0.07  -0.07     0.41
  MONTH TO DATE    1.19                      1.32  -0.13     2.56
  SINCE SEP 1      1.62                      8.99  -7.37    11.17
  SINCE JAN 1      1.19                      1.32  -0.13     2.56

SNOWFALL (IN)
  YESTERDAY        0.0          11.0  1935   0.7             6.1
  MONTH TO DATE    4.7                      13.9            12.7
  SINCE JUL 1      4.7                      43.0            33.2
  SNOW DEPTH       0

DEGREE DAYS
 HEATING
  YESTERDAY       27                        35     -8       35
  MONTH TO DATE  523                       671   -148      613
  SINCE JUL 1   2820                      3499   -679     3176

 COOLING
  YESTERDAY        0                         0      0        0
  MONTH TO DATE    0                         0      0        0
  SINCE JAN 1      0                         0      0        0
..................................................................


WIND (MPH)
  HIGHEST WIND SPEED    21   HIGHEST WIND DIRECTION    SW (210)
  HIGHEST GUST SPEED    26   HIGHEST GUST DIRECTION     S (190)
  AVERAGE WIND SPEED     6.3


SKY COVER
  POSSIBLE SUNSHINE  MM
  AVERAGE SKY COVER 0.0


WEATHER CONDITIONS
 THE FOLLOWING WEATHER WAS RECORDED YESTERDAY.
  NO SIGNIFICANT WEATHER WAS OBSERVED.


RELATIVE HUMIDITY (PERCENT)
 HIGHEST    74           800 AM
 LOWEST     26           100 PM
 AVERAGE    50

..........................................................


THE FLAGSTAFF AZ AIRPORT CLIMATE NORMALS FOR TODAY
                         NORMAL    RECORD    YEAR
 MAXIMUM TEMPERATURE (F)   43        61      1950
 MINIMUM TEMPERATURE (F)   18       -14      1922


SUNRISE AND SUNSET
JANUARY 20 2018.......SUNRISE   733 AM MST   SUNSET   543 PM MST
JANUARY 21 2018.......SUNRISE   732 AM MST   SUNSET   544 PM MST


-  INDICATES NEGATIVE NUMBERS.
R  INDICATES RECORD WAS SET OR TIED.
MM INDICATES DATA IS MISSING.
T  INDICATES TRACE AMOUNT.




$$
&&

-------------------------------------------------------------------
SNOW DEPTH DATA FOR FLAGSTAFF AIRPORT IS REPORTED AT 5 AM MST


-------------------------------------------------------------------
SUPPLEMENTARY CLIMATE DATA FOR NWS BELLEMONT, ARIZONA

SNOW DEPTH (IN) AT 11 AM...................................T
WATER EQUIVALENT OF SNOW PACK (IN) AT 11 AM*...............NA
* ONLY MEASURED IF SNOW DEPTH IS 2.0 INCHES OR GREATER
-------------------------------------------------------------------
