000
CDUS45 KFGZ 190845
CLIFLG
CLIMATE REPORT
NATIONAL WEATHER SERVICE FLAGSTAFF, AZ
1241 AM MST SUN NOV 19 2017


...................................

...THE FLAGSTAFF AZ AIRPORT CLIMATE SUMMARY FOR NOVEMBER 18 2017...

CLIMATE NORMAL PERIOD 1981 TO 2010
CLIMATE RECORD PERIOD 1898 TO 2017


WEATHER ITEM   OBSERVED TIME   RECORD YEAR NORMAL DEPARTURE LAST
                VALUE   (LST)  VALUE       VALUE  FROM      YEAR
                                                  NORMAL
..................................................................
TEMPERATURE (F)
 YESTERDAY
  MAXIMUM         46    251 PM  68    1898  49     -3       44
  MINIMUM         15   1113 PM -13    1958  22     -7       14
  AVERAGE         31                        36     -5

PRECIPITATION (IN)
  YESTERDAY        0.00          0.66 1973   0.06  -0.06     0.00
  MONTH TO DATE    0.01                      1.02  -1.01     0.13
  SINCE SEP 1      0.43                      5.06  -4.63     2.34
  SINCE JAN 1     18.01                     19.25  -1.24    19.53

SNOWFALL (IN)
  YESTERDAY        0.0           6.5  1994   0.4             0.0
                                      1907
                                      1899
  MONTH TO DATE    0.0                       4.9              T
  SINCE JUL 1      0.0                       6.4              T
  SNOW DEPTH       0

DEGREE DAYS
 HEATING
  YESTERDAY       34                        29      5       36
  MONTH TO DATE  373                       472    -99      394
  SINCE JUL 1   1137                      1355   -218     1171

 COOLING
  YESTERDAY        0                         0      0        0
  MONTH TO DATE    0                         0      0        0
  SINCE JAN 1    184                       117     67      131
..................................................................


WIND (MPH)
  HIGHEST WIND SPEED    21   HIGHEST WIND DIRECTION     E (70)
  HIGHEST GUST SPEED    27   HIGHEST GUST DIRECTION     E (90)
  AVERAGE WIND SPEED     9.1


SKY COVER
  POSSIBLE SUNSHINE  MM
  AVERAGE SKY COVER 0.0


WEATHER CONDITIONS
 THE FOLLOWING WEATHER WAS RECORDED YESTERDAY.
  NO SIGNIFICANT WEATHER WAS OBSERVED.


RELATIVE HUMIDITY (PERCENT)
 HIGHEST    96           100 AM
 LOWEST     14           200 PM
 AVERAGE    55

..........................................................


THE FLAGSTAFF AZ AIRPORT CLIMATE NORMALS FOR TODAY
                         NORMAL    RECORD    YEAR
 MAXIMUM TEMPERATURE (F)   49        69      1949
 MINIMUM TEMPERATURE (F)   22        -6      1985


SUNRISE AND SUNSET
NOVEMBER 19 2017......SUNRISE   706 AM MST   SUNSET   518 PM MST
NOVEMBER 20 2017......SUNRISE   707 AM MST   SUNSET   518 PM MST


-  INDICATES NEGATIVE NUMBERS.
R  INDICATES RECORD WAS SET OR TIED.
MM INDICATES DATA IS MISSING.
T  INDICATES TRACE AMOUNT.




$$
&&

-------------------------------------------------------------------
SNOW DEPTH DATA FOR FLAGSTAFF AIRPORT IS REPORTED AT 5 AM MST


-------------------------------------------------------------------
SUPPLEMENTARY CLIMATE DATA FOR NWS BELLEMONT, ARIZONA

SNOW DEPTH (IN) AT 11 AM...................................0.0
WATER EQUIVALENT OF SNOW PACK (IN) AT 11 AM*...............
* ONLY MEASURED IF SNOW DEPTH IS 2.0 INCHES OR GREATER
-------------------------------------------------------------------
