000
CDUS45 KFGZ 210845
CLIFLG
CLIMATE REPORT
NATIONAL WEATHER SERVICE FLAGSTAFF, AZ
144 AM MST SAT JAN 21 2017


...................................

...THE FLAGSTAFF AZ AIRPORT CLIMATE SUMMARY FOR JANUARY 20 2017...

CLIMATE NORMAL PERIOD 1981 TO 2010
CLIMATE RECORD PERIOD 1898 TO 2017


WEATHER ITEM   OBSERVED TIME   RECORD YEAR NORMAL DEPARTURE LAST
                VALUE   (LST)  VALUE       VALUE  FROM      YEAR
                                                  NORMAL
..................................................................
TEMPERATURE (F)
 YESTERDAY
  MAXIMUM         30   1159 PM  61    1950  43    -13       47
  MINIMUM         27   1034 AM -14    1922  18      9       20
  AVERAGE         29                        30     -1

PRECIPITATION (IN)
  YESTERDAY        0.71          0.90 1917   0.06   0.65     0.00
  MONTH TO DATE    3.27                      1.38   1.89     2.91
  SINCE SEP 1     11.88                      9.05   2.83    11.74
  SINCE JAN 1      3.27                      1.38   1.89     2.91

SNOWFALL (IN)
  YESTERDAY       MM             7.1  1954   0.7             0.0
  MONTH TO DATE    6.6                      14.6            34.0
  SINCE JUL 1     27.1                      43.7            61.5
  SNOW DEPTH       6

DEGREE DAYS
 HEATING
  YESTERDAY       36                        35      1       31
  MONTH TO DATE  649                       706    -57      770
  SINCE JUL 1   3212                      3534   -322     3501

 COOLING
  YESTERDAY        0                         0      0        0
  MONTH TO DATE    0                         0      0        0
  SINCE JAN 1      0                         0      0        0
..................................................................


WIND (MPH)
  HIGHEST WIND SPEED    29   HIGHEST WIND DIRECTION    SW (220)
  HIGHEST GUST SPEED    37   HIGHEST GUST DIRECTION    SW (220)
  AVERAGE WIND SPEED    16.2


SKY COVER
  POSSIBLE SUNSHINE  MM
  AVERAGE SKY COVER 1.0


WEATHER CONDITIONS
 THE FOLLOWING WEATHER WAS RECORDED YESTERDAY.
  HEAVY SNOW
  SNOW
  LIGHT SNOW
  FOG
  FOG W/VISIBILITY <= 1/4 MILE


RELATIVE HUMIDITY (PERCENT)
 HIGHEST   100           600 AM
 LOWEST     92          1200 AM
 AVERAGE    96

..........................................................


THE FLAGSTAFF AZ AIRPORT CLIMATE NORMALS FOR TODAY
                         NORMAL    RECORD    YEAR
 MAXIMUM TEMPERATURE (F)   43        60      1944
 MINIMUM TEMPERATURE (F)   18       -24      1937


SUNRISE AND SUNSET
JANUARY 21 2017.......SUNRISE   732 AM MST   SUNSET   544 PM MST
JANUARY 22 2017.......SUNRISE   732 AM MST   SUNSET   545 PM MST


-  INDICATES NEGATIVE NUMBERS.
R  INDICATES RECORD WAS SET OR TIED.
MM INDICATES DATA IS MISSING.
T  INDICATES TRACE AMOUNT.




$$
&&

-------------------------------------------------------------------
SNOW DEPTH DATA FOR FLAGSTAFF AIRPORT IS REPORTED AT 5 AM MST


-------------------------------------------------------------------
SUPPLEMENTARY CLIMATE DATA FOR NWS BELLEMONT, ARIZONA

SNOW DEPTH (IN) AT 11 AM..........................................8
WATER EQUIVALENT OF SNOW PACK (IN) AT 11 AM*..................  0.8
* ONLY MEASURED IF SNOW DEPTH IS 2.0 INCHES OR GREATER
-------------------------------------------------------------------
