000
CDUS45 KFGZ 060801
CLIFLG
CLIMATE REPORT
NATIONAL WEATHER SERVICE FLAGSTAFF, AZ
1256 AM MST MON JUL 6 2015


...................................

...THE FLAGSTAFF AZ AIRPORT CLIMATE SUMMARY FOR JULY 5 2015...

CLIMATE NORMAL PERIOD 1981 TO 2010
CLIMATE RECORD PERIOD 1898 TO 2015


WEATHER ITEM   OBSERVED TIME   RECORD YEAR NORMAL DEPARTURE LAST
                VALUE   (LST)  VALUE       VALUE  FROM      YEAR
                                                  NORMAL
..................................................................
TEMPERATURE (F)
 YESTERDAY
  MAXIMUM         75   1205 PM  97    1973  82     -7       79
  MINIMUM         56   1142 PM  32    1955  49      7       52
                                      1912
  AVERAGE         66                        65      1

PRECIPITATION (IN)
  YESTERDAY        0.53          1.06 1967   0.05   0.48     0.03
  MONTH TO DATE    1.37                      0.21   1.16     1.96
  SINCE SEP 1     21.83                     16.35   5.48    12.28
  SINCE JAN 1     14.00                      8.68   5.32     5.17

SNOWFALL (IN)
  YESTERDAY        0.0           0.0  2002   0.0             0.0
                                      2001
                                      1999
  MONTH TO DATE    0.0                       0.0             0.0
  SINCE JUL 1      0.0                       0.0             0.0
  SNOW DEPTH       0

DEGREE DAYS
 HEATING
  YESTERDAY        0                         2     -2        0
  MONTH TO DATE    0                        10    -10        0
  SINCE JUL 1      0                        10    -10        0

 COOLING
  YESTERDAY        1                         2     -1        1
  MONTH TO DATE   19                        10      9       12
  SINCE JAN 1     69                        27     42       26
..................................................................


WIND (MPH)
  HIGHEST WIND SPEED    16   HIGHEST WIND DIRECTION     W (260)
  HIGHEST GUST SPEED    22   HIGHEST GUST DIRECTION     W (270)
  AVERAGE WIND SPEED     3.9


SKY COVER
  POSSIBLE SUNSHINE  MM
  AVERAGE SKY COVER 0.8


WEATHER CONDITIONS
 THE FOLLOWING WEATHER WAS RECORDED YESTERDAY.
  THUNDERSTORM
  RAIN
  LIGHT RAIN
  FOG


RELATIVE HUMIDITY (PERCENT)
 HIGHEST   100           100 AM
 LOWEST     44          1200 PM
 AVERAGE    72

..........................................................


THE FLAGSTAFF AZ AIRPORT CLIMATE NORMALS FOR TODAY
                         NORMAL    RECORD    YEAR
 MAXIMUM TEMPERATURE (F)   82        96      1989
 MINIMUM TEMPERATURE (F)   49        35      1978
                                             1902


SUNRISE AND SUNSET
JULY  6 2015..........SUNRISE   518 AM MST   SUNSET   744 PM MST
JULY  7 2015..........SUNRISE   519 AM MST   SUNSET   744 PM MST


-  INDICATES NEGATIVE NUMBERS.
R  INDICATES RECORD WAS SET OR TIED.
MM INDICATES DATA IS MISSING.
T  INDICATES TRACE AMOUNT.




$$
&&

-------------------------------------------------------------------
SNOW DEPTH DATA FOR FLAGSTAFF AIRPORT IS REPORTED AT 5 AM MST


-------------------------------------------------------------------
SUPPLEMENTARY CLIMATE DATA FOR NWS BELLEMONT, ARIZONA

SNOW DEPTH (IN) AT 11 AM........................................ 0
WATER EQUIVALENT OF SNOW PACK (IN) AT 11 AM*.....................
* ONLY MEASURED IF SNOW DEPTH IS 2.0 INCHES OR GREATER
-------------------------------------------------------------------
