000
CDUS42 KMFL 290824
CLIFLL


CLIMATE REPORT
NATIONAL WEATHER SERVICE MIAMI, FL
423 AM EDT MON MAY 29 2017


...................................

...THE FORT LAUDERDALE CLIMATE SUMMARY FOR MAY 28 2017...

CLIMATE NORMAL PERIOD 1981 TO 2010
CLIMATE RECORD PERIOD 1912 TO 2017


WEATHER ITEM   OBSERVED TIME   RECORD YEAR NORMAL DEPARTURE LAST
                VALUE   (LST)  VALUE       VALUE  FROM      YEAR
                                                  NORMAL
..................................................................
TEMPERATURE (F)
 YESTERDAY
  MAXIMUM         95    341 PM  96    1967  88      7       83
  MINIMUM         75    540 AM  63    1928  76     -1       72
  AVERAGE         85                        82      3       78

PRECIPITATION (IN)
  YESTERDAY        0.00          2.06 1936   0.23  -0.23     1.18
  MONTH TO DATE    2.82                      3.98  -1.16     4.63
  SINCE NOV 1     16.23                     22.52  -6.29    30.15
  SINCE JAN 1     11.60                     16.82  -5.22    18.93

SNOWFALL (IN)
  YESTERDAY        0.0
  MONTH TO DATE    0.0
  SINCE MAR 1      0.0
  SINCE JUL 1      0.0
  SNOW DEPTH       0

DEGREE DAYS
 HEATING
  YESTERDAY        0                         0      0        0
  MONTH TO DATE    0                         0      0        0
  SINCE MAR 1      6                        10     -4        2
  SINCE JUL 1     35                       112    -77       87

 COOLING
  YESTERDAY       20                        17      3       13
  MONTH TO DATE  432                       420     12      418
  SINCE MAR 1   1062                      1011     51     1105
  SINCE JAN 1   1518                      1367    151     1364
..................................................................


WIND (MPH)
  HIGHEST WIND SPEED    17   HIGHEST WIND DIRECTION    SE (130)
  HIGHEST GUST SPEED    21   HIGHEST GUST DIRECTION    SE (120)
  AVERAGE WIND SPEED     7.2


SKY COVER
  AVERAGE SKY COVER 0.2


WEATHER CONDITIONS
 THE FOLLOWING WEATHER WAS RECORDED YESTERDAY.
  NO SIGNIFICANT WEATHER WAS OBSERVED.


RELATIVE HUMIDITY (PERCENT)
 HIGHEST    85
 LOWEST     36
 AVERAGE    61

..........................................................


THE FORT LAUDERDALE CLIMATE NORMALS FOR TODAY
                         NORMAL    RECORD    YEAR
 MAXIMUM TEMPERATURE (F)   88        94      2000
 MINIMUM TEMPERATURE (F)   76        57      1934


SUNRISE AND SUNSET
MAY 29 2017...........SUNRISE   629 AM EDT   SUNSET   807 PM EDT
MAY 30 2017...........SUNRISE   629 AM EDT   SUNSET   808 PM EDT


-  INDICATES NEGATIVE NUMBERS.
R  INDICATES RECORD WAS SET OR TIED.
MM INDICATES DATA IS MISSING.
T  INDICATES TRACE AMOUNT.




$$
