000
CDUS42 KMFL 230934
CLIFLL


CLIMATE REPORT
NATIONAL WEATHER SERVICE MIAMI, FL
433 AM EST SUN NOV 23 2014


...................................

...THE FORT LAUDERDALE CLIMATE SUMMARY FOR NOVEMBER 22 2014...

CLIMATE NORMAL PERIOD 1981 TO 2010
CLIMATE RECORD PERIOD 1839 TO 2014


WEATHER ITEM   OBSERVED TIME   RECORD YEAR NORMAL DEPARTURE LAST
                VALUE   (LST)  VALUE       VALUE  FROM      YEAR
                                                  NORMAL
..................................................................
TEMPERATURE (F)
 YESTERDAY
  MAXIMUM         80    307 PM  87    1947  81     -1       80
  MINIMUM         74   1241 AM  43    1952  68      6       72
                                      1914
  AVERAGE         77                        75      2       76

PRECIPITATION (IN)
  YESTERDAY        0.05          1.15 1985   0.07  -0.02     0.68
  MONTH TO DATE    2.84                      2.51   0.33     8.89
  SINCE NOV 1      2.84                      2.51   0.33     8.89
  SINCE JAN 1     59.28                     58.99   0.29    73.22

SNOWFALL (IN)
  YESTERDAY        0.0
  MONTH TO DATE    0.0
  SINCE SEP 1      0.0
  SINCE JUL 1      0.0
  SNOW DEPTH       0

DEGREE DAYS
 HEATING
  YESTERDAY        0                         0      0        0
  MONTH TO DATE    6                         0      6        0
  SINCE SEP 1      6                         0      6        0
  SINCE JUL 1      6                         0      6        0

 COOLING
  YESTERDAY       12                        10      2       11
  MONTH TO DATE  187                       246    -59      274
  SINCE SEP 1   1224                      1274    -50     1254
  SINCE JAN 1   4534                      4440     94     4301
..................................................................


WIND (MPH)
  HIGHEST WIND SPEED    31   HIGHEST WIND DIRECTION     E (100)
  HIGHEST GUST SPEED    36   HIGHEST GUST DIRECTION     E (100)
  AVERAGE WIND SPEED    21.6


SKY COVER
  AVERAGE SKY COVER 1.0


WEATHER CONDITIONS
 THE FOLLOWING WEATHER WAS RECORDED YESTERDAY.
  RAIN
  LIGHT RAIN
  FOG


RELATIVE HUMIDITY (PERCENT)
 HIGHEST    82
 LOWEST     69
 AVERAGE    76

..........................................................


THE FORT LAUDERDALE CLIMATE NORMALS FOR TODAY
                         NORMAL    RECORD    YEAR
 MAXIMUM TEMPERATURE (F)   81        89      1929
 MINIMUM TEMPERATURE (F)   68        44      1944


SUNRISE AND SUNSET
NOVEMBER 23 2014......SUNRISE   645 AM EST   SUNSET   529 PM EST
NOVEMBER 24 2014......SUNRISE   646 AM EST   SUNSET   529 PM EST


-  INDICATES NEGATIVE NUMBERS.
R  INDICATES RECORD WAS SET OR TIED.
MM INDICATES DATA IS MISSING.
T  INDICATES TRACE AMOUNT.




$$
