000
CDUS42 KMFL 222116
CLIFLL


CLIMATE REPORT
NATIONAL WEATHER SERVICE MIAMI, FL
416 PM EST MON DEC 22 2014


...................................

...THE FORT LAUDERDALE CLIMATE SUMMARY FOR DECEMBER 22 2014...
VALID TODAY AS OF 0400 PM LOCAL TIME.

CLIMATE NORMAL PERIOD 1981 TO 2010
CLIMATE RECORD PERIOD 1839 TO 2014


WEATHER ITEM   OBSERVED TIME   RECORD YEAR NORMAL DEPARTURE LAST
                VALUE   (LST)  VALUE       VALUE  FROM      YEAR
                                                  NORMAL
..................................................................
TEMPERATURE (F)
 TODAY
  MAXIMUM         81    244 PM  86    1951  77      4       83
  MINIMUM         67    618 AM  33    1935  63      4       77
  AVERAGE         74                        70      4       80

PRECIPITATION (IN)
  TODAY            0.00          1.57 1940   0.09  -0.09      T
  MONTH TO DATE    1.73                      1.91  -0.18     1.13
  SINCE NOV 1      4.65                      5.15  -0.50    12.05
  SINCE JAN 1     61.09                     61.63  -0.54    76.38

SNOWFALL (IN)
  TODAY            0.0
  MONTH TO DATE    0.0
  SINCE DEC 1      0.0
  SINCE JUL 1      0.0
  SNOW DEPTH       0

DEGREE DAYS
 HEATING
  TODAY            0                         1     -1
  MONTH TO DATE   16                        17     -1
  SINCE DEC 1     16                        17     -1
  SINCE JUL 1     26                        19      7

 COOLING
  TODAY            9                         6      3
  MONTH TO DATE  127                       164    -37
  SINCE DEC 1    127                       164    -37
  SINCE JAN 1   4728                      4677     51
..................................................................


WIND (MPH)
  HIGHEST WIND SPEED    15   HIGHEST WIND DIRECTION    SE (140)
  HIGHEST GUST SPEED    17   HIGHEST GUST DIRECTION     S (160)
  AVERAGE WIND SPEED     6.7


SKY COVER
  AVERAGE SKY COVER 0.5


WEATHER CONDITIONS
 THE FOLLOWING WEATHER WAS RECORDED TODAY.
  NO SIGNIFICANT WEATHER WAS OBSERVED.


RELATIVE HUMIDITY (PERCENT)
 HIGHEST    93
 LOWEST     62
 AVERAGE    78

..........................................................


THE FORT LAUDERDALE CLIMATE NORMALS FOR TOMORROW
                         NORMAL    RECORD    YEAR
 MAXIMUM TEMPERATURE (F)   77        86      1920
 MINIMUM TEMPERATURE (F)   63        37      1973
                                             1927


SUNRISE AND SUNSET
DECEMBER 22 2014......SUNRISE   704 AM EST   SUNSET   535 PM EST
DECEMBER 23 2014......SUNRISE   704 AM EST   SUNSET   535 PM EST


-  INDICATES NEGATIVE NUMBERS.
R  INDICATES RECORD WAS SET OR TIED.
MM INDICATES DATA IS MISSING.
T  INDICATES TRACE AMOUNT.




$$
