000
CDUS42 KMFL 250831
CLIFLL


CLIMATE REPORT
NATIONAL WEATHER SERVICE MIAMI, FL
430 AM EDT FRI APR 25 2014


...................................

...THE FORT LAUDERDALE CLIMATE SUMMARY FOR APRIL 24 2014...

CLIMATE NORMAL PERIOD 1981 TO 2010
CLIMATE RECORD PERIOD 1839 TO 2014


WEATHER ITEM   OBSERVED TIME   RECORD YEAR NORMAL DEPARTURE LAST
                VALUE   (LST)  VALUE       VALUE  FROM      YEAR
                                                  NORMAL
..................................................................
TEMPERATURE (F)
 YESTERDAY
  MAXIMUM         85    223 PM  92    1971  84      1       83
                                      1921
  MINIMUM         69    617 AM  56    1998  71     -2       73
                                      1932
  AVERAGE         77                        77      0       78

PRECIPITATION (IN)
  YESTERDAY        0.00          7.60 1982   0.09  -0.09     0.00
  MONTH TO DATE    4.22                      2.46   1.76     5.51
  SINCE OCT 1     28.08                     24.93   3.15    18.67
  SINCE JAN 1     12.39                     12.41  -0.02     8.72

SNOWFALL (IN)
  YESTERDAY        0.0
  MONTH TO DATE    0.0
  SINCE MAR 1      0.0
  SINCE JUL 1      0.0
  SNOW DEPTH       0

DEGREE DAYS
 HEATING
  YESTERDAY        0                         0      0        0
  MONTH TO DATE    0                         0      0        0
  SINCE MAR 1      1                         9     -8       42
  SINCE JUL 1     81                       111    -30       85

 COOLING
  YESTERDAY       12                        12      0       13
  MONTH TO DATE  290                       261     29      304
  SINCE MAR 1    562                       515     47      436
  SINCE JAN 1    950                       871     79      893
..................................................................


WIND (MPH)
  HIGHEST WIND SPEED    17   HIGHEST WIND DIRECTION    SE (130)
  HIGHEST GUST SPEED    21   HIGHEST GUST DIRECTION    SE (140)
  AVERAGE WIND SPEED     7.6


SKY COVER
  AVERAGE SKY COVER 0.2


WEATHER CONDITIONS
 THE FOLLOWING WEATHER WAS RECORDED YESTERDAY.
  NO SIGNIFICANT WEATHER WAS OBSERVED.


RELATIVE HUMIDITY (PERCENT)
 HIGHEST    79
 LOWEST     48
 AVERAGE    64

..........................................................


THE FORT LAUDERDALE CLIMATE NORMALS FOR TODAY
                         NORMAL    RECORD    YEAR
 MAXIMUM TEMPERATURE (F)   84        92      1971
                                             1923
 MINIMUM TEMPERATURE (F)   71        55      2005


SUNRISE AND SUNSET
APRIL 25 2014.........SUNRISE   648 AM EDT   SUNSET   749 PM EDT
APRIL 26 2014.........SUNRISE   647 AM EDT   SUNSET   750 PM EDT


-  INDICATES NEGATIVE NUMBERS.
R  INDICATES RECORD WAS SET OR TIED.
MM INDICATES DATA IS MISSING.
T  INDICATES TRACE AMOUNT.




$$
