000
CDUS42 KMFL 280822
CLIFLL


CLIMATE REPORT
NATIONAL WEATHER SERVICE MIAMI, FL
422 AM EDT MON JUL 28 2014


...................................

...THE FORT LAUDERDALE CLIMATE SUMMARY FOR JULY 27 2014...

CLIMATE NORMAL PERIOD 1981 TO 2010
CLIMATE RECORD PERIOD 1839 TO 2014


WEATHER ITEM   OBSERVED TIME   RECORD YEAR NORMAL DEPARTURE LAST
                VALUE   (LST)  VALUE       VALUE  FROM      YEAR
                                                  NORMAL
..................................................................
TEMPERATURE (F)
 YESTERDAY
  MAXIMUM         92    358 PM  96    1969  91      1       84
  MINIMUM         79    215 AM  69    1928  79      0       75
  AVERAGE         86                        85      1       80

PRECIPITATION (IN)
  YESTERDAY        0.00          5.27 1915   0.18  -0.18     0.16
  MONTH TO DATE    8.73                      5.27   3.46    14.91
  SINCE JUN 1     17.37                     15.43   1.94    29.63
  SINCE JAN 1     37.97                     32.92   5.05    54.41

SNOWFALL (IN)
  YESTERDAY        0.0
  MONTH TO DATE    0.0
  SINCE JUN 1      0.0
  SINCE JUL 1      0.0
  SNOW DEPTH       0

DEGREE DAYS
 HEATING
  YESTERDAY        0                         0      0        0
  MONTH TO DATE    0                         0      0        0
  SINCE JUN 1      0                         0      0        0
  SINCE JUL 1      0                         0      0        0

 COOLING
  YESTERDAY       21                        20      1       15
  MONTH TO DATE  530                       521      9      450
  SINCE JUN 1   1046                      1064    -18      994
  SINCE JAN 1   2581                      2482     99     2390
..................................................................


WIND (MPH)
  HIGHEST WIND SPEED    17   HIGHEST WIND DIRECTION     S (160)
  HIGHEST GUST SPEED    17   HIGHEST GUST DIRECTION     S (160)
  AVERAGE WIND SPEED     4.8


SKY COVER
  AVERAGE SKY COVER 0.4


WEATHER CONDITIONS
 THE FOLLOWING WEATHER WAS RECORDED YESTERDAY.
  NO SIGNIFICANT WEATHER WAS OBSERVED.


RELATIVE HUMIDITY (PERCENT)
 HIGHEST    85
 LOWEST     49
 AVERAGE    67

..........................................................


THE FORT LAUDERDALE CLIMATE NORMALS FOR TODAY
                         NORMAL    RECORD    YEAR
 MAXIMUM TEMPERATURE (F)   91        96      1980
 MINIMUM TEMPERATURE (F)   79        69      1946
                                             1928
                                             1924


SUNRISE AND SUNSET
JULY 28 2014..........SUNRISE   644 AM EDT   SUNSET   809 PM EDT
JULY 29 2014..........SUNRISE   645 AM EDT   SUNSET   809 PM EDT


-  INDICATES NEGATIVE NUMBERS.
R  INDICATES RECORD WAS SET OR TIED.
MM INDICATES DATA IS MISSING.
T  INDICATES TRACE AMOUNT.




$$
