000
CDUS42 KMFL 182119
CLIFLL


CLIMATE REPORT
NATIONAL WEATHER SERVICE MIAMI, FL
418 PM EST SAT NOV 18 2017


...................................

...THE FORT LAUDERDALE CLIMATE SUMMARY FOR NOVEMBER 18 2017...
VALID TODAY AS OF 0400 PM LOCAL TIME.

CLIMATE NORMAL PERIOD 1981 TO 2010
CLIMATE RECORD PERIOD 1912 TO 2017


WEATHER ITEM   OBSERVED TIME   RECORD YEAR NORMAL DEPARTURE LAST
                VALUE   (LST)  VALUE       VALUE  FROM      YEAR
                                                  NORMAL
..................................................................
TEMPERATURE (F)
 TODAY
  MAXIMUM         80    209 PM  89    1921  81     -1       81
  MINIMUM         64    642 AM  42    1951  69     -5       72
  AVERAGE         72                        75     -3       77

PRECIPITATION (IN)
  TODAY            0.00          2.15 1959   0.09  -0.09     0.00
  MONTH TO DATE    1.59                      2.20  -0.61     0.86
  SINCE NOV 1      1.59                      2.20  -0.61     0.86
  SINCE JAN 1     64.26                     58.68   5.58    46.53

SNOWFALL (IN)
  TODAY            0.0
  MONTH TO DATE    0.0
  SINCE SEP 1      0.0
  SINCE JUL 1      0.0
  SNOW DEPTH       0

DEGREE DAYS
 HEATING
  TODAY            0                         0      0        0
  MONTH TO DATE    0                         0      0        0
  SINCE SEP 1      2                         0      2        0
  SINCE JUL 1      2                         0      2        0

 COOLING
  TODAY            7                        10     -3       12
  MONTH TO DATE  209                       206      3      190
  SINCE SEP 1   1241                      1234      7     1212
  SINCE JAN 1   4568                      4400    168     4413
..................................................................


WIND (MPH)
  HIGHEST WIND SPEED    15   HIGHEST WIND DIRECTION     E (80)
  HIGHEST GUST SPEED    19   HIGHEST GUST DIRECTION     E (90)
  AVERAGE WIND SPEED     5.8


SKY COVER
  AVERAGE SKY COVER 0.3


WEATHER CONDITIONS
 THE FOLLOWING WEATHER WAS RECORDED TODAY.
  NO SIGNIFICANT WEATHER WAS OBSERVED.


RELATIVE HUMIDITY (PERCENT)
 HIGHEST    81
 LOWEST     57
 AVERAGE    69

..........................................................


THE FORT LAUDERDALE CLIMATE NORMALS FOR TOMORROW
                         NORMAL    RECORD    YEAR
 MAXIMUM TEMPERATURE (F)   81        88      1986
 MINIMUM TEMPERATURE (F)   69        41      1951


SUNRISE AND SUNSET
NOVEMBER 18 2017......SUNRISE   641 AM EST   SUNSET   530 PM EST
NOVEMBER 19 2017......SUNRISE   642 AM EST   SUNSET   530 PM EST


-  INDICATES NEGATIVE NUMBERS.
R  INDICATES RECORD WAS SET OR TIED.
MM INDICATES DATA IS MISSING.
T  INDICATES TRACE AMOUNT.




$$
