000
CDUS42 KMFL 230822
CLIFLL


CLIMATE REPORT
NATIONAL WEATHER SERVICE MIAMI, FL
421 AM EDT SAT JUL 23 2016


...................................

...THE FORT LAUDERDALE CLIMATE SUMMARY FOR JULY 22 2016...

CLIMATE NORMAL PERIOD 1981 TO 2010
CLIMATE RECORD PERIOD 1912 TO 2016


WEATHER ITEM   OBSERVED TIME   RECORD YEAR NORMAL DEPARTURE LAST
                VALUE   (LST)  VALUE       VALUE  FROM      YEAR
                                                  NORMAL
..................................................................
TEMPERATURE (F)
 YESTERDAY
  MAXIMUM         90   1101 AM  99    1924  91     -1       93
  MINIMUM         78   1114 PM  69    1955  79     -1       75
                                      1947
                                      1946
  AVERAGE         84                        85     -1       84

PRECIPITATION (IN)
  YESTERDAY        0.00          2.32 1943   0.18  -0.18     0.30
  MONTH TO DATE    1.46                      4.38  -2.92     1.64
  SINCE JUN 1     10.51                     14.54  -4.03     2.73
  SINCE JAN 1     29.46                     32.03  -2.57    16.78

SNOWFALL (IN)
  YESTERDAY        0.0
  MONTH TO DATE    0.0
  SINCE JUN 1      0.0
  SINCE JUL 1      0.0
  SNOW DEPTH       0

DEGREE DAYS
 HEATING
  YESTERDAY        0                         0      0        0
  MONTH TO DATE    0                         0      0        0
  SINCE JUN 1      0                         0      0        0
  SINCE JUL 1      0                         0      0        0

 COOLING
  YESTERDAY       19                        20     -1       19
  MONTH TO DATE  456                       421     35      436
  SINCE JUN 1   1017                       964     53      998
  SINCE JAN 1   2431                      2382     49     2534
..................................................................


WIND (MPH)
  HIGHEST WIND SPEED    14   HIGHEST WIND DIRECTION     W (250)
  HIGHEST GUST SPEED    19   HIGHEST GUST DIRECTION     W (260)
  AVERAGE WIND SPEED     6.5


SKY COVER
  AVERAGE SKY COVER 0.7


WEATHER CONDITIONS
 THE FOLLOWING WEATHER WAS RECORDED YESTERDAY.
  THUNDERSTORM


RELATIVE HUMIDITY (PERCENT)
 HIGHEST    85
 LOWEST     59
 AVERAGE    72

..........................................................


THE FORT LAUDERDALE CLIMATE NORMALS FOR TODAY
                         NORMAL    RECORD    YEAR
 MAXIMUM TEMPERATURE (F)   91        97      1924
 MINIMUM TEMPERATURE (F)   79        69      1990
                                             1954
                                             1917


SUNRISE AND SUNSET
JULY 23 2016..........SUNRISE   642 AM EDT   SUNSET   812 PM EDT
JULY 24 2016..........SUNRISE   643 AM EDT   SUNSET   811 PM EDT


-  INDICATES NEGATIVE NUMBERS.
R  INDICATES RECORD WAS SET OR TIED.
MM INDICATES DATA IS MISSING.
T  INDICATES TRACE AMOUNT.




$$
