000
CDUS42 KMFL 272116
CLIFLL


CLIMATE REPORT
NATIONAL WEATHER SERVICE MIAMI, FL
416 PM EST TUE JAN 27 2015


...................................

...THE FORT LAUDERDALE CLIMATE SUMMARY FOR JANUARY 27 2015...
VALID TODAY AS OF 0400 PM LOCAL TIME.

CLIMATE NORMAL PERIOD 1981 TO 2010
CLIMATE RECORD PERIOD 1839 TO 2015


WEATHER ITEM   OBSERVED TIME   RECORD YEAR NORMAL DEPARTURE LAST
                VALUE   (LST)  VALUE       VALUE  FROM      YEAR
                                                  NORMAL
..................................................................
TEMPERATURE (F)
 TODAY
  MAXIMUM         68    412 PM  88    1965  77     -9       83
                                      1929
  MINIMUM         52    729 AM  37    1940  62    -10       62
  AVERAGE         60                        70    -10       73

PRECIPITATION (IN)
  TODAY            0.00          1.42 1980   0.19  -0.19     0.00
  MONTH TO DATE    3.39                      2.93   0.46     1.82
  SINCE NOV 1      8.50                      8.63  -0.13    13.94
  SINCE JAN 1      3.39                      2.93   0.46     1.82

SNOWFALL (IN)
  TODAY            0.0
  MONTH TO DATE    0.0
  SINCE DEC 1      0.0
  SINCE JUL 1      0.0
  SNOW DEPTH       0

DEGREE DAYS
 HEATING
  TODAY            5                         1      4
  MONTH TO DATE   15                        43    -28
  SINCE DEC 1     31                        73    -42
  SINCE JUL 1     41                        75    -34

 COOLING
  TODAY            0                         6     -6
  MONTH TO DATE  163                       148     15
  SINCE DEC 1    375                       364     11
  SINCE JAN 1    163                       148     15
..................................................................


WIND (MPH)
  HIGHEST WIND SPEED    18   HIGHEST WIND DIRECTION     W (260)
  HIGHEST GUST SPEED    23   HIGHEST GUST DIRECTION     W (270)
  AVERAGE WIND SPEED    10.5


SKY COVER
  AVERAGE SKY COVER 0.1


WEATHER CONDITIONS
 THE FOLLOWING WEATHER WAS RECORDED TODAY.
  NO SIGNIFICANT WEATHER WAS OBSERVED.


RELATIVE HUMIDITY (PERCENT)
 HIGHEST    83
 LOWEST     28
 AVERAGE    56

..........................................................


THE FORT LAUDERDALE CLIMATE NORMALS FOR TOMORROW
                         NORMAL    RECORD    YEAR
 MAXIMUM TEMPERATURE (F)   77        86      1991
 MINIMUM TEMPERATURE (F)   62        30      1940


SUNRISE AND SUNSET
JANUARY 27 2015.......SUNRISE   707 AM EST   SUNSET   600 PM EST
JANUARY 28 2015.......SUNRISE   707 AM EST   SUNSET   601 PM EST


-  INDICATES NEGATIVE NUMBERS.
R  INDICATES RECORD WAS SET OR TIED.
MM INDICATES DATA IS MISSING.
T  INDICATES TRACE AMOUNT.




$$
