000
CDUS42 KMFL 270841
CLIFLL


CLIMATE REPORT
NATIONAL WEATHER SERVICE MIAMI, FL
440 AM EDT THU AUG 27 2015


...................................

...THE FORT LAUDERDALE CLIMATE SUMMARY FOR AUGUST 26 2015...

CLIMATE NORMAL PERIOD 1981 TO 2010
CLIMATE RECORD PERIOD 1839 TO 2015


WEATHER ITEM   OBSERVED TIME   RECORD YEAR NORMAL DEPARTURE LAST
                VALUE   (LST)  VALUE       VALUE  FROM      YEAR
                                                  NORMAL
..................................................................
TEMPERATURE (F)
 YESTERDAY
  MAXIMUM         93   1121 AM  96    1998  90      3       91
                                      1954
                                      1946
  MINIMUM         74    127 PM  69    1927  78     -4       82
  AVERAGE         84                        84      0       87

PRECIPITATION (IN)
  YESTERDAY        1.71          4.06 1966   0.25   1.46     0.04
  MONTH TO DATE    4.88                      6.08  -1.20     5.30
  SINCE JUN 1      9.00                     22.22 -13.22    23.12
  SINCE JAN 1     23.05                     39.71 -16.66    43.72

SNOWFALL (IN)
  YESTERDAY        0.0
  MONTH TO DATE    0.0
  SINCE JUN 1      0.0
  SINCE JUL 1      0.0
  SNOW DEPTH       0

DEGREE DAYS
 HEATING
  YESTERDAY        0                         0      0        0
  MONTH TO DATE    0                         0      0        0
  SINCE JUN 1      0                         0      0        0
  SINCE JUL 1      0                         0      0        0

 COOLING
  YESTERDAY       19                        19      0       22
  MONTH TO DATE  520                       513      7      537
  SINCE JUN 1   1704                      1654     50     1668
  SINCE JAN 1   3240                      3072    168     3203
..................................................................


WIND (MPH)
  HIGHEST WIND SPEED    18   HIGHEST WIND DIRECTION     S (190)
  HIGHEST GUST SPEED    26   HIGHEST GUST DIRECTION    SW (220)
  AVERAGE WIND SPEED     3.9


SKY COVER
  AVERAGE SKY COVER 0.8


WEATHER CONDITIONS
 THE FOLLOWING WEATHER WAS RECORDED YESTERDAY.
  THUNDERSTORM
  HEAVY RAIN
  RAIN
  LIGHT RAIN
  FOG


RELATIVE HUMIDITY (PERCENT)
 HIGHEST   100
 LOWEST     64
 AVERAGE    82

..........................................................


THE FORT LAUDERDALE CLIMATE NORMALS FOR TODAY
                         NORMAL    RECORD    YEAR
 MAXIMUM TEMPERATURE (F)   90        97      1954
 MINIMUM TEMPERATURE (F)   78        69      1922
                                             1921


SUNRISE AND SUNSET
AUGUST 27 2015........SUNRISE   658 AM EDT   SUNSET   745 PM EDT
AUGUST 28 2015........SUNRISE   659 AM EDT   SUNSET   744 PM EDT


-  INDICATES NEGATIVE NUMBERS.
R  INDICATES RECORD WAS SET OR TIED.
MM INDICATES DATA IS MISSING.
T  INDICATES TRACE AMOUNT.




$$
