000
CDUS42 KMFL 252022
CLIFLL


CLIMATE REPORT
NATIONAL WEATHER SERVICE MIAMI, FL
422 PM EDT TUE JUL 25 2017


...................................

...THE FORT LAUDERDALE CLIMATE SUMMARY FOR JULY 25 2017...
VALID TODAY AS OF 0400 PM LOCAL TIME.

CLIMATE NORMAL PERIOD 1981 TO 2010
CLIMATE RECORD PERIOD 1912 TO 2017


WEATHER ITEM   OBSERVED TIME   RECORD YEAR NORMAL DEPARTURE LAST
                VALUE   (LST)  VALUE       VALUE  FROM      YEAR
                                                  NORMAL
..................................................................
TEMPERATURE (F)
 TODAY
  MAXIMUM         93   1250 PM  98    1975  91      2       90
  MINIMUM         81    629 AM  69    1988  79      2       80
                                      1928
  AVERAGE         87                        85      2       85

PRECIPITATION (IN)
  TODAY            0.00          1.50 1945   0.18  -0.18     0.00
  MONTH TO DATE    3.98                      4.92  -0.94     1.50
  SINCE JUN 1     15.76                     15.08   0.68    10.55
  SINCE JAN 1     27.36                     32.57  -5.21    29.50

SNOWFALL (IN)
  TODAY            0.0
  MONTH TO DATE    0.0
  SINCE JUN 1      0.0
  SINCE JUL 1      0.0
  SNOW DEPTH       0

DEGREE DAYS
 HEATING
  TODAY            0                         0      0        0
  MONTH TO DATE    0                         0      0        0
  SINCE JUN 1      0                         0      0        0
  SINCE JUL 1      0                         0      0        0

 COOLING
  TODAY           22                        20      2       20
  MONTH TO DATE  487                       481      6      510
  SINCE JUN 1   1020                      1024     -4     1071
  SINCE JAN 1   2597                      2442    155     2485
..................................................................


WIND (MPH)
  HIGHEST WIND SPEED    13   HIGHEST WIND DIRECTION    SE (120)
  HIGHEST GUST SPEED    MM   HIGHEST GUST DIRECTION    MM
  AVERAGE WIND SPEED     5.0


SKY COVER
  AVERAGE SKY COVER 0.6


WEATHER CONDITIONS
 THE FOLLOWING WEATHER WAS RECORDED TODAY.
  NO SIGNIFICANT WEATHER WAS OBSERVED.


RELATIVE HUMIDITY (PERCENT)
 HIGHEST    94
 LOWEST     64
 AVERAGE    79

..........................................................


THE FORT LAUDERDALE CLIMATE NORMALS FOR TOMORROW
                         NORMAL    RECORD    YEAR
 MAXIMUM TEMPERATURE (F)   91        96      1969
                                             1922
 MINIMUM TEMPERATURE (F)   79        66      1926


SUNRISE AND SUNSET
JULY 25 2017..........SUNRISE   643 AM EDT   SUNSET   811 PM EDT
JULY 26 2017..........SUNRISE   644 AM EDT   SUNSET   810 PM EDT


-  INDICATES NEGATIVE NUMBERS.
R  INDICATES RECORD WAS SET OR TIED.
MM INDICATES DATA IS MISSING.
T  INDICATES TRACE AMOUNT.




$$
