000
CDUS42 KMFL 270826
CLIFLL


CLIMATE REPORT
NATIONAL WEATHER SERVICE MIAMI, FL
425 AM EDT WED MAY 27 2015


...................................

...THE FORT LAUDERDALE CLIMATE SUMMARY FOR MAY 26 2015...

CLIMATE NORMAL PERIOD 1981 TO 2010
CLIMATE RECORD PERIOD 1839 TO 2015


WEATHER ITEM   OBSERVED TIME   RECORD YEAR NORMAL DEPARTURE LAST
                VALUE   (LST)  VALUE       VALUE  FROM      YEAR
                                                  NORMAL
..................................................................
TEMPERATURE (F)
 YESTERDAY
  MAXIMUM         88    105 PM  94    1924  88      0       87
  MINIMUM         78    116 AM  62    1950  76      2       78
  AVERAGE         83                        82      1       83

PRECIPITATION (IN)
  YESTERDAY        0.01          2.35 1913   0.22  -0.21     0.00
  MONTH TO DATE    1.90                      3.53  -1.63     6.37
  SINCE NOV 1     19.09                     22.07  -2.98    30.88
  SINCE JAN 1     13.98                     16.37  -2.39    18.76

SNOWFALL (IN)
  YESTERDAY        0.0
  MONTH TO DATE    0.0
  SINCE MAR 1      0.0
  SINCE JUL 1      0.0
  SNOW DEPTH       0

DEGREE DAYS
 HEATING
  YESTERDAY        0                         0      0        0
  MONTH TO DATE    0                         0      0        0
  SINCE MAR 1      0                        10    -10        1
  SINCE JUL 1     97                       112    -15       81

 COOLING
  YESTERDAY       18                        17      1       18
  MONTH TO DATE  393                       386      7      403
  SINCE MAR 1   1173                       977    196     1067
  SINCE JAN 1   1454                      1333    121     1455
..................................................................


WIND (MPH)
  HIGHEST WIND SPEED    22   HIGHEST WIND DIRECTION     E (100)
  HIGHEST GUST SPEED    26   HIGHEST GUST DIRECTION     E (110)
  AVERAGE WIND SPEED    16.4


SKY COVER
  AVERAGE SKY COVER 0.6


WEATHER CONDITIONS
 THE FOLLOWING WEATHER WAS RECORDED YESTERDAY.
  LIGHT RAIN
  FOG


RELATIVE HUMIDITY (PERCENT)
 HIGHEST    85
 LOWEST     61
 AVERAGE    73

..........................................................


THE FORT LAUDERDALE CLIMATE NORMALS FOR TODAY
                         NORMAL    RECORD    YEAR
 MAXIMUM TEMPERATURE (F)   88        94      1924
 MINIMUM TEMPERATURE (F)   76        62      1927


SUNRISE AND SUNSET
MAY 27 2015...........SUNRISE   630 AM EDT   SUNSET   806 PM EDT
MAY 28 2015...........SUNRISE   629 AM EDT   SUNSET   806 PM EDT


-  INDICATES NEGATIVE NUMBERS.
R  INDICATES RECORD WAS SET OR TIED.
MM INDICATES DATA IS MISSING.
T  INDICATES TRACE AMOUNT.




$$
