000
CDUS42 KILM 302045
CLIFLO


CLIMATE REPORT
NATIONAL WEATHER SERVICE WILMINGTON NC
445 PM EDT TUE AUG 30 2016


...................................

...THE FLORENCE SC CLIMATE SUMMARY FOR AUGUST 30 2016...
VALID TODAY AS OF 0400 PM LOCAL TIME.

CLIMATE NORMAL PERIOD 1981 TO 2010
CLIMATE RECORD PERIOD 1948 TO 2016


WEATHER ITEM   OBSERVED TIME   RECORD YEAR NORMAL DEPARTURE LAST
                VALUE   (LST)  VALUE       VALUE  FROM      YEAR
                                                  NORMAL
..................................................................
TEMPERATURE (F)
 TODAY
  MAXIMUM         92    227 PM 100    1993  88      4       81
  MINIMUM         73    541 AM  55    1986  69      4       68
                                      1965
  AVERAGE         83                        78      5       75

PRECIPITATION (IN)
  TODAY            T             1.29 1964   0.15  -0.15     0.24
  MONTH TO DATE    1.23                      5.09  -3.86     5.52
  SINCE JUN 1     11.79                     14.97  -3.18    12.42
  SINCE JAN 1     32.88                     30.33   2.55    27.44

DEGREE DAYS
 HEATING
  TODAY            0                         0      0        0
  MONTH TO DATE    0                         0      0        0
  SINCE JUN 1      0                         1     -1        0
  SINCE JUL 1      0                         0      0        0

 COOLING
  TODAY           18                        13      5       10
  MONTH TO DATE  557                       451    106      486
  SINCE JUN 1   1673                      1350    323     1619
  SINCE JAN 1   2020                      1657    363     2004
..................................................................


WIND (MPH)
  HIGHEST WIND SPEED    15   HIGHEST WIND DIRECTION    NE (50)
  HIGHEST GUST SPEED    19   HIGHEST GUST DIRECTION    NE (50)
  AVERAGE WIND SPEED     7.2


SKY COVER
  POSSIBLE SUNSHINE  MM
  AVERAGE SKY COVER 0.1


WEATHER CONDITIONS
 THE FOLLOWING WEATHER WAS RECORDED TODAY.
  LIGHT RAIN


RELATIVE HUMIDITY (PERCENT)
 HIGHEST    87           400 AM
 LOWEST     32          1200 PM
 AVERAGE    60

..........................................................


THE FLORENCE SC CLIMATE NORMALS FOR TOMORROW
                         NORMAL    RECORD    YEAR
 MAXIMUM TEMPERATURE (F)   88       100      1993
 MINIMUM TEMPERATURE (F)   69        56      1976


SUNRISE AND SUNSET
AUGUST 30 2016........SUNRISE   651 AM EDT   SUNSET   747 PM EDT
AUGUST 31 2016........SUNRISE   652 AM EDT   SUNSET   745 PM EDT


-  INDICATES NEGATIVE NUMBERS.
R  INDICATES RECORD WAS SET OR TIED.
MM INDICATES DATA IS MISSING.
T  INDICATES TRACE AMOUNT.




$$
