000
CDUS42 KILM 272045
CLIFLO


CLIMATE REPORT
NATIONAL WEATHER SERVICE WILMINGTON NC
445 PM EDT TUE SEP 27 2016


...................................

...THE FLORENCE SC CLIMATE SUMMARY FOR SEPTEMBER 27 2016...
VALID TODAY AS OF 0400 PM LOCAL TIME.

CLIMATE NORMAL PERIOD 1981 TO 2010
CLIMATE RECORD PERIOD 1948 TO 2016


WEATHER ITEM   OBSERVED TIME   RECORD YEAR NORMAL DEPARTURE LAST
                VALUE   (LST)  VALUE       VALUE  FROM      YEAR
                                                  NORMAL
..................................................................
TEMPERATURE (F)
 TODAY
  MAXIMUM         86    259 PM  96    1986  81      5       82
  MINIMUM         71    650 AM  47    2001  60     11       68
  AVERAGE         79                        71      8       75

PRECIPITATION (IN)
  TODAY            T             1.92 2010   0.12  -0.12     0.43
  MONTH TO DATE    9.36                      3.32   6.04     2.15
  SINCE SEP 1      9.36                      3.32   6.04     2.15
  SINCE JAN 1     42.24                     33.80   8.44    29.99

DEGREE DAYS
 HEATING
  TODAY            0                         1     -1        0
  MONTH TO DATE    0                         4     -4        0
  SINCE SEP 1      0                         4     -4        0
  SINCE JUL 1      0                         4     -4        0

 COOLING
  TODAY           14                         6      8       10
  MONTH TO DATE  370                       269    101      317
  SINCE SEP 1    370                       269    101      317
  SINCE JAN 1   2407                      1939    468     2334
..................................................................


WIND (MPH)
  HIGHEST WIND SPEED    12   HIGHEST WIND DIRECTION     N (20)
  HIGHEST GUST SPEED    14   HIGHEST GUST DIRECTION     N (10)
  AVERAGE WIND SPEED     3.1


SKY COVER
  POSSIBLE SUNSHINE  MM
  AVERAGE SKY COVER 0.3


WEATHER CONDITIONS
 THE FOLLOWING WEATHER WAS RECORDED TODAY.
  LIGHT RAIN


RELATIVE HUMIDITY (PERCENT)
 HIGHEST    93           300 AM
 LOWEST     57           300 PM
 AVERAGE    75

..........................................................


THE FLORENCE SC CLIMATE NORMALS FOR TOMORROW
                         NORMAL    RECORD    YEAR
 MAXIMUM TEMPERATURE (F)   81        96      1986
 MINIMUM TEMPERATURE (F)   60        49      1991


SUNRISE AND SUNSET
SEPTEMBER 27 2016.....SUNRISE   711 AM EDT   SUNSET   708 PM EDT
SEPTEMBER 28 2016.....SUNRISE   712 AM EDT   SUNSET   706 PM EDT


-  INDICATES NEGATIVE NUMBERS.
R  INDICATES RECORD WAS SET OR TIED.
MM INDICATES DATA IS MISSING.
T  INDICATES TRACE AMOUNT.




$$
