000
CDUS42 KILM 240847
CLIFLO


CLIMATE REPORT
NATIONAL WEATHER SERVICE WILMINGTON NC
446 AM EDT SUN SEP 24 2017


...................................

...THE FLORENCE SC CLIMATE SUMMARY FOR SEPTEMBER 23 2017...

CLIMATE NORMAL PERIOD 1981 TO 2010
CLIMATE RECORD PERIOD 1948 TO 2017


WEATHER ITEM   OBSERVED TIME   RECORD YEAR NORMAL DEPARTURE LAST
                VALUE   (LST)  VALUE       VALUE  FROM      YEAR
                                                  NORMAL
..................................................................
TEMPERATURE (F)
 YESTERDAY
  MAXIMUM         89    310 PM 100    1980  82      7       83
  MINIMUM         65    524 AM  44    1999  62      3       71
  AVERAGE         77                        72      5       77

PRECIPITATION (IN)
  YESTERDAY        0.00          1.89 2000   0.11  -0.11     0.29
  MONTH TO DATE    4.12                      2.86   1.26     9.36
  SINCE SEP 1      4.12                      2.86   1.26     9.36
  SINCE JAN 1     35.70                     33.34   2.36    42.24

DEGREE DAYS
 HEATING
  YESTERDAY        0                         0      0        0
  MONTH TO DATE    0                         0      0        0
  SINCE SEP 1      0                         0      0        0
  SINCE JUL 1      0                         0      0        0

 COOLING
  YESTERDAY       12                         8      4       12
  MONTH TO DATE  220                       242    -22      317
  SINCE SEP 1    220                       242    -22      317
  SINCE JAN 1   2002                      1912     90     2354
..................................................................


WIND (MPH)
  HIGHEST WIND SPEED    13   HIGHEST WIND DIRECTION     E (70)
  HIGHEST GUST SPEED    16   HIGHEST GUST DIRECTION    NE (50)
  AVERAGE WIND SPEED     4.5


SKY COVER
  POSSIBLE SUNSHINE  MM
  AVERAGE SKY COVER 0.0


WEATHER CONDITIONS
 THE FOLLOWING WEATHER WAS RECORDED YESTERDAY.
  FOG


RELATIVE HUMIDITY (PERCENT)
 HIGHEST   100          1200 AM
 LOWEST     40           300 PM
 AVERAGE    70

..........................................................


THE FLORENCE SC CLIMATE NORMALS FOR TODAY
                         NORMAL    RECORD    YEAR
 MAXIMUM TEMPERATURE (F)   82        94      2005
                                             1986
 MINIMUM TEMPERATURE (F)   62        45      1999


SUNRISE AND SUNSET
SEPTEMBER 24 2017.....SUNRISE   708 AM EDT   SUNSET   712 PM EDT
SEPTEMBER 25 2017.....SUNRISE   709 AM EDT   SUNSET   711 PM EDT


-  INDICATES NEGATIVE NUMBERS.
R  INDICATES RECORD WAS SET OR TIED.
MM INDICATES DATA IS MISSING.
T  INDICATES TRACE AMOUNT.




$$
