000
CDUS42 KILM 270843
CLIFLO


CLIMATE REPORT
NATIONAL WEATHER SERVICE WILMINGTON NC
443 AM EDT WED AUG 27 2014


...................................

...THE FLORENCE SC CLIMATE SUMMARY FOR AUGUST 26 2014...

CLIMATE NORMAL PERIOD 1981 TO 2010
CLIMATE RECORD PERIOD 1948 TO 2014


WEATHER ITEM   OBSERVED TIME   RECORD YEAR NORMAL DEPARTURE LAST
                VALUE   (LST)  VALUE       VALUE  FROM      YEAR
                                                  NORMAL
..................................................................
TEMPERATURE (F)
 YESTERDAY
  MAXIMUM         88    353 PM 100    1954  88      0       84
  MINIMUM         66    622 AM  55    1952  70     -4       61
  AVERAGE         77                        79     -2       73

PRECIPITATION (IN)
  YESTERDAY        0.00          4.18 1995   0.17  -0.17     0.00
  MONTH TO DATE    3.89                      4.47  -0.58     4.44
  SINCE JUN 1     10.63                     14.35  -3.72    27.63
  SINCE JAN 1     27.99                     29.71  -1.72    46.46

DEGREE DAYS
 HEATING
  YESTERDAY        0                         0      0        0
  MONTH TO DATE    0                         0      0        0
  SINCE JUN 1      0                         1     -1        0
  SINCE JUL 1      0                         0      0        0

 COOLING
  YESTERDAY       12                        14     -2        8
  MONTH TO DATE  385                       396    -11      369
  SINCE JUN 1   1371                      1295     76     1287
  SINCE JAN 1   1753                      1602    151     1554
..................................................................


WIND (MPH)
  HIGHEST WIND SPEED    16   HIGHEST WIND DIRECTION     N (10)
  HIGHEST GUST SPEED    20   HIGHEST GUST DIRECTION     N (10)
  AVERAGE WIND SPEED     8.7


SKY COVER
  POSSIBLE SUNSHINE  MM
  AVERAGE SKY COVER 0.0


WEATHER CONDITIONS
 THE FOLLOWING WEATHER WAS RECORDED YESTERDAY.
  NO SIGNIFICANT WEATHER WAS OBSERVED.


RELATIVE HUMIDITY (PERCENT)
 HIGHEST    87           400 AM
 LOWEST     34           300 PM
 AVERAGE    61

..........................................................


THE FLORENCE SC CLIMATE NORMALS FOR TODAY
                         NORMAL    RECORD    YEAR
 MAXIMUM TEMPERATURE (F)   88       101      1954
 MINIMUM TEMPERATURE (F)   70        58      1966


SUNRISE AND SUNSET
AUGUST 27 2014........SUNRISE   649 AM EDT   SUNSET   751 PM EDT
AUGUST 28 2014........SUNRISE   649 AM EDT   SUNSET   750 PM EDT


-  INDICATES NEGATIVE NUMBERS.
R  INDICATES RECORD WAS SET OR TIED.
MM INDICATES DATA IS MISSING.
T  INDICATES TRACE AMOUNT.




$$
