000
CDUS42 KILM 242141
CLIFLO


CLIMATE REPORT
NATIONAL WEATHER SERVICE WILMINGTON NC
441 PM EST SAT FEB 24 2018


...................................

...THE FLORENCE SOUTH  CAROLINA CLIMATE SUMMARY FOR FEBRUARY 24 2018...
VALID TODAY AS OF 0400 PM LOCAL TIME.

CLIMATE NORMAL PERIOD 1981 TO 2010
CLIMATE RECORD PERIOD 1948 TO 2018


WEATHER ITEM   OBSERVED TIME   RECORD YEAR NORMAL DEPARTURE LAST
                VALUE   (LST)  VALUE       VALUE  FROM      YEAR
                                                  NORMAL
..................................................................
TEMPERATURE (F)
 TODAY
  MAXIMUM         81    359 PM  82    1962  62     19       80
  MINIMUM         60    106 AM  24    1968  39     21       53
  AVERAGE         71                        50     21       67

PRECIPITATION (IN)
  TODAY            0.00          0.99 1977   0.12  -0.12     0.00
  MONTH TO DATE    0.70                      2.50  -1.80     1.60
  SINCE DEC 1      7.53                      8.74  -1.21     9.43
  SINCE JAN 1      2.87                      5.73  -2.86     4.86

SNOWFALL (IN)
  TODAY           MM             0.3  1968   0.0
  MONTH TO DATE   MM                         0.2
  SINCE DEC 1     MM                         1.4
  SINCE JUL 1     MM                         1.4
  SNOW DEPTH      MM

DEGREE DAYS
 HEATING
  TODAY            0                        15    -15        0
  MONTH TO DATE  201                       408   -207      219
  SINCE DEC 1   1462                      1588   -126     1103
  SINCE JUL 1   1867                      2010   -143     1416

 COOLING
  TODAY            6                         0      6        2
  MONTH TO DATE   43                         0     43        9
  SINCE DEC 1     45                         6     39       13
  SINCE JAN 1     45                         2     43        9
..................................................................


WIND (MPH)
  RESULTANT WIND SPEED   8   RESULTANT WIND DIRECTION  SW (220)
  HIGHEST WIND SPEED    20   HIGHEST WIND DIRECTION     S (200)
  HIGHEST GUST SPEED    23   HIGHEST GUST DIRECTION    SW (220)
  AVERAGE WIND SPEED     8.9


SKY COVER
  POSSIBLE SUNSHINE  MM
  AVERAGE SKY COVER 0.6


WEATHER CONDITIONS
 THE FOLLOWING WEATHER WAS RECORDED TODAY.
  FOG
  FOG W/VISIBILITY <= 1/4 MILE


RELATIVE HUMIDITY (PERCENT)
 HIGHEST   100          1200 AM
 LOWEST     45           300 PM
 AVERAGE    73

..........................................................


THE FLORENCE SOUTH  CAROLINA CLIMATE NORMALS FOR TOMORROW
                         NORMAL    RECORD    YEAR
 MAXIMUM TEMPERATURE (F)   62        79      2017
 MINIMUM TEMPERATURE (F)   39        14      1967


SUNRISE AND SUNSET
FEBRUARY 24 2018......SUNRISE   654 AM EST   SUNSET   611 PM EST
FEBRUARY 25 2018......SUNRISE   653 AM EST   SUNSET   612 PM EST


-  INDICATES NEGATIVE NUMBERS.
R  INDICATES RECORD WAS SET OR TIED.
MM INDICATES DATA IS MISSING.
T  INDICATES TRACE AMOUNT.




$$
