000
CDUS42 KILM 270941
CLIFLO


CLIMATE REPORT
NATIONAL WEATHER SERVICE WILMINGTON NC
440 AM EST FRI FEB 27 2015


...................................

...THE FLORENCE SC CLIMATE SUMMARY FOR FEBRUARY 26 2015...

CLIMATE NORMAL PERIOD 1981 TO 2010
CLIMATE RECORD PERIOD 1948 TO 2015


WEATHER ITEM   OBSERVED TIME   RECORD YEAR NORMAL DEPARTURE LAST
                VALUE   (LST)  VALUE       VALUE  FROM      YEAR
                                                  NORMAL
..................................................................
TEMPERATURE (F)
 YESTERDAY
  MAXIMUM         41    502 PM  83    1996  62    -21       48
  MINIMUM         35   1159 PM  13    1967  40     -5       34
  AVERAGE         38                        51    -13       41

PRECIPITATION (IN)
  YESTERDAY        0.52          1.49 2004   0.11   0.41     0.14
  MONTH TO DATE    4.48                      2.71   1.77     3.36
  SINCE DEC 1     10.11                      8.95   1.16    10.05
  SINCE JAN 1      6.91                      5.94   0.97     5.72

SNOWFALL (IN)
  YESTERDAY       MM
  MONTH TO DATE   MM
  SINCE DEC 1     MM
  SINCE JUL 1     MM
  SNOW DEPTH      MM

DEGREE DAYS
 HEATING
  YESTERDAY       27                        14     13       24
  MONTH TO DATE  600                       436    164      437
  SINCE DEC 1   1692                      1616     76     1615
  SINCE JUL 1   2192                      2038    154     2085

 COOLING
  YESTERDAY        0                         0      0        0
  MONTH TO DATE    0                         0      0        6
  SINCE DEC 1      3                         6     -3       24
  SINCE JAN 1      3                         2      1        6
..................................................................


WIND (MPH)
  HIGHEST WIND SPEED    18   HIGHEST WIND DIRECTION     N (350)
  HIGHEST GUST SPEED    24   HIGHEST GUST DIRECTION     N (350)
  AVERAGE WIND SPEED     9.5


SKY COVER
  POSSIBLE SUNSHINE  MM
  AVERAGE SKY COVER 1.0


WEATHER CONDITIONS
 THE FOLLOWING WEATHER WAS RECORDED YESTERDAY.
  HEAVY RAIN
  LIGHT RAIN
  LIGHT SNOW
  FOG


RELATIVE HUMIDITY (PERCENT)
 HIGHEST    92          1200 AM
 LOWEST     73           200 PM
 AVERAGE    83

..........................................................


THE FLORENCE SC CLIMATE NORMALS FOR TODAY
                         NORMAL    RECORD    YEAR
 MAXIMUM TEMPERATURE (F)   63        85      1997
 MINIMUM TEMPERATURE (F)   40        16      1963


SUNRISE AND SUNSET
FEBRUARY 27 2015......SUNRISE   650 AM EST   SUNSET   613 PM EST
FEBRUARY 28 2015......SUNRISE   649 AM EST   SUNSET   614 PM EST


-  INDICATES NEGATIVE NUMBERS.
R  INDICATES RECORD WAS SET OR TIED.
MM INDICATES DATA IS MISSING.
T  INDICATES TRACE AMOUNT.




$$
