000
CDUS42 KILM 270841
CLIFLO


CLIMATE REPORT
NATIONAL WEATHER SERVICE WILMINGTON NC
440 AM EDT THU JUL 27 2017


...................................

...THE FLORENCE SC CLIMATE SUMMARY FOR JULY 26 2017...

CLIMATE NORMAL PERIOD 1981 TO 2010
CLIMATE RECORD PERIOD 1948 TO 2017


WEATHER ITEM   OBSERVED TIME   RECORD YEAR NORMAL DEPARTURE LAST
                VALUE   (LST)  VALUE       VALUE  FROM      YEAR
                                                  NORMAL
..................................................................
TEMPERATURE (F)
 YESTERDAY
  MAXIMUM         90    241 PM 101    2012  91     -1       97
                                      2005
  MINIMUM         75   1159 PM  64    1957  72      3       76
  AVERAGE         83                        81      2       87

PRECIPITATION (IN)
  YESTERDAY        T             2.44 1977   0.18  -0.18     0.00
  MONTH TO DATE    9.03                      4.36   4.67     5.87
  SINCE JUN 1     13.27                      8.98   4.29     9.83
  SINCE JAN 1     27.98                     24.34   3.64    30.92

DEGREE DAYS
 HEATING
  YESTERDAY        0                         0      0        0
  MONTH TO DATE    0                         0      0        0
  SINCE JUN 1      0                         1     -1        0
  SINCE JUL 1      0                         0      0        0

 COOLING
  YESTERDAY       18                        16      2       22
  MONTH TO DATE  447                       416     31      518
  SINCE JUN 1    816                       813      3     1005
  SINCE JAN 1   1247                      1120    127     1352
..................................................................


WIND (MPH)
  HIGHEST WIND SPEED    15   HIGHEST WIND DIRECTION     E (100)
  HIGHEST GUST SPEED    21   HIGHEST GUST DIRECTION    NE (60)
  AVERAGE WIND SPEED     7.5


SKY COVER
  POSSIBLE SUNSHINE  MM
  AVERAGE SKY COVER 0.3


WEATHER CONDITIONS
 THE FOLLOWING WEATHER WAS RECORDED YESTERDAY.
  LIGHT RAIN
  FOG


RELATIVE HUMIDITY (PERCENT)
 HIGHEST   100           500 AM
 LOWEST     59           200 PM
 AVERAGE    80

..........................................................


THE FLORENCE SC CLIMATE NORMALS FOR TODAY
                         NORMAL    RECORD    YEAR
 MAXIMUM TEMPERATURE (F)   91       101      2005
 MINIMUM TEMPERATURE (F)   72        65      1962


SUNRISE AND SUNSET
JULY 27 2017..........SUNRISE   627 AM EDT   SUNSET   824 PM EDT
JULY 28 2017..........SUNRISE   627 AM EDT   SUNSET   823 PM EDT


-  INDICATES NEGATIVE NUMBERS.
R  INDICATES RECORD WAS SET OR TIED.
MM INDICATES DATA IS MISSING.
T  INDICATES TRACE AMOUNT.




$$
