000
CDUS42 KILM 222200
CLIFLO


CLIMATE REPORT
NATIONAL WEATHER SERVICE WILMINGTON NC
500 PM EST WED NOV 22 2017


...................................

...THE FLORENCE SC CLIMATE SUMMARY FOR NOVEMBER 22 2017...
VALID TODAY AS OF 0400 PM LOCAL TIME.

CLIMATE NORMAL PERIOD 1981 TO 2010
CLIMATE RECORD PERIOD 1948 TO 2017


WEATHER ITEM   OBSERVED TIME   RECORD YEAR NORMAL DEPARTURE LAST
                VALUE   (LST)  VALUE       VALUE  FROM      YEAR
                                                  NORMAL
..................................................................
TEMPERATURE (F)
 TODAY
  MAXIMUM         70    218 PM  80    2011  65      5       61
  MINIMUM         50    735 AM  20    2008  42      8       29
                                      2000
  AVERAGE         60                        54      6       45

PRECIPITATION (IN)
  TODAY            0.01          1.95 1948   0.09  -0.08     0.00
  MONTH TO DATE    0.70                      1.94  -1.24     0.79
  SINCE SEP 1      6.39                      8.69  -2.30    23.38
  SINCE JAN 1     37.97                     39.17  -1.20    56.26

SNOWFALL (IN)
  TODAY           MM
  MONTH TO DATE   MM
  SINCE SEP 1     MM
  SINCE JUL 1     MM
  SNOW DEPTH      MM

DEGREE DAYS
 HEATING
  TODAY            5                        12     -7       20
  MONTH TO DATE  201                       200      1      216
  SINCE SEP 1    291                       317    -26      248
  SINCE JUL 1    291                       317    -26      248

 COOLING
  TODAY            0                         0      0        0
  MONTH TO DATE   14                        16     -2        6
  SINCE SEP 1    466                       388     78      533
  SINCE JAN 1   2248                      2058    190     2570
..................................................................


WIND (MPH)
  HIGHEST WIND SPEED    16   HIGHEST WIND DIRECTION     N (10)
  HIGHEST GUST SPEED    18   HIGHEST GUST DIRECTION    NW (330)
  AVERAGE WIND SPEED     8.0


SKY COVER
  POSSIBLE SUNSHINE  MM
  AVERAGE SKY COVER 0.2


WEATHER CONDITIONS
 THE FOLLOWING WEATHER WAS RECORDED TODAY.
  LIGHT RAIN
  FOG
  FOG W/VISIBILITY <= 1/4 MILE


RELATIVE HUMIDITY (PERCENT)
 HIGHEST   100           600 AM
 LOWEST     49           300 PM
 AVERAGE    75

..........................................................


THE FLORENCE SC CLIMATE NORMALS FOR TOMORROW
                         NORMAL    RECORD    YEAR
 MAXIMUM TEMPERATURE (F)   65        80      1979
 MINIMUM TEMPERATURE (F)   42        24      1976


SUNRISE AND SUNSET
NOVEMBER 22 2017......SUNRISE   659 AM EST   SUNSET   511 PM EST
NOVEMBER 23 2017......SUNRISE   659 AM EST   SUNSET   511 PM EST


-  INDICATES NEGATIVE NUMBERS.
R  INDICATES RECORD WAS SET OR TIED.
MM INDICATES DATA IS MISSING.
T  INDICATES TRACE AMOUNT.




$$
