419
CDUS42 KILM 270840
CLIFLO


CLIMATE REPORT
NATIONAL WEATHER SERVICE WILMINGTON NC
440 AM EDT SAT MAY 27 2017


...................................

...THE FLORENCE SC CLIMATE SUMMARY FOR MAY 26 2017...

CLIMATE NORMAL PERIOD 1981 TO 2010
CLIMATE RECORD PERIOD 1948 TO 2017


WEATHER ITEM   OBSERVED TIME   RECORD YEAR NORMAL DEPARTURE LAST
                VALUE   (LST)  VALUE       VALUE  FROM      YEAR
                                                  NORMAL
..................................................................
TEMPERATURE (F)
 YESTERDAY
  MAXIMUM         83    449 PM 102    1953  85     -2       89
  MINIMUM         57    541 AM  46    1979  63     -6       65
  AVERAGE         70                        74     -4       77

PRECIPITATION (IN)
  YESTERDAY        0.00          3.59 1966   0.12  -0.12     0.00
  MONTH TO DATE    3.02                      2.62   0.40     6.27
  SINCE MAR 1      9.17                      8.57   0.60    13.24
  SINCE JAN 1     14.04                     14.72  -0.68    20.70

DEGREE DAYS
 HEATING
  YESTERDAY        0                         0      0        0
  MONTH TO DATE   11                        22    -11       10
  SINCE MAR 1    391                       456    -65      288
  SINCE JUL 1   1836                      2522   -686     1948

 COOLING
  YESTERDAY        5                         9     -4       12
  MONTH TO DATE  175                       162     13      155
  SINCE MAR 1    353                       252    101      286
  SINCE JAN 1    366                       258    108      287
..................................................................


WIND (MPH)
  HIGHEST WIND SPEED    17   HIGHEST WIND DIRECTION     W (260)
  HIGHEST GUST SPEED    23   HIGHEST GUST DIRECTION     W (260)
  AVERAGE WIND SPEED     8.0


SKY COVER
  POSSIBLE SUNSHINE  MM
  AVERAGE SKY COVER 0.0


WEATHER CONDITIONS
 THE FOLLOWING WEATHER WAS RECORDED YESTERDAY.
  NO SIGNIFICANT WEATHER WAS OBSERVED.


RELATIVE HUMIDITY (PERCENT)
 HIGHEST    90          1100 PM
 LOWEST     34           400 PM
 AVERAGE    62

..........................................................


THE FLORENCE SC CLIMATE NORMALS FOR TODAY
                         NORMAL    RECORD    YEAR
 MAXIMUM TEMPERATURE (F)   85        97      1998
 MINIMUM TEMPERATURE (F)   63        46      1961


SUNRISE AND SUNSET
MAY 27 2017...........SUNRISE   610 AM EDT   SUNSET   823 PM EDT
MAY 28 2017...........SUNRISE   610 AM EDT   SUNSET   823 PM EDT


-  INDICATES NEGATIVE NUMBERS.
R  INDICATES RECORD WAS SET OR TIED.
MM INDICATES DATA IS MISSING.
T  INDICATES TRACE AMOUNT.




$$
