424
CDUS42 KTBW 170929
CLIFMY


CLIMATE REPORT
NATIONAL WEATHER SERVICE TAMPA BAY FL
428 AM EST TUE JAN 17 2017


...................................

...THE FORT MYERS CLIMATE SUMMARY FOR JANUARY 16 2017...

CLIMATE NORMAL PERIOD 1981 TO 2010
CLIMATE RECORD PERIOD 1902 TO 2017


WEATHER ITEM   OBSERVED TIME   RECORD YEAR NORMAL DEPARTURE LAST
                VALUE   (LST)  VALUE       VALUE  FROM      YEAR
                                                  NORMAL
..................................................................
TEMPERATURE (F)
 YESTERDAY
  MAXIMUM         81    337 PM  85    1943  75      6       80
  MINIMUM         65   1159 PM  32    1927  53     12       54
  AVERAGE         73                        64      9       67

PRECIPITATION (IN)
  YESTERDAY        0.00          1.22 1991   0.05  -0.05     0.01
  MONTH TO DATE    0.76                      1.00  -0.24     5.65
  SINCE DEC 1      1.00                      2.71  -1.71     9.25
  SINCE JAN 1      0.76                      1.00  -0.24     5.65

DEGREE DAYS
 HEATING
  YESTERDAY        0                         4     -4        0
  MONTH TO DATE   27                        64    -37       32
  SINCE DEC 1     36                       139   -103       35
  SINCE JUL 1     41                       157   -116       35

 COOLING
  YESTERDAY        8                         3      5        2
  MONTH TO DATE   88                        47     41       36
  SINCE DEC 1    364                       168    196      314
  SINCE JAN 1     88                        47     41       36
..................................................................


WIND (MPH)
  RESULTANT WIND SPEED   8   RESULTANT WIND DIRECTION   E (90)
  HIGHEST WIND SPEED    14   HIGHEST WIND DIRECTION     E (80)
  HIGHEST GUST SPEED    18   HIGHEST GUST DIRECTION     E (90)
  AVERAGE WIND SPEED     8.5


SKY COVER
  POSSIBLE SUNSHINE  MM
  AVERAGE SKY COVER 0.5


WEATHER CONDITIONS
 THE FOLLOWING WEATHER WAS RECORDED YESTERDAY.
  NO SIGNIFICANT WEATHER WAS OBSERVED.


RELATIVE HUMIDITY (PERCENT)
 HIGHEST    87           300 AM
 LOWEST     54           400 PM

..........................................................


THE FORT MYERS CLIMATE NORMALS FOR TODAY
                         NORMAL    RECORD    YEAR
 MAXIMUM TEMPERATURE (F)   75        87      1943
 MINIMUM TEMPERATURE (F)   54        36      1951


SUNRISE AND SUNSET
JANUARY 17 2017.......SUNRISE   717 AM EST   SUNSET   559 PM EST
JANUARY 18 2017.......SUNRISE   717 AM EST   SUNSET   559 PM EST


-  INDICATES NEGATIVE NUMBERS.
R  INDICATES RECORD WAS SET OR TIED.
MM INDICATES DATA IS MISSING.
T  INDICATES TRACE AMOUNT.




$$


&&
------------------------------------------------------------------
******************** SUPPLEMENTAL DATA ***************************

...GULF WATER TEMPERATURE AT FORT MYERS BEACH 67 DEGREES
