000
CDUS42 KTBW 230828
CLIFMY


CLIMATE REPORT
NATIONAL WEATHER SERVICE TAMPA BAY FL
426 AM EDT SAT MAY 23 2015


...................................

...THE FORT MYERS CLIMATE SUMMARY FOR MAY 22 2015...

CLIMATE NORMAL PERIOD 1981 TO 2010
CLIMATE RECORD PERIOD 1902 TO 2015


WEATHER ITEM   OBSERVED TIME   RECORD YEAR NORMAL DEPARTURE LAST
                VALUE   (LST)  VALUE       VALUE  FROM      YEAR
                                                  NORMAL
..................................................................
TEMPERATURE (F)
 YESTERDAY
  MAXIMUM         95    106 PM  96    2011  90      5       93
                                      1951
  MINIMUM         72   1159 PM  56    1919  70      2       65
  AVERAGE         84                        80      4       79

PRECIPITATION (IN)
  YESTERDAY        0.23          1.14 1991   0.10   0.13     0.00
  MONTH TO DATE    1.28                      1.48  -0.20     1.47
  SINCE MAR 1      4.77                      6.54  -1.77     5.59
  SINCE JAN 1      7.96                     10.63  -2.67     9.03

DEGREE DAYS
 HEATING
  YESTERDAY        0                         0      0        0
  MONTH TO DATE    0                         0      0        0
  SINCE MAR 1      0                        27    -27        9
  SINCE JUL 1    231                       287    -56      178

 COOLING
  YESTERDAY       19                        15      4       14
  MONTH TO DATE  325                       292     33      309
  SINCE MAR 1   1052                       737    315      775
  SINCE JAN 1   1200                       922    278     1036
..................................................................


WIND (MPH)
  RESULTANT WIND SPEED   2   RESULTANT WIND DIRECTION  NW (330)
  HIGHEST WIND SPEED    22   HIGHEST WIND DIRECTION    NE (50)
  HIGHEST GUST SPEED    28   HIGHEST GUST DIRECTION     E (70)
  AVERAGE WIND SPEED     5.8


SKY COVER
  POSSIBLE SUNSHINE  MM
  AVERAGE SKY COVER 0.2


WEATHER CONDITIONS
 THE FOLLOWING WEATHER WAS RECORDED YESTERDAY.
  THUNDERSTORM
  HEAVY RAIN
  RAIN
  LIGHT RAIN
  FOG


RELATIVE HUMIDITY (PERCENT)
 HIGHEST    94           600 AM
 LOWEST     44          1200 PM

..........................................................


THE FORT MYERS CLIMATE NORMALS FOR TODAY
                         NORMAL    RECORD    YEAR
 MAXIMUM TEMPERATURE (F)   90        96      1953
 MINIMUM TEMPERATURE (F)   70        59      1919


SUNRISE AND SUNSET
MAY 23 2015...........SUNRISE   637 AM EDT   SUNSET   812 PM EDT
MAY 24 2015...........SUNRISE   637 AM EDT   SUNSET   812 PM EDT


-  INDICATES NEGATIVE NUMBERS.
R  INDICATES RECORD WAS SET OR TIED.
MM INDICATES DATA IS MISSING.
T  INDICATES TRACE AMOUNT.




$$


&&
------------------------------------------------------------------
******************** SUPPLEMENTAL DATA ***************************

...GULF WATER TEMPERATURE AT FORT MYERS BEACH 86
