000
CDUS42 KTBW 210832
CLIFMY


CLIMATE REPORT
NATIONAL WEATHER SERVICE TAMPA BAY FL
426 AM EDT SUN SEP 21 2014


...................................

...THE FORT MYERS CLIMATE SUMMARY FOR SEPTEMBER 20 2014...

CLIMATE NORMAL PERIOD 1981 TO 2010
CLIMATE RECORD PERIOD 1902 TO 2014


WEATHER ITEM   OBSERVED TIME   RECORD YEAR NORMAL DEPARTURE LAST
                VALUE   (LST)  VALUE       VALUE  FROM      YEAR
                                                  NORMAL
..................................................................
TEMPERATURE (F)
 YESTERDAY
  MAXIMUM         78    121 PM  95    1990  90    -12       88
                                      1988
                                      1980
  MINIMUM         73    325 AM  65    1910  74     -1       73
  AVERAGE         76                        82     -6       81

PRECIPITATION (IN)
  YESTERDAY        0.06          2.52 1939   0.26  -0.20     0.00
  MONTH TO DATE    4.13                      6.09  -1.96     4.60
  SINCE SEP 1      4.13                      6.09  -1.96     4.60
  SINCE JAN 1     33.37                     47.16 -13.79    44.20

DEGREE DAYS
 HEATING
  YESTERDAY        0                         0      0        0
  MONTH TO DATE    0                         0      0        0
  SINCE SEP 1      0                         0      0        0
  SINCE JUL 1      0                         0      0        0

 COOLING
  YESTERDAY       11                        17     -6       16
  MONTH TO DATE  340                       356    -16      337
  SINCE SEP 1    340                       356    -16      337
  SINCE JAN 1   3251                      3080    171     3055
..................................................................


WIND (MPH)
  RESULTANT WIND SPEED   2   RESULTANT WIND DIRECTION  SW (230)
  HIGHEST WIND SPEED    14   HIGHEST WIND DIRECTION    NW (320)
  HIGHEST GUST SPEED    18   HIGHEST GUST DIRECTION    NW (320)
  AVERAGE WIND SPEED     4.5


SKY COVER
  POSSIBLE SUNSHINE  MM
  AVERAGE SKY COVER 0.3


WEATHER CONDITIONS
 THE FOLLOWING WEATHER WAS RECORDED YESTERDAY.
  LIGHT RAIN
  FOG


RELATIVE HUMIDITY (PERCENT)
 HIGHEST   100          1200 AM
 LOWEST     82           500 PM

..........................................................


THE FORT MYERS CLIMATE NORMALS FOR TODAY
                         NORMAL    RECORD    YEAR
 MAXIMUM TEMPERATURE (F)   90        96      1987
 MINIMUM TEMPERATURE (F)   74        67      1910


SUNRISE AND SUNSET
SEPTEMBER 21 2014.....SUNRISE   716 AM EDT   SUNSET   725 PM EDT
SEPTEMBER 22 2014.....SUNRISE   716 AM EDT   SUNSET   724 PM EDT


-  INDICATES NEGATIVE NUMBERS.
R  INDICATES RECORD WAS SET OR TIED.
MM INDICATES DATA IS MISSING.
T  INDICATES TRACE AMOUNT.




$$


&&
------------------------------------------------------------------
******************** SUPPLEMENTAL DATA ***************************

...GULF WATER TEMPERATURE AT FORT MYERS 83
