000
CDUS42 KTBW 170829
CLIFMY


CLIMATE REPORT
NATIONAL WEATHER SERVICE TAMPA BAY FL
427 AM EDT TUE OCT 17 2017


...................................

...THE FORT MYERS CLIMATE SUMMARY FOR OCTOBER 16 2017...

CLIMATE NORMAL PERIOD 1981 TO 2010
CLIMATE RECORD PERIOD 1902 TO 2017


WEATHER ITEM   OBSERVED TIME   RECORD YEAR NORMAL DEPARTURE LAST
                VALUE   (LST)  VALUE       VALUE  FROM      YEAR
                                                  NORMAL
..................................................................
TEMPERATURE (F)
 YESTERDAY
  MAXIMUM         87    446 PM  94    1925  87      0       90
  MINIMUM         72    646 AM  57    2010  69      3       74
                                      2004
                                      1955
  AVERAGE         80                        78      2       82

PRECIPITATION (IN)
  YESTERDAY        0.00          1.40 1914   0.08  -0.08      T
  MONTH TO DATE    1.38                      1.77  -0.39     2.73
  SINCE SEP 1     10.14                     10.08   0.06    10.14
  SINCE JAN 1     56.89                     51.15   5.74    63.62

DEGREE DAYS
 HEATING
  YESTERDAY        0                         0      0        0
  MONTH TO DATE    0                         0      0        0
  SINCE SEP 1      0                         0      0        0
  SINCE JUL 1      0                         0      0        0

 COOLING
  YESTERDAY       15                        13      2       17
  MONTH TO DATE  261                       232     29      259
  SINCE SEP 1    810                       754     56      807
  SINCE JAN 1   3772                      3478    294     3652
..................................................................


WIND (MPH)
  RESULTANT WIND SPEED   1   RESULTANT WIND DIRECTION  NE (30)
  HIGHEST WIND SPEED    10   HIGHEST WIND DIRECTION    NW (330)
  HIGHEST GUST SPEED    13   HIGHEST GUST DIRECTION     W (290)
  AVERAGE WIND SPEED     4.1


SKY COVER
  POSSIBLE SUNSHINE  MM
  AVERAGE SKY COVER 0.2


WEATHER CONDITIONS
 THE FOLLOWING WEATHER WAS RECORDED YESTERDAY.
  THUNDERSTORM


RELATIVE HUMIDITY (PERCENT)
 HIGHEST   100           200 AM
 LOWEST     59           300 PM

..........................................................


THE FORT MYERS CLIMATE NORMALS FOR TODAY
                         NORMAL    RECORD    YEAR
 MAXIMUM TEMPERATURE (F)   87        92      1990
                                             1989
 MINIMUM TEMPERATURE (F)   69        51      1977


SUNRISE AND SUNSET
OCTOBER 17 2017.......SUNRISE   728 AM EDT   SUNSET   657 PM EDT
OCTOBER 18 2017.......SUNRISE   729 AM EDT   SUNSET   656 PM EDT


-  INDICATES NEGATIVE NUMBERS.
R  INDICATES RECORD WAS SET OR TIED.
MM INDICATES DATA IS MISSING.
T  INDICATES TRACE AMOUNT.




$$


&&
------------------------------------------------------------------
******************** SUPPLEMENTAL DATA ***************************

...GULF WATER TEMPERATURE AT FORT MYERS BEACH 84 DEGREES
