000
CDUS42 KTBW 062137
CLIFMY


CLIMATE REPORT
NATIONAL WEATHER SERVICE TAMPA BAY FL
529 PM EDT MON JUL 6 2015


...................................

...THE FORT MYERS CLIMATE SUMMARY FOR JULY 6 2015...
VALID TODAY AS OF 0500 PM LOCAL TIME.

CLIMATE NORMAL PERIOD 1981 TO 2010
CLIMATE RECORD PERIOD 1902 TO 2015


WEATHER ITEM   OBSERVED TIME   RECORD YEAR NORMAL DEPARTURE LAST
                VALUE   (LST)  VALUE       VALUE  FROM      YEAR
                                                  NORMAL
..................................................................
TEMPERATURE (F)
 TODAY
  MAXIMUM         91    236 PM  97    1995  92     -1       92
                                      1979
                                      1942
  MINIMUM         72    254 AM  69    1956  74     -2       73
                                      1947
  AVERAGE         82                        83     -1       83

PRECIPITATION (IN)
  TODAY            0.02          2.15 1991   0.30  -0.28     0.18
  MONTH TO DATE    4.40                      1.85   2.55     1.18
  SINCE JUN 1     13.00                     11.94   1.06     3.66
  SINCE JAN 1     21.85                     23.74  -1.89    15.00

DEGREE DAYS
 HEATING
  TODAY            0                         0      0        0
  MONTH TO DATE    0                         0      0        0
  SINCE JUN 1      0                         0      0        0
  SINCE JUL 1      0                         0      0        0

 COOLING
  TODAY           17                        18     -1       18
  MONTH TO DATE  109                       108      1      117
  SINCE JUN 1    647                       633     14      647
  SINCE JAN 1   2001                      1699    302     1838
..................................................................


WIND (MPH)
  RESULTANT WIND SPEED   2   RESULTANT WIND DIRECTION   E (70)
  HIGHEST WIND SPEED    13   HIGHEST WIND DIRECTION    SW (210)
  HIGHEST GUST SPEED    16   HIGHEST GUST DIRECTION    SW (210)
  AVERAGE WIND SPEED     3.7


SKY COVER
  POSSIBLE SUNSHINE  MM
  AVERAGE SKY COVER 0.1


WEATHER CONDITIONS
 THE FOLLOWING WEATHER WAS RECORDED TODAY.
  THUNDERSTORM
  LIGHT RAIN


RELATIVE HUMIDITY (PERCENT)
 HIGHEST   100           300 AM
 LOWEST     52           300 PM

..........................................................


THE FORT MYERS CLIMATE NORMALS FOR TOMORROW
                         NORMAL    RECORD    YEAR
 MAXIMUM TEMPERATURE (F)   92       101      1942
 MINIMUM TEMPERATURE (F)   74        69      1950


SUNRISE AND SUNSET
JULY  6 2015..........SUNRISE   640 AM EDT   SUNSET   825 PM EDT
JULY  7 2015..........SUNRISE   640 AM EDT   SUNSET   824 PM EDT


-  INDICATES NEGATIVE NUMBERS.
R  INDICATES RECORD WAS SET OR TIED.
MM INDICATES DATA IS MISSING.
T  INDICATES TRACE AMOUNT.




$$


&&
------------------------------------------------------------------
******************** SUPPLEMENTAL DATA ***************************

...GULF WATER TEMPERATURE AT FORT MYERS BEACH 88
