000
CDUS43 KDTX 280540
CLIFNT


CLIMATE REPORT
NATIONAL WEATHER SERVICE DETROIT/PONTIAC MI
140 AM EDT SAT MAR 28 2015


...................................

...THE FLINT MI CLIMATE SUMMARY FOR MARCH 27 2015...

CLIMATE NORMAL PERIOD 1981 TO 2010
CLIMATE RECORD PERIOD 1921 TO 2015


WEATHER ITEM   OBSERVED TIME   RECORD YEAR NORMAL DEPARTURE LAST
                VALUE   (LST)  VALUE       VALUE  FROM      YEAR
                                                  NORMAL
..................................................................
TEMPERATURE (F)
 YESTERDAY
  MAXIMUM         30   1203 AM  78    1989  48    -18       44
                                      1945
  MINIMUM         15   1159 PM  -2    1965  29    -14       29
  AVERAGE         23                        39    -16       37

PRECIPITATION (IN)
  YESTERDAY        0.01          1.36 1991   0.07  -0.06     0.13
  MONTH TO DATE    0.43                      1.61  -1.18     1.17
  SINCE MAR 1      0.43                      1.61  -1.18     1.17
  SINCE JAN 1      2.60                      4.72  -2.12     5.18

SNOWFALL (IN)
  YESTERDAY        0.3           2.1  1983   0.2    0.1       T
  MONTH TO DATE    3.7                       6.0   -2.3      9.4
  SINCE MAR 1      3.7                       6.0   -2.3      9.4
  SINCE JUL 1     44.2                      44.6   -0.4     82.6
  SNOW DEPTH       0

DEGREE DAYS
 HEATING
  YESTERDAY       42                        26     16       28
  MONTH TO DATE  878                       854     24     1101
  SINCE MAR 1    878                       854     24     1101
  SINCE JUL 1   6186                      5942    244     6622

 COOLING
  YESTERDAY        0                         0      0        0
  MONTH TO DATE    0                         0      0        0
  SINCE MAR 1      0                         0      0        0
  SINCE JAN 1      0                         0      0        0
..................................................................


WIND (MPH)
  HIGHEST WIND SPEED    20   HIGHEST WIND DIRECTION    NW (320)
  HIGHEST GUST SPEED    24   HIGHEST GUST DIRECTION    NW (330)
  AVERAGE WIND SPEED    12.3


SKY COVER
  POSSIBLE SUNSHINE  MM
  AVERAGE SKY COVER 0.7


WEATHER CONDITIONS
 THE FOLLOWING WEATHER WAS RECORDED YESTERDAY.
  LIGHT SNOW


RELATIVE HUMIDITY (PERCENT)
 HIGHEST    77          1100 AM
 LOWEST     37           600 PM
 AVERAGE    57

..........................................................


THE FLINT MI CLIMATE NORMALS FOR TODAY
                         NORMAL    RECORD    YEAR
 MAXIMUM TEMPERATURE (F)   49        79      1945
 MINIMUM TEMPERATURE (F)   29         3      1934


SUNRISE AND SUNSET
MARCH 28 2015.........SUNRISE   725 AM EDT   SUNSET   756 PM EDT
MARCH 29 2015.........SUNRISE   723 AM EDT   SUNSET   757 PM EDT


-  INDICATES NEGATIVE NUMBERS.
R  INDICATES RECORD WAS SET OR TIED.
MM INDICATES DATA IS MISSING.
T  INDICATES TRACE AMOUNT.




$$
