000
CDUS43 KDTX 180536
CLIFNT


CLIMATE REPORT
NATIONAL WEATHER SERVICE DETROIT/PONTIAC MI
1236 AM EST THU JAN 18 2018


...................................

...THE FLINT MI CLIMATE SUMMARY FOR JANUARY 17 2018...

CLIMATE NORMAL PERIOD 1981 TO 2010
CLIMATE RECORD PERIOD 1921 TO 2018


WEATHER ITEM   OBSERVED TIME   RECORD YEAR NORMAL DEPARTURE LAST
                VALUE   (LST)  VALUE       VALUE  FROM      YEAR
                                                  NORMAL
..................................................................
TEMPERATURE (F)
 YESTERDAY
  MAXIMUM         26    434 PM  60    1952  29     -3       37
  MINIMUM         -7    320 AM -15    1982  15    -22       33
  AVERAGE         10                        22    -12       35

PRECIPITATION (IN)
  YESTERDAY        T             0.61 1988   0.06  -0.06     0.45
  MONTH TO DATE    0.77                      0.96  -0.19     2.56
  SINCE DEC 1      2.15                      2.88  -0.73     4.15
  SINCE JAN 1      0.77                      0.96  -0.19     2.56

SNOWFALL (IN)
  YESTERDAY        T             4.3  1970   0.4   -0.4      0.0
  MONTH TO DATE   10.1                       7.2    2.9      5.7
  SINCE DEC 1     33.4                      19.0   14.4     25.9
  SINCE JUL 1     33.8                      21.9   11.9     25.9
  SNOW DEPTH       7

DEGREE DAYS
 HEATING
  YESTERDAY       55                        43     12       30
  MONTH TO DATE  841                       720    121      674
  SINCE DEC 1   2149                      1884    265     1822
  SINCE JUL 1   3447                      3365     82     2863

 COOLING
  YESTERDAY        0                         0      0        0
  MONTH TO DATE    0                         0      0        0
  SINCE DEC 1      0                         0      0        0
  SINCE JAN 1      0                         0      0        0
..................................................................


WIND (MPH)
  HIGHEST WIND SPEED    22   HIGHEST WIND DIRECTION    SW (240)
  HIGHEST GUST SPEED    31   HIGHEST GUST DIRECTION    SW (240)
  AVERAGE WIND SPEED    11.5


SKY COVER
  POSSIBLE SUNSHINE  MM
  AVERAGE SKY COVER 0.2


WEATHER CONDITIONS
 THE FOLLOWING WEATHER WAS RECORDED YESTERDAY.
  FOG


RELATIVE HUMIDITY (PERCENT)
 HIGHEST    91           100 AM
 LOWEST     55           400 PM
 AVERAGE    73

..........................................................


THE FLINT MI CLIMATE NORMALS FOR TODAY
                         NORMAL    RECORD    YEAR
 MAXIMUM TEMPERATURE (F)   29        60      1996
 MINIMUM TEMPERATURE (F)   15       -25      1976


SUNRISE AND SUNSET
JANUARY 18 2018.......SUNRISE   802 AM EST   SUNSET   530 PM EST
JANUARY 19 2018.......SUNRISE   801 AM EST   SUNSET   531 PM EST


-  INDICATES NEGATIVE NUMBERS.
R  INDICATES RECORD WAS SET OR TIED.
MM INDICATES DATA IS MISSING.
T  INDICATES TRACE AMOUNT.




$$
