000
CDUS43 KFSD 292224
CLIFSD


CLIMATE REPORT
NATIONAL WEATHER SERVICE SIOUX FALLS SD
524 PM CDT WED MAR 29 2017


...................................

...THE SIOUX FALLS SD CLIMATE SUMMARY FOR MARCH 29 2017...
VALID TODAY AS OF 0500 PM LOCAL TIME.

CLIMATE NORMAL PERIOD 1981 TO 2010
CLIMATE RECORD PERIOD 1893 TO 2017


WEATHER ITEM   OBSERVED TIME   RECORD YEAR NORMAL DEPARTURE LAST
                VALUE   (LST)  VALUE       VALUE  FROM      YEAR
                                                  NORMAL
..................................................................
TEMPERATURE (F)
 TODAY
  MAXIMUM         51    159 PM  82    1943  50      1       55
  MINIMUM         40    432 AM  -3    1969  28     12       37
  AVERAGE         46                        39      7       46

PRECIPITATION (IN)
  TODAY            0.01          0.58 1934   0.08  -0.07     0.12
  MONTH TO DATE    0.51                      1.58  -1.07     1.34
  SINCE MAR 1      0.51                      1.58  -1.07     1.34
  SINCE JAN 1      1.62                      2.74  -1.12     3.02

SNOWFALL (IN)
  TODAY            0.0           4.5  1934   0.2   -0.2      0.0
  MONTH TO DATE    8.0                       7.9    0.1     12.2
  SINCE MAR 1      8.0                       7.9    0.1     12.2
  SINCE JUL 1     39.4                      39.4    0.0     68.5
  SNOW DEPTH       0

DEGREE DAYS
 HEATING
  TODAY           19                        26     -7       19
  MONTH TO DATE  870                       943    -73      727
  SINCE MAR 1    870                       943    -73      727
  SINCE JUL 1   5676                      6793  -1117     5763

 COOLING
  TODAY            0                         0      0        0
  MONTH TO DATE    0                         0      0        0
  SINCE MAR 1      0                         0      0        0
  SINCE JAN 1      0                         0      0        0
..................................................................


WIND (MPH)
  HIGHEST WIND SPEED    30   HIGHEST WIND DIRECTION     E (90)
  HIGHEST GUST SPEED    36   HIGHEST GUST DIRECTION     E (90)
  AVERAGE WIND SPEED     8.6


SKY COVER
  POSSIBLE SUNSHINE  MM
  AVERAGE SKY COVER 0.8


WEATHER CONDITIONS
 THE FOLLOWING WEATHER WAS RECORDED TODAY.
  LIGHT RAIN


RELATIVE HUMIDITY (PERCENT)
 HIGHEST    92           300 AM
 LOWEST     56           200 PM
 AVERAGE    74

..........................................................


THE SIOUX FALLS SD CLIMATE NORMALS FOR TOMORROW
                         NORMAL    RECORD    YEAR
 MAXIMUM TEMPERATURE (F)   50        88      1943
 MINIMUM TEMPERATURE (F)   28        -5      1969


SUNRISE AND SUNSET
MARCH 29 2017.........SUNRISE   713 AM CDT   SUNSET   750 PM CDT
MARCH 30 2017.........SUNRISE   712 AM CDT   SUNSET   752 PM CDT


-  INDICATES NEGATIVE NUMBERS.
R  INDICATES RECORD WAS SET OR TIED.
MM INDICATES DATA IS MISSING.
T  INDICATES TRACE AMOUNT.




$$
