000
CDUS42 KFFC 010817
CLIFTY


CLIMATE REPORT
NATIONAL WEATHER SERVICE PEACHTREE CITY GA
417 AM EDT WED JUL 1 2015


...................................

...THE FULTON COUNTY AIRPORT CLIMATE SUMMARY FOR JUNE 30 2015...

CLIMATE NORMAL PERIOD 1981 TO 2010
CLIMATE RECORD PERIOD 9999 TO 9999


WEATHER ITEM   OBSERVED TIME   RECORD YEAR NORMAL DEPARTURE LAST
                VALUE   (LST)  VALUE       VALUE  FROM      YEAR
                                                  NORMAL
..................................................................
TEMPERATURE (F)
 YESTERDAY
  MAXIMUM         87    345 PM  MM      MM  89     -2       85
  MINIMUM         70    614 AM  MM      MM  69      1       70
  AVERAGE         79                        79      0       78

PRECIPITATION (IN)
  YESTERDAY        0.03         MM      MM   0.20  -0.17     0.11
  MONTH TO DATE    1.00                      4.13  -3.13     2.72
  SINCE JUN 1      1.00                      4.13  -3.13     2.72
  SINCE JAN 1     20.38                     25.62  -5.24    21.52

DEGREE DAYS
 COOLING
  YESTERDAY       14                        14      0       13
  MONTH TO DATE  426                       350     76      378
  SINCE JUN 1    426                       350     76      378
  SINCE JAN 1    701                       550    151      594
..................................................................


WIND (MPH)
  RESULTANT WIND SPEED   6   RESULTANT WIND DIRECTION  SW (230)
  HIGHEST WIND SPEED    16   HIGHEST WIND DIRECTION     W (290)
  HIGHEST GUST SPEED    23   HIGHEST GUST DIRECTION     W (290)
  AVERAGE WIND SPEED     7.2


SKY COVER
  AVERAGE SKY COVER 0.2


WEATHER CONDITIONS
 THE FOLLOWING WEATHER WAS RECORDED YESTERDAY.
  THUNDERSTORM
  LIGHT RAIN


RELATIVE HUMIDITY (PERCENT)
 HIGHEST    90           600 AM
 LOWEST     42           400 PM
 AVERAGE    66

..........................................................


THE FULTON COUNTY AIRPORT CLIMATE NORMALS FOR TODAY
                         NORMAL    RECORD    YEAR
 MAXIMUM TEMPERATURE (F)   89        MM        MM
 MINIMUM TEMPERATURE (F)   69        MM        MM


SUNRISE AND SUNSET
JULY  1 2015..........SUNRISE   631 AM EDT   SUNSET   853 PM EDT
JULY  2 2015..........SUNRISE   631 AM EDT   SUNSET   853 PM EDT


-  INDICATES NEGATIVE NUMBERS.
R  INDICATES RECORD WAS SET OR TIED.
MM INDICATES DATA IS MISSING.
T  INDICATES TRACE AMOUNT.




$$
