000
CDUS42 KFFC 250817
CLIFTY


CLIMATE REPORT
NATIONAL WEATHER SERVICE PEACHTREE CITY GA
417 AM EDT THU MAY 25 2017


...................................

...THE FULTON COUNTY AIRPORT CLIMATE SUMMARY FOR MAY 24 2017...

CLIMATE NORMAL PERIOD 1981 TO 2010
CLIMATE RECORD PERIOD 9999 TO 9999


WEATHER ITEM   OBSERVED TIME   RECORD YEAR NORMAL DEPARTURE LAST
                VALUE   (LST)  VALUE       VALUE  FROM      YEAR
                                                  NORMAL
..................................................................
TEMPERATURE (F)
 YESTERDAY
  MAXIMUM         79    159 PM  MM      MM  83     -4       85
  MINIMUM         61   1159 PM  MM      MM  61      0       54
  AVERAGE         70                        72     -2       70

PRECIPITATION (IN)
  YESTERDAY        0.02         MM      MM   0.12  -0.10     0.00
  MONTH TO DATE    3.49                      2.94   0.55     1.54
  SINCE MAR 1     11.70                     11.49   0.21     6.69
  SINCE JAN 1     19.75                     20.66  -0.91    16.80

DEGREE DAYS
 COOLING
  YESTERDAY        5                         7     -2        5
  MONTH TO DATE  139                       106     33       91
  SINCE MAR 1    278                       145    133      159
  SINCE JAN 1    278                       145    133      159
..................................................................


WIND (MPH)
  RESULTANT WIND SPEED   6   RESULTANT WIND DIRECTION  SW (240)
  HIGHEST WIND SPEED    23   HIGHEST WIND DIRECTION    SW (240)
  HIGHEST GUST SPEED    39   HIGHEST GUST DIRECTION    SW (230)
  AVERAGE WIND SPEED     7.9


SKY COVER
  AVERAGE SKY COVER 0.7


WEATHER CONDITIONS
 THE FOLLOWING WEATHER WAS RECORDED YESTERDAY.
  LIGHT RAIN


RELATIVE HUMIDITY (PERCENT)
 HIGHEST   100           200 AM
 LOWEST     46           500 PM
 AVERAGE    73

..........................................................


THE FULTON COUNTY AIRPORT CLIMATE NORMALS FOR TODAY
                         NORMAL    RECORD    YEAR
 MAXIMUM TEMPERATURE (F)   83        MM        MM
 MINIMUM TEMPERATURE (F)   61        MM        MM


SUNRISE AND SUNSET
MAY 25 2017...........SUNRISE   631 AM EDT   SUNSET   839 PM EDT
MAY 26 2017...........SUNRISE   631 AM EDT   SUNSET   840 PM EDT


-  INDICATES NEGATIVE NUMBERS.
R  INDICATES RECORD WAS SET OR TIED.
MM INDICATES DATA IS MISSING.
T  INDICATES TRACE AMOUNT.




$$
