000
CDUS46 KSGX 110035
CLIFUL


CLIMATE REPORT
NATIONAL WEATHER SERVICE SAN DIEGO, CA
435 PM PST SUN DEC 10 2017


...................................

...THE FULLERTON AIRPORT CA CLIMATE SUMMARY FOR DECEMBER 10 2017...
VALID TODAY AS OF 0400 PM LOCAL TIME.

CLIMATE NORMAL PERIOD 1981 TO 2010
CLIMATE RECORD PERIOD 1998 TO 2017


WEATHER ITEM   OBSERVED TIME   RECORD YEAR NORMAL DEPARTURE LAST
                VALUE   (LST)  VALUE       VALUE  FROM      YEAR
                                                  NORMAL
..................................................................
TEMPERATURE (F)
 TODAY
  MAXIMUM         87R   144 PM  86    2004  67     20       66
  MINIMUM         49    630 AM  38    1998  45      4       55
  AVERAGE         68                        56     12       61

PRECIPITATION (IN)
  TODAY            0.00          0.10 2006   0.04  -0.04      T
  MONTH TO DATE    0.00                      0.43  -0.43      T
  SINCE OCT 1      0.05                      2.28  -2.23     1.40
  SINCE JAN 1     11.23                     12.26  -1.03     5.61

DEGREE DAYS
 HEATING
  TODAY            0                         9     -9        4
  MONTH TO DATE   13                        84    -71       69
  SINCE DEC 1     13                        84    -71       69
  SINCE JUL 1     35                       248   -213      133

 COOLING
  TODAY            3                         0      3        0
  MONTH TO DATE    8                         0      8        0
  SINCE DEC 1      8                         0      8        0
  SINCE JAN 1   1870                      1251    619     1891
..................................................................


WIND (MPH)
  RESULTANT WIND SPEED   1   RESULTANT WIND DIRECTION   E (90)
  HIGHEST WIND SPEED    16   HIGHEST WIND DIRECTION     E (90)
  HIGHEST GUST SPEED    19   HIGHEST GUST DIRECTION     E (90)
  AVERAGE WIND SPEED     2.3


SKY COVER
  POSSIBLE SUNSHINE  MM
  AVERAGE SKY COVER 0.2


WEATHER CONDITIONS
 THE FOLLOWING WEATHER WAS RECORDED TODAY.
  NO SIGNIFICANT WEATHER WAS OBSERVED.


RELATIVE HUMIDITY (PERCENT)
 HIGHEST    46           600 AM
 LOWEST      5           100 PM
 AVERAGE    26

..........................................................


THE FULLERTON AIRPORT CA CLIMATE NORMALS FOR TOMORROW
                         NORMAL    RECORD    YEAR
 MAXIMUM TEMPERATURE (F)   67        81      2010
 MINIMUM TEMPERATURE (F)   45        37      2013
                                             1998


SUNRISE AND SUNSET
DECEMBER 10 2017......SUNRISE   646 AM PST   SUNSET   443 PM PST
DECEMBER 11 2017......SUNRISE   647 AM PST   SUNSET   444 PM PST


-  INDICATES NEGATIVE NUMBERS.
R  INDICATES RECORD WAS SET OR TIED.
MM INDICATES DATA IS MISSING.
T  INDICATES TRACE AMOUNT.




$$
