000
CDUS46 KSGX 200120
CLIFUL


CLIMATE REPORT
NATIONAL WEATHER SERVICE SAN DIEGO, CA
520 PM PST SUN FEB 19 2017


...................................

...THE FULLERTON AIRPORT CA CLIMATE SUMMARY FOR FEBRUARY 19 2017...
VALID TODAY AS OF 0500 PM LOCAL TIME.

CLIMATE NORMAL PERIOD 1981 TO 2010
CLIMATE RECORD PERIOD 1998 TO 2017


WEATHER ITEM   OBSERVED TIME   RECORD YEAR NORMAL DEPARTURE LAST
                VALUE   (LST)  VALUE       VALUE  FROM      YEAR
                                                  NORMAL
..................................................................
TEMPERATURE (F)
 TODAY
  MAXIMUM         62    335 PM  77    2000  68     -6       70
  MINIMUM         51    318 AM  42    2006  48      3       49
  AVERAGE         57                        58     -1       60

PRECIPITATION (IN)
  TODAY            0.01          1.94 2005   0.15  -0.14     0.00
  MONTH TO DATE    2.89                      2.20   0.69     0.47
  SINCE OCT 1     15.93                      9.13   6.80     4.18
  SINCE JAN 1     10.02                      5.23   4.79     3.13

DEGREE DAYS
 HEATING
  TODAY            8                         7      1        5
  MONTH TO DATE   90                       145    -55       60
  SINCE DEC 1    552                       698   -146      566
  SINCE JUL 1    616                       862   -246      671

 COOLING
  TODAY            0                         0      0        0
  MONTH TO DATE    3                         0      3       53
  SINCE DEC 1      3                         5     -2       54
  SINCE JAN 1      3                         4     -1       53
..................................................................


WIND (MPH)
  RESULTANT WIND SPEED   3   RESULTANT WIND DIRECTION  SE (130)
  HIGHEST WIND SPEED    12   HIGHEST WIND DIRECTION     S (170)
  HIGHEST GUST SPEED    16   HIGHEST GUST DIRECTION    SE (130)
  AVERAGE WIND SPEED     3.2


SKY COVER
  POSSIBLE SUNSHINE  MM
  AVERAGE SKY COVER 0.8


WEATHER CONDITIONS
 THE FOLLOWING WEATHER WAS RECORDED TODAY.
  LIGHT RAIN
  FOG
  HAZE


RELATIVE HUMIDITY (PERCENT)
 HIGHEST    96           300 AM
 LOWEST     60           300 PM
 AVERAGE    78

..........................................................


THE FULLERTON AIRPORT CA CLIMATE NORMALS FOR TOMORROW
                         NORMAL    RECORD    YEAR
 MAXIMUM TEMPERATURE (F)   68        84      2014
 MINIMUM TEMPERATURE (F)   48        38      2006


SUNRISE AND SUNSET
FEBRUARY 19 2017......SUNRISE   632 AM PST   SUNSET   540 PM PST
FEBRUARY 20 2017......SUNRISE   631 AM PST   SUNSET   541 PM PST


-  INDICATES NEGATIVE NUMBERS.
R  INDICATES RECORD WAS SET OR TIED.
MM INDICATES DATA IS MISSING.
T  INDICATES TRACE AMOUNT.




$$
