000
CDUS46 KSGX 271142
CLIFUL


CLIMATE REPORT
NATIONAL WEATHER SERVICE SAN DIEGO, CA
441 AM PDT THU APR 27 2017


...................................

...THE FULLERTON AIRPORT CA CLIMATE SUMMARY FOR APRIL 26 2017...

CLIMATE NORMAL PERIOD 1981 TO 2010
CLIMATE RECORD PERIOD 1998 TO 2017


WEATHER ITEM   OBSERVED TIME   RECORD YEAR NORMAL DEPARTURE LAST
                VALUE   (LST)  VALUE       VALUE  FROM      YEAR
                                                  NORMAL
..................................................................
TEMPERATURE (F)
 YESTERDAY
  MAXIMUM         77   1135 AM 101    2004  74      3       72
  MINIMUM         59    549 AM  49    2009  54      5       52
  AVERAGE         68                        64      4       62

PRECIPITATION (IN)
  YESTERDAY        0.00          0.09 2002   0.03  -0.03     0.00
  MONTH TO DATE    0.03                      0.77  -0.74     0.10
  SINCE OCT 1     16.37                     13.11   3.26     5.20
  SINCE JAN 1     10.46                      9.21   1.25     4.15

DEGREE DAYS
 HEATING
  YESTERDAY        0                         2     -2        3
  MONTH TO DATE   15                        94    -79       13
  SINCE MAR 1     72                       264   -192       76
  SINCE JUL 1    769                      1186   -417      755

 COOLING
  YESTERDAY        3                         2      1        0
  MONTH TO DATE   66                        25     41       84
  SINCE MAR 1    104                        38     66      105
  SINCE JAN 1    107                        47     60      177
..................................................................


WIND (MPH)
  RESULTANT WIND SPEED   4   RESULTANT WIND DIRECTION   S (160)
  HIGHEST WIND SPEED    13   HIGHEST WIND DIRECTION     S (190)
  HIGHEST GUST SPEED    17   HIGHEST GUST DIRECTION     S (190)
  AVERAGE WIND SPEED     5.3


SKY COVER
  POSSIBLE SUNSHINE  MM
  AVERAGE SKY COVER 0.0


WEATHER CONDITIONS
 THE FOLLOWING WEATHER WAS RECORDED YESTERDAY.
  NO SIGNIFICANT WEATHER WAS OBSERVED.


RELATIVE HUMIDITY (PERCENT)
 HIGHEST    84          1000 PM
 LOWEST     38           100 PM
 AVERAGE    61

..........................................................


THE FULLERTON AIRPORT CA CLIMATE NORMALS FOR TODAY
                         NORMAL    RECORD    YEAR
 MAXIMUM TEMPERATURE (F)   74       102      2008
                                             2004
 MINIMUM TEMPERATURE (F)   55        52      2003


SUNRISE AND SUNSET
APRIL 27 2017.........SUNRISE   607 AM PDT   SUNSET   733 PM PDT
APRIL 28 2017.........SUNRISE   606 AM PDT   SUNSET   733 PM PDT


-  INDICATES NEGATIVE NUMBERS.
R  INDICATES RECORD WAS SET OR TIED.
MM INDICATES DATA IS MISSING.
T  INDICATES TRACE AMOUNT.




$$
