000
CDUS46 KSGX 062320
CLIFUL


CLIMATE REPORT
NATIONAL WEATHER SERVICE SAN DIEGO, CA
420 PM PDT FRI MAY 6 2016


...................................

...THE FULLERTON AIRPORT CA CLIMATE SUMMARY FOR MAY 6 2016...
VALID TODAY AS OF 0400 PM LOCAL TIME.

CLIMATE NORMAL PERIOD 1981 TO 2010
CLIMATE RECORD PERIOD 1998 TO 2016


WEATHER ITEM   OBSERVED TIME   RECORD YEAR NORMAL DEPARTURE LAST
                VALUE   (LST)  VALUE       VALUE  FROM      YEAR
                                                  NORMAL
..................................................................
TEMPERATURE (F)
 TODAY
  MAXIMUM         69    235 PM  93    2004  75     -6       70
  MINIMUM         57    417 AM  53    2007  56      1       59
  AVERAGE         63                        66     -3       65

PRECIPITATION (IN)
  TODAY            T             0.45 2005   0.01  -0.01     0.00
  MONTH TO DATE    T                         0.09  -0.09     0.00
  SINCE OCT 1      5.21                     13.30  -8.09     5.55
  SINCE JAN 1      4.16                      9.40  -5.24     1.73

DEGREE DAYS
 HEATING
  TODAY            2                         1      1        0
  MONTH TO DATE    3                        11     -8        1
  SINCE MAR 1     84                       283   -199       65
  SINCE JUL 1    763                      1205   -442      428

 COOLING
  TODAY            0                         2     -2        0
  MONTH TO DATE   11                        12     -1       22
  SINCE MAR 1    116                        55     61      259
  SINCE JAN 1    188                        64    124      310
..................................................................


WIND (MPH)
  RESULTANT WIND SPEED   3   RESULTANT WIND DIRECTION   S (170)
  HIGHEST WIND SPEED    14   HIGHEST WIND DIRECTION    SW (210)
  HIGHEST GUST SPEED    20   HIGHEST GUST DIRECTION    SW (210)
  AVERAGE WIND SPEED     4.4


SKY COVER
  POSSIBLE SUNSHINE  MM
  AVERAGE SKY COVER 0.8


WEATHER CONDITIONS
 THE FOLLOWING WEATHER WAS RECORDED TODAY.
  LIGHT RAIN


RELATIVE HUMIDITY (PERCENT)
 HIGHEST    86           200 AM
 LOWEST     53           300 PM
 AVERAGE    70

..........................................................


THE FULLERTON AIRPORT CA CLIMATE NORMALS FOR TOMORROW
                         NORMAL    RECORD    YEAR
 MAXIMUM TEMPERATURE (F)   75        98      2007
 MINIMUM TEMPERATURE (F)   57        53      2015


SUNRISE AND SUNSET
MAY  6 2016...........SUNRISE   558 AM PDT   SUNSET   740 PM PDT
MAY  7 2016...........SUNRISE   557 AM PDT   SUNSET   740 PM PDT


-  INDICATES NEGATIVE NUMBERS.
R  INDICATES RECORD WAS SET OR TIED.
MM INDICATES DATA IS MISSING.
T  INDICATES TRACE AMOUNT.




$$
