000
CDUS46 KSGX 221417
CLIFUL


CLIMATE REPORT
NATIONAL WEATHER SERVICE SAN DIEGO, CA
717 AM PDT FRI MAY 22 2015


...................................

...THE FULLERTON AIRPORT CA CLIMATE SUMMARY FOR MAY 21 2015...

CLIMATE NORMAL PERIOD 1981 TO 2010
CLIMATE RECORD PERIOD 1998 TO 2015


WEATHER ITEM   OBSERVED TIME   RECORD YEAR NORMAL DEPARTURE LAST
                VALUE   (LST)  VALUE       VALUE  FROM      YEAR
                                                  NORMAL
..................................................................
TEMPERATURE (F)
 YESTERDAY
  MAXIMUM         71    144 PM  91    2003  75     -4       73
  MINIMUM         60    534 AM  50    2002  59      1       58
  AVERAGE         66                        67     -1       66

PRECIPITATION (IN)
  YESTERDAY        0.00          0.03 2006   0.00   0.00     0.00
  MONTH TO DATE    0.80                      0.23   0.57     0.00
  SINCE OCT 1      6.35                     13.44  -7.09     4.77
  SINCE JAN 1      2.53                      9.54  -7.01     3.46

SNOWFALL (IN)
  YESTERDAY        0.0
  MONTH TO DATE    0.0
  SINCE MAR 1      0.0
  SINCE JUL 1      0.0
  SNOW DEPTH       0

DEGREE DAYS
 HEATING
  YESTERDAY        0                         1     -1        0
  MONTH TO DATE   25                        26     -1        2
  SINCE MAR 1     89                       298   -209       93
  SINCE JUL 1    452                      1220   -768      591

 COOLING
  YESTERDAY        1                         2     -1        1
  MONTH TO DATE   32                        42    -10      149
  SINCE MAR 1    269                        85    184      276
  SINCE JAN 1    320                        94    226      296
..................................................................


WIND (MPH)
  RESULTANT WIND SPEED   3   RESULTANT WIND DIRECTION   S (190)
  HIGHEST WIND SPEED    15   HIGHEST WIND DIRECTION     S (200)
  HIGHEST GUST SPEED    21   HIGHEST GUST DIRECTION    SW (220)
  AVERAGE WIND SPEED     5.5


SKY COVER
  POSSIBLE SUNSHINE  MM
  AVERAGE SKY COVER 0.7


WEATHER CONDITIONS
 THE FOLLOWING WEATHER WAS RECORDED YESTERDAY.
  NO SIGNIFICANT WEATHER WAS OBSERVED.


RELATIVE HUMIDITY (PERCENT)
 HIGHEST    72           400 AM
 LOWEST     38           100 PM
 AVERAGE    55

..........................................................


THE FULLERTON AIRPORT CA CLIMATE NORMALS FOR TODAY
                         NORMAL    RECORD    YEAR
 MAXIMUM TEMPERATURE (F)   75        85      2005
 MINIMUM TEMPERATURE (F)   59        52      2002


SUNRISE AND SUNSET
MAY 22 2015...........SUNRISE   546 AM PDT   SUNSET   751 PM PDT
MAY 23 2015...........SUNRISE   546 AM PDT   SUNSET   752 PM PDT


-  INDICATES NEGATIVE NUMBERS.
R  INDICATES RECORD WAS SET OR TIED.
MM INDICATES DATA IS MISSING.
T  INDICATES TRACE AMOUNT.




$$
