000
CDUS41 KCAR 270539
CLIFVE


CLIMATE REPORT
NATIONAL WEATHER SERVICE CARIBOU, ME
133 AM EDT SAT AUG 27 2016


...................................

...THE FRENCHVILLE ME CLIMATE SUMMARY FOR AUGUST 26 2016...

CLIMATE NORMAL PERIOD 1981 TO 2010
CLIMATE RECORD PERIOD 9999 TO 9999


WEATHER ITEM   OBSERVED TIME   RECORD YEAR NORMAL DEPARTURE LAST
                VALUE   (LST)  VALUE       VALUE  FROM      YEAR
                                                  NORMAL
..................................................................
TEMPERATURE (F)
 YESTERDAY
  MAXIMUM         83    343 PM              70     13
  MINIMUM         62   1159 PM              51     11
  AVERAGE         73                        61     12

PRECIPITATION (IN)
  YESTERDAY        0.02         MM      MM   0.13  -0.11     1.43
  MONTH TO DATE    2.63                      3.27  -0.64     4.07
  SINCE JUN 1     12.46                     11.43   1.03    12.02
  SINCE JAN 1     22.55                     21.33   1.22    17.56

SNOWFALL (IN)
  YESTERDAY       MM            MM      MM  MM     MM       MM
  MONTH TO DATE   MM                        MM     MM       MM
  SINCE JUN 1     MM                        MM     MM       MM
  SINCE JUL 1     MM                        MM     MM       MM
  SNOW DEPTH      MM

DEGREE DAYS
 HEATING
  YESTERDAY        0                               -5
  MONTH TO DATE   36                              -54
  SINCE JUL 1     99                              -61

 COOLING
  YESTERDAY        8                                7
  MONTH TO DATE   68                               28
  SINCE JAN 1    198                               76
..................................................................


WIND (MPH)
  HIGHEST WIND SPEED    23   HIGHEST WIND DIRECTION     W (290)
  HIGHEST GUST SPEED    33   HIGHEST GUST DIRECTION    SW (240)
  AVERAGE WIND SPEED     9.9




..........................................................


THE FRENCHVILLE ME CLIMATE NORMALS FOR TODAY
                         NORMAL
 MAXIMUM TEMPERATURE (F)   70
 MINIMUM TEMPERATURE (F)   51


SUNRISE AND SUNSET
AUGUST 27 2016........SUNRISE   546 AM EDT   SUNSET   722 PM EDT
AUGUST 28 2016........SUNRISE   548 AM EDT   SUNSET   720 PM EDT


-  INDICATES NEGATIVE NUMBERS.
R  INDICATES RECORD WAS SET OR TIED.
MM INDICATES DATA IS MISSING.
T  INDICATES TRACE AMOUNT.




$$
