000
CDUS41 KCAR 242129
CLIFVE


CLIMATE REPORT
NATIONAL WEATHER SERVICE CARIBOU, ME
429 PM EST TUE JAN 24 2017


...................................

...THE FRENCHVILLE ME CLIMATE SUMMARY FOR JANUARY 24 2017...
VALID TODAY AS OF 0400 PM LOCAL TIME.

CLIMATE NORMAL PERIOD 1981 TO 2010
CLIMATE RECORD PERIOD 9999 TO 9999


WEATHER ITEM   OBSERVED TIME   RECORD YEAR NORMAL DEPARTURE LAST
                VALUE   (LST)  VALUE       VALUE  FROM      YEAR
                                                  NORMAL
..................................................................
TEMPERATURE (F)
 TODAY
  MAXIMUM         25    222 PM              17      8
  MINIMUM         18    420 AM               0     18
  AVERAGE         22                         8     14

PRECIPITATION (IN)
  TODAY            0.05         MM      MM   0.03   0.02     0.00
  MONTH TO DATE    0.90                      1.52  -0.62     0.56
  SINCE DEC 1      2.47                      4.06  -1.59     3.55
  SINCE JAN 1      0.90                      1.52  -0.62     0.56

SNOWFALL (IN)
  TODAY           MM            MM      MM  MM     MM       MM
  MONTH TO DATE   MM                        MM     MM       MM
  SINCE DEC 1     MM                        MM     MM       MM
  SINCE JUL 1     MM                        MM     MM       MM
  SNOW DEPTH      MM

DEGREE DAYS
 HEATING
  TODAY           43                              -14
  MONTH TO DATE 1186                             -158
  SINCE JUL 1   4505                             -646

 COOLING
  TODAY            0                                0
  MONTH TO DATE    0                                0
  SINCE JAN 1      0                                0
..................................................................


WIND (MPH)
  HIGHEST WIND SPEED    20   HIGHEST WIND DIRECTION    NE (50)
  HIGHEST GUST SPEED    28   HIGHEST GUST DIRECTION    NE (60)
  AVERAGE WIND SPEED     9.3




..........................................................


THE FRENCHVILLE ME CLIMATE NORMALS FOR TOMORROW
                         NORMAL
 MAXIMUM TEMPERATURE (F)   17
 MINIMUM TEMPERATURE (F)    0


SUNRISE AND SUNSET
JANUARY 24 2017.......SUNRISE   708 AM EST   SUNSET   424 PM EST
JANUARY 25 2017.......SUNRISE   707 AM EST   SUNSET   425 PM EST


-  INDICATES NEGATIVE NUMBERS.
R  INDICATES RECORD WAS SET OR TIED.
MM INDICATES DATA IS MISSING.
T  INDICATES TRACE AMOUNT.




$$
