000
CDUS41 KCAR 180530
CLIFVE


CLIMATE REPORT
NATIONAL WEATHER SERVICE CARIBOU, ME
1230 AM EST MON DEC 18 2017


...................................

...THE FRENCHVILLE ME CLIMATE SUMMARY FOR DECEMBER 17 2017...

CLIMATE NORMAL PERIOD 1981 TO 2010
CLIMATE RECORD PERIOD 9999 TO 9999


WEATHER ITEM   OBSERVED TIME   RECORD YEAR NORMAL DEPARTURE LAST
                VALUE   (LST)  VALUE       VALUE  FROM      YEAR
                                                  NORMAL
..................................................................
TEMPERATURE (F)
 YESTERDAY
  MAXIMUM          5    216 PM              23    -18
  MINIMUM         -5   1129 PM               9    -14
  AVERAGE          0                        16    -16

PRECIPITATION (IN)
  YESTERDAY        0.00         MM      MM   0.08  -0.08     0.09
  MONTH TO DATE    1.32                      1.58  -0.26     0.84
  SINCE DEC 1      1.32                      1.58  -0.26     0.84
  SINCE JAN 1     36.22                     32.64   3.58    31.18

SNOWFALL (IN)
  YESTERDAY       MM            MM      MM  MM     MM       MM
  MONTH TO DATE   MM                        MM     MM       MM
  SINCE DEC 1     MM                        MM     MM       MM
  SINCE JUL 1     MM                        MM     MM       MM
  SNOW DEPTH      MM

DEGREE DAYS
 HEATING
  YESTERDAY       65                               16
  MONTH TO DATE  801                               25
  SINCE JUL 1   2853                             -233

 COOLING
  YESTERDAY        0                                0
  MONTH TO DATE    0                                0
  SINCE JAN 1    105                              -29
..................................................................


WIND (MPH)
  HIGHEST WIND SPEED    25   HIGHEST WIND DIRECTION    NW (330)
  HIGHEST GUST SPEED    30   HIGHEST GUST DIRECTION    NW (330)
  AVERAGE WIND SPEED    12.1




..........................................................


THE FRENCHVILLE ME CLIMATE NORMALS FOR TODAY
                         NORMAL
 MAXIMUM TEMPERATURE (F)   23
 MINIMUM TEMPERATURE (F)    9


SUNRISE AND SUNSET
DECEMBER 18 2017......SUNRISE   716 AM EST   SUNSET   344 PM EST
DECEMBER 19 2017......SUNRISE   716 AM EST   SUNSET   345 PM EST


-  INDICATES NEGATIVE NUMBERS.
R  INDICATES RECORD WAS SET OR TIED.
MM INDICATES DATA IS MISSING.
T  INDICATES TRACE AMOUNT.




$$
