000
CDUS41 KCAR 202026
CLIFVE


CLIMATE REPORT
NATIONAL WEATHER SERVICE CARIBOU, ME
426 PM EDT SUN APR 20 2014


...................................

...THE FRENCHVILLE ME CLIMATE SUMMARY FOR APRIL 20 2014...
VALID TODAY AS OF 0400 PM LOCAL TIME.

CLIMATE NORMAL PERIOD 1981 TO 2010
CLIMATE RECORD PERIOD 9999 TO 9999


WEATHER ITEM   OBSERVED TIME   RECORD YEAR NORMAL DEPARTURE LAST
                VALUE   (LST)  VALUE       VALUE  FROM      YEAR
                                                  NORMAL
..................................................................
TEMPERATURE (F)
 TODAY
  MAXIMUM         44    259 PM              48     -4
  MINIMUM         25    517 AM              31     -6
  AVERAGE         35                        39     -4

PRECIPITATION (IN)
  TODAY            0.00         MM      MM   0.10  -0.10     0.29
  MONTH TO DATE    1.61                      1.88  -0.27     0.98
  SINCE MAR 1      2.64                      3.36  -0.72     1.92
  SINCE JAN 1      5.56                      5.93  -0.37     4.14

SNOWFALL (IN)
  TODAY           MM            MM      MM  MM     MM       MM
  MONTH TO DATE    0.0                      MM     MM       MM
  SINCE MAR 1      0.0                      MM     MM       MM
  SINCE JUL 1      0.0                      MM     MM       MM
  SNOW DEPTH      MM

DEGREE DAYS
 HEATING
  TODAY           30                                4
  MONTH TO DATE  639                               28
  SINCE JUL 1   9155                              253

 COOLING
  TODAY            0                                0
  MONTH TO DATE    0                                0
  SINCE JAN 1      0                                0
..................................................................


WIND (MPH)
  HIGHEST WIND SPEED    16   HIGHEST WIND DIRECTION     N (340)
  HIGHEST GUST SPEED    22   HIGHEST GUST DIRECTION     N (350)
  AVERAGE WIND SPEED     7.9




..........................................................


THE FRENCHVILLE ME CLIMATE NORMALS FOR TOMORROW
                         NORMAL
 MAXIMUM TEMPERATURE (F)   48
 MINIMUM TEMPERATURE (F)   32


SUNRISE AND SUNSET
APRIL 20 2014.........SUNRISE   536 AM EDT   SUNSET   729 PM EDT
APRIL 21 2014.........SUNRISE   534 AM EDT   SUNSET   731 PM EDT


-  INDICATES NEGATIVE NUMBERS.
R  INDICATES RECORD WAS SET OR TIED.
MM INDICATES DATA IS MISSING.
T  INDICATES TRACE AMOUNT.




$$
