000
CDUS41 KCAR 250528
CLIFVE


CLIMATE REPORT
NATIONAL WEATHER SERVICE CARIBOU, ME
126 AM EDT MON JUL 25 2016


...................................

...THE FRENCHVILLE ME CLIMATE SUMMARY FOR JULY 24 2016...

CLIMATE NORMAL PERIOD 1981 TO 2010
CLIMATE RECORD PERIOD 9999 TO 9999


WEATHER ITEM   OBSERVED TIME   RECORD YEAR NORMAL DEPARTURE LAST
                VALUE   (LST)  VALUE       VALUE  FROM      YEAR
                                                  NORMAL
..................................................................
TEMPERATURE (F)
 YESTERDAY
  MAXIMUM         78    120 PM              74      4
  MINIMUM         57    446 AM              55      2
  AVERAGE         68                        65      3

PRECIPITATION (IN)
  YESTERDAY        0.00         MM      MM   0.12  -0.12     0.19
  MONTH TO DATE    4.75                      3.52   1.23     2.74
  SINCE JUN 1      9.50                      7.37   2.13     7.49
  SINCE JAN 1     19.59                     17.27   2.32    13.03

SNOWFALL (IN)
  YESTERDAY       MM            MM      MM  MM     MM       MM
  MONTH TO DATE   MM                        MM     MM       MM
  SINCE JUN 1     MM                        MM     MM       MM
  SINCE JUL 1     MM                        MM     MM       MM
  SNOW DEPTH      MM

DEGREE DAYS
 HEATING
  YESTERDAY        0                               -2
  MONTH TO DATE   61                                6
  SINCE JUL 1     61                                6

 COOLING
  YESTERDAY        3                                1
  MONTH TO DATE   54                                7
  SINCE JAN 1    109                               34
..................................................................


WIND (MPH)
  HIGHEST WIND SPEED    18   HIGHEST WIND DIRECTION    NW (320)
  HIGHEST GUST SPEED    23   HIGHEST GUST DIRECTION    NW (330)
  AVERAGE WIND SPEED     9.2




..........................................................


THE FRENCHVILLE ME CLIMATE NORMALS FOR TODAY
                         NORMAL
 MAXIMUM TEMPERATURE (F)   74
 MINIMUM TEMPERATURE (F)   55


SUNRISE AND SUNSET
JULY 25 2016..........SUNRISE   504 AM EDT   SUNSET   815 PM EDT
JULY 26 2016..........SUNRISE   505 AM EDT   SUNSET   814 PM EDT


-  INDICATES NEGATIVE NUMBERS.
R  INDICATES RECORD WAS SET OR TIED.
MM INDICATES DATA IS MISSING.
T  INDICATES TRACE AMOUNT.




$$
