551
CDUS41 KCAR 040541
CLIFVE


CLIMATE REPORT
NATIONAL WEATHER SERVICE CARIBOU, ME
141 AM EDT WED MAY 4 2016


...................................

...THE FRENCHVILLE ME CLIMATE SUMMARY FOR MAY 3 2016...

CLIMATE NORMAL PERIOD 1981 TO 2010
CLIMATE RECORD PERIOD 9999 TO 9999


WEATHER ITEM   OBSERVED TIME   RECORD YEAR NORMAL DEPARTURE LAST
                VALUE   (LST)  VALUE       VALUE  FROM      YEAR
                                                  NORMAL
..................................................................
TEMPERATURE (F)
 YESTERDAY
  MAXIMUM         44    455 PM              55    -11
  MINIMUM         37    543 AM              37      0
  AVERAGE         41                        46     -5

PRECIPITATION (IN)
  YESTERDAY        0.03         MM      MM   0.09  -0.06     0.00
  MONTH TO DATE    0.16                      0.27  -0.11      T
  SINCE MAR 1      3.95                      4.56  -0.61     2.23
  SINCE JAN 1      7.43                      7.13   0.30     3.04

SNOWFALL (IN)
  YESTERDAY       MM            MM      MM  MM     MM       MM
  MONTH TO DATE   MM                        MM     MM       MM
  SINCE MAR 1     MM                        MM     MM       MM
  SINCE JUL 1     MM                        MM     MM       MM
  SNOW DEPTH      MM

DEGREE DAYS
 HEATING
  YESTERDAY       24                                5
  MONTH TO DATE   64                                5
  SINCE JUL 1   8446                             -745

 COOLING
  YESTERDAY        0                                0
  MONTH TO DATE    0                                0
  SINCE JAN 1      0                                0
..................................................................


WIND (MPH)
  HIGHEST WIND SPEED    12   HIGHEST WIND DIRECTION    NE (30)
  HIGHEST GUST SPEED    15   HIGHEST GUST DIRECTION    NE (30)
  AVERAGE WIND SPEED     4.8




..........................................................


THE FRENCHVILLE ME CLIMATE NORMALS FOR TODAY
                         NORMAL
 MAXIMUM TEMPERATURE (F)   56
 MINIMUM TEMPERATURE (F)   37


SUNRISE AND SUNSET
MAY  4 2016...........SUNRISE   512 AM EDT   SUNSET   749 PM EDT
MAY  5 2016...........SUNRISE   510 AM EDT   SUNSET   751 PM EDT


-  INDICATES NEGATIVE NUMBERS.
R  INDICATES RECORD WAS SET OR TIED.
MM INDICATES DATA IS MISSING.
T  INDICATES TRACE AMOUNT.




$$
