000
CDUS41 KCAR 020530
CLIFVE


CLIMATE REPORT
NATIONAL WEATHER SERVICE CARIBOU, ME
127 AM EDT THU JUL 2 2015


...................................

...THE FRENCHVILLE ME CLIMATE SUMMARY FOR JULY 1 2015...

CLIMATE NORMAL PERIOD 1981 TO 2010
CLIMATE RECORD PERIOD 9999 TO 9999


WEATHER ITEM   OBSERVED TIME   RECORD YEAR NORMAL DEPARTURE LAST
                VALUE   (LST)  VALUE       VALUE  FROM      YEAR
                                                  NORMAL
..................................................................
TEMPERATURE (F)
 YESTERDAY
  MAXIMUM         69    914 AM              73     -4
  MINIMUM         58   1159 PM              54      4
  AVERAGE         64                        63      1

PRECIPITATION (IN)
  YESTERDAY        0.47         MM      MM   0.16   0.31      T
  MONTH TO DATE    0.47                      0.16   0.31      T
  SINCE JUN 1      5.22                      4.01   1.21     4.11
  SINCE JAN 1     10.76                     13.91  -3.15    14.48

SNOWFALL (IN)
  YESTERDAY       MM            MM      MM  MM     MM       MM
  MONTH TO DATE   MM                        MM     MM       MM
  SINCE JUN 1     MM                        MM     MM       MM
  SINCE JUL 1     MM                        MM     MM       MM
  SNOW DEPTH      MM

DEGREE DAYS
 HEATING
  YESTERDAY        1                               -2
  MONTH TO DATE    1                               -2
  SINCE JUL 1      1                               -2

 COOLING
  YESTERDAY        0                               -1
  MONTH TO DATE    0                               -1
  SINCE JAN 1     11                              -18
..................................................................


WIND (MPH)
  HIGHEST WIND SPEED    18   HIGHEST WIND DIRECTION     S (160)
  HIGHEST GUST SPEED    24   HIGHEST GUST DIRECTION     S (160)
  AVERAGE WIND SPEED     9.2




..........................................................


THE FRENCHVILLE ME CLIMATE NORMALS FOR TODAY
                         NORMAL
 MAXIMUM TEMPERATURE (F)   73
 MINIMUM TEMPERATURE (F)   54


SUNRISE AND SUNSET
JULY  2 2015..........SUNRISE   441 AM EDT   SUNSET   833 PM EDT
JULY  3 2015..........SUNRISE   442 AM EDT   SUNSET   833 PM EDT


-  INDICATES NEGATIVE NUMBERS.
R  INDICATES RECORD WAS SET OR TIED.
MM INDICATES DATA IS MISSING.
T  INDICATES TRACE AMOUNT.




$$
