000
CDUS44 KTSA 030924
CLIFYV

CLIMATE REPORT
NATIONAL WEATHER SERVICE TULSA OK
325 AM CST TUE MAR 3 2015


...................................

...THE FAYETTEVILLE ARKANSAS CLIMATE SUMMARY FOR MARCH 2 2015...

CLIMATE NORMAL PERIOD 1981 TO 2010
CLIMATE RECORD PERIOD 1905 TO 2015


WEATHER ITEM   OBSERVED TIME   RECORD YEAR NORMAL DEPARTURE LAST
                VALUE   (LST)  VALUE       VALUE  FROM      YEAR
                                                  NORMAL
..................................................................
TEMPERATURE (F)
 YESTERDAY
  MAXIMUM         38   1137 PM  78    1983  56    -18       37
  MINIMUM         28    537 AM   7    1980  32     -4        8
  AVERAGE         33                        44    -11       23

PRECIPITATION (IN)
  YESTERDAY        0.00                      0.10  -0.10     1.34
  MONTH TO DATE    0.05                      0.22  -0.17     1.36
  SINCE MAR 1      0.05                      0.22  -0.17     1.36
  SINCE JAN 1      3.11                      5.87  -2.76     3.84

SNOWFALL (IN)
  YESTERDAY        0.0                                       3.0
  MONTH TO DATE    0.0                                       3.0
  SINCE MAR 1      0.0                                       3.0
  SINCE JUL 1      5.3                                      17.1

DEGREE DAYS
 HEATING
  YESTERDAY       32                        21     11       42
  MONTH TO DATE   65                        42     23       63
  SINCE MAR 1     65                        42     23       63
  SINCE JUL 1   3551                      3345    206     3783

 COOLING
  YESTERDAY        0                         0      0        0
  MONTH TO DATE    0                         0      0        0
  SINCE MAR 1      0                         0      0        0
  SINCE JAN 1      0                         0      0        0
..................................................................


WIND (MPH)
  HIGHEST WIND SPEED    15   HIGHEST WIND DIRECTION     S (170)
  HIGHEST GUST SPEED    19   HIGHEST GUST DIRECTION     S (170)
  AVERAGE WIND SPEED     6.5


SKY COVER
  POSSIBLE SUNSHINE  MM
  AVERAGE SKY COVER 1.0


WEATHER CONDITIONS
 THE FOLLOWING WEATHER WAS RECORDED YESTERDAY.
  FOG


RELATIVE HUMIDITY (PERCENT)
 HIGHEST    92          1200 AM
 LOWEST     69          1100 AM
 AVERAGE    81

..........................................................


THE FAYETTEVILLE ARKANSAS CLIMATE NORMALS FOR TODAY
                         NORMAL    RECORD    YEAR
 MAXIMUM TEMPERATURE (F)   56        77      1983
 MINIMUM TEMPERATURE (F)   33         1      2002


SUNRISE AND SUNSET
MARCH  3 2015.........SUNRISE   644 AM CST   SUNSET   613 PM CST
MARCH  4 2015.........SUNRISE   643 AM CST   SUNSET   614 PM CST


-  INDICATES NEGATIVE NUMBERS.
R  INDICATES RECORD WAS SET OR TIED.
MM INDICATES DATA IS MISSING.
T  INDICATES TRACE AMOUNT.




$$
