000
CDUS44 KTSA 202125
CLIFYV

CLIMATE REPORT
NATIONAL WEATHER SERVICE TULSA OK
418 PM CDT FRI OCT 20 2017


...................................

...THE FAYETTEVILLE ARKANSAS CLIMATE SUMMARY FOR OCTOBER 20 2017...
VALID TODAY AS OF 0400 PM LOCAL TIME.

CLIMATE NORMAL PERIOD 1981 TO 2010
CLIMATE RECORD PERIOD 1905 TO 2017


WEATHER ITEM   OBSERVED TIME   RECORD YEAR NORMAL DEPARTURE LAST
                VALUE   (LST)  VALUE       VALUE  FROM      YEAR
                                                  NORMAL
..................................................................
TEMPERATURE (F)
 TODAY
  MAXIMUM         73    228 PM  85    1979  69      4       66
  MINIMUM         47    623 AM  21    1989  44      3       44
  AVERAGE         60                        57      3       55

PRECIPITATION (IN)
  TODAY            0.00                      0.13  -0.13     0.08
  MONTH TO DATE    1.88                      2.81  -0.93     2.95
  SINCE SEP 1      3.38                      7.63  -4.25     5.59
  SINCE JAN 1     46.22                     39.52   6.70    30.77

SNOWFALL (IN)
  TODAY            0.0                                       0.0
  MONTH TO DATE    0.0                                       0.0
  SINCE SEP 1      0.0                                       0.0
  SINCE JUL 1      0.0                                       0.0

DEGREE DAYS
 HEATING
  TODAY            5                         9     -4       10
  MONTH TO DATE   87                       134    -47       60
  SINCE SEP 1    103                       185    -82       84
  SINCE JUL 1    103                       186    -83       84

 COOLING
  TODAY            0                         0      0        0
  MONTH TO DATE   51                        18     33       61
  SINCE SEP 1    216                       176     40      269
  SINCE JAN 1   1228                      1301    -73     1488
..................................................................


WIND (MPH)
  HIGHEST WIND SPEED    17   HIGHEST WIND DIRECTION     S (170)
  HIGHEST GUST SPEED    23   HIGHEST GUST DIRECTION     S (180)
  AVERAGE WIND SPEED     5.5


SKY COVER
  POSSIBLE SUNSHINE  MM
  AVERAGE SKY COVER 0.2


WEATHER CONDITIONS
 THE FOLLOWING WEATHER WAS RECORDED TODAY.
  FOG


RELATIVE HUMIDITY (PERCENT)
 HIGHEST   100          1200 AM
 LOWEST     57          1100 AM
 AVERAGE    79

..........................................................


THE FAYETTEVILLE ARKANSAS CLIMATE NORMALS FOR TOMORROW
                         NORMAL    RECORD    YEAR
 MAXIMUM TEMPERATURE (F)   69        85      1978
 MINIMUM TEMPERATURE (F)   44        27      1952


SUNRISE AND SUNSET
OCTOBER 20 2017.......SUNRISE   728 AM CDT   SUNSET   634 PM CDT
OCTOBER 21 2017.......SUNRISE   729 AM CDT   SUNSET   633 PM CDT


-  INDICATES NEGATIVE NUMBERS.
R  INDICATES RECORD WAS SET OR TIED.
MM INDICATES DATA IS MISSING.
T  INDICATES TRACE AMOUNT.




$$
