000
CDUS44 KTSA 280810
CLIFYV

CLIMATE REPORT
NATIONAL WEATHER SERVICE TULSA OK
309 AM CDT TUE JUL 28 2015


...................................

...THE FAYETTEVILLE ARKANSAS CLIMATE SUMMARY FOR JULY 27 2015...

CLIMATE NORMAL PERIOD 1981 TO 2010
CLIMATE RECORD PERIOD 1905 TO 2015


WEATHER ITEM   OBSERVED TIME   RECORD YEAR NORMAL DEPARTURE LAST
                VALUE   (LST)  VALUE       VALUE  FROM      YEAR
                                                  NORMAL
..................................................................
TEMPERATURE (F)
 YESTERDAY
  MAXIMUM         92    405 PM 100    2011  90      2       91
                                      1998
                                      1986
  MINIMUM         75    541 AM  54    2004  67      8       65
                                      1994
  AVERAGE         84                        78      6       78

PRECIPITATION (IN)
  YESTERDAY        0.00                      0.10  -0.10     0.00
  MONTH TO DATE    8.04                      3.10   4.94     0.94
  SINCE JUN 1     14.81                      8.08   6.73     5.04
  SINCE JAN 1     38.27                     28.29   9.98    19.56

DEGREE DAYS
 COOLING
  YESTERDAY       19                        13      6       13
  MONTH TO DATE  371                       338     33      233
  SINCE JUN 1    689                       583    106      495
  SINCE JAN 1    786                       696     90      643
..................................................................


WIND (MPH)
  HIGHEST WIND SPEED    12   HIGHEST WIND DIRECTION     S (170)
  HIGHEST GUST SPEED    19   HIGHEST GUST DIRECTION     S (180)
  AVERAGE WIND SPEED     3.8


SKY COVER
  POSSIBLE SUNSHINE  MM
  AVERAGE SKY COVER 0.1


WEATHER CONDITIONS
 THE FOLLOWING WEATHER WAS RECORDED YESTERDAY.
  FOG


RELATIVE HUMIDITY (PERCENT)
 HIGHEST   100          1200 AM
 LOWEST     56           400 PM
 AVERAGE    78

..........................................................


THE FAYETTEVILLE ARKANSAS CLIMATE NORMALS FOR TODAY
                         NORMAL    RECORD    YEAR
 MAXIMUM TEMPERATURE (F)   90       104      1986
 MINIMUM TEMPERATURE (F)   67        55      2004


SUNRISE AND SUNSET
JULY 28 2015..........SUNRISE   621 AM CDT   SUNSET   825 PM CDT
JULY 29 2015..........SUNRISE   622 AM CDT   SUNSET   824 PM CDT


-  INDICATES NEGATIVE NUMBERS.
R  INDICATES RECORD WAS SET OR TIED.
MM INDICATES DATA IS MISSING.
T  INDICATES TRACE AMOUNT.




$$
