000
CDUS44 KTSA 171416
CLIFYV

CLIMATE REPORT
NATIONAL WEATHER SERVICE TULSA OK
912 AM CDT WED SEP 17 2014


...................................

...THE FAYETTEVILLE ARKANSAS CLIMATE SUMMARY FOR SEPTEMBER 17 2014...
VALID AS OF 0900 AM LOCAL TIME.

CLIMATE NORMAL PERIOD 1981 TO 2010
CLIMATE RECORD PERIOD 1905 TO 2014


WEATHER ITEM   OBSERVED RECORD YEAR NORMAL DEPARTURE LAST
                VALUE   VALUE       VALUE  FROM      YEAR
                                           NORMAL
...........................................................
TEMPERATURE (F)
 TODAY
  MAXIMUM         72     95    1953  80
  MINIMUM         62     40    1951  56
  AVERAGE         67

PRECIPITATION (IN)
  TODAY            0.00   2.09 2006   0.17  -0.17     0.01
  MONTH TO DATE    2.67               2.55   0.12     0.68
  SINCE SEP 1      2.67               2.55   0.12     0.68
  SINCE JAN 1     25.80              34.44  -8.64    31.75

DEGREE DAYS
 HEATING
  TODAY            0

 COOLING
  TODAY            2
...........................................................


WIND (MPH)
  RESULTANT WIND SPEED   4   RESULTANT WIND DIRECTION   S (200)
  HIGHEST WIND SPEED    13   HIGHEST WIND DIRECTION    SW (210)
  HIGHEST GUST SPEED    16   HIGHEST GUST DIRECTION    SW (220)


SKY COVER
  POSSIBLE SUNSHINE  MM
  AVERAGE SKY COVER 0.5


WEATHER CONDITIONS
 THE FOLLOWING WEATHER WAS RECORDED TODAY.
  FOG


RELATIVE HUMIDITY (PERCENT)
 HIGHEST   100
 LOWEST     90
 AVERAGE    95

..........................................................


THE FAYETTEVILLE ARKANSAS CLIMATE NORMALS FOR TOMORROW
                         NORMAL    RECORD    YEAR
 MAXIMUM TEMPERATURE (F)   79        93      1972
                                             1955
 MINIMUM TEMPERATURE (F)   56        36      1981


SUNRISE AND SUNSET
SEPTEMBER 17 2014.....SUNRISE   701 AM CDT   SUNSET   721 PM CDT
SEPTEMBER 18 2014.....SUNRISE   701 AM CDT   SUNSET   719 PM CDT


-  INDICATES NEGATIVE NUMBERS.
R  INDICATES RECORD WAS SET OR TIED.
MM INDICATES DATA IS MISSING.
T  INDICATES TRACE AMOUNT.




$$
