000
CDUS43 KUNR 170832
CLIGCC


CLIMATE REPORT
NATIONAL WEATHER SERVICE RAPID CITY SD
231 AM MDT THU APR 17 2014


...................................

...THE GILLETTE AIRPORT WY CLIMATE SUMMARY FOR APRIL 16 2014...

CLIMATE NORMAL PERIOD 1981 TO 2010
CLIMATE RECORD PERIOD 9999 TO 9999


WEATHER ITEM   OBSERVED TIME   NORMAL DEPARTURE LAST
                VALUE   (LST)  VALUE  FROM      YEAR
                                      NORMAL
......................................................
TEMPERATURE (F)
 YESTERDAY
  MAXIMUM         48    151 PM  56     -8       26
  MINIMUM         29    910 PM  30     -1       18
  AVERAGE         39            43     -4       22

PRECIPITATION (IN)
  YESTERDAY        T             0.05  -0.05     0.16
  MONTH TO DATE    0.33          0.59  -0.26     1.01
  SINCE MAR 1      1.42          1.55  -0.13     1.29
  SINCE JAN 1      2.70          2.33   0.37     2.42

DEGREE DAYS
 HEATING
  YESTERDAY       26            22      4       43
  MONTH TO DATE  387           392     -5      489
  SINCE MAR 1   1351          1331     20     1453
  SINCE JUL 1   6996          6739    257     6576

 COOLING
  YESTERDAY        0             0      0        0
  MONTH TO DATE    0             0      0        0
  SINCE MAR 1      0             0      0        0
  SINCE JAN 1      0             0      0        0
......................................................


WIND (MPH)
  HIGHEST WIND SPEED    29   HIGHEST WIND DIRECTION    NW (310)
  HIGHEST GUST SPEED    35   HIGHEST GUST DIRECTION    NW (310)
  AVERAGE WIND SPEED    13.6


SKY COVER
  AVERAGE SKY COVER 0.6


WEATHER CONDITIONS
 THE FOLLOWING WEATHER WAS RECORDED YESTERDAY.
  LIGHT RAIN


RELATIVE HUMIDITY (PERCENT)
 HIGHEST    96           800 PM
 LOWEST     42           100 PM
 AVERAGE    69

..........................................................




SUNRISE AND SUNSET
APRIL 17 2014.........SUNRISE   615 AM MDT   SUNSET   749 PM MDT
APRIL 18 2014.........SUNRISE   613 AM MDT   SUNSET   750 PM MDT


-  INDICATES NEGATIVE NUMBERS.
R  INDICATES RECORD WAS SET OR TIED.
MM INDICATES DATA IS MISSING.
T  INDICATES TRACE AMOUNT.




$$
