000
CDUS43 KUNR 020832
CLIGCC


CLIMATE REPORT
NATIONAL WEATHER SERVICE RAPID CITY SD
231 AM MDT SUN AUG 2 2015


...................................

...THE GILLETTE AIRPORT WY CLIMATE SUMMARY FOR AUGUST 1 2015...

CLIMATE NORMAL PERIOD 1981 TO 2010
CLIMATE RECORD PERIOD 9999 TO 9999


WEATHER ITEM   OBSERVED TIME   NORMAL DEPARTURE LAST
                VALUE   (LST)  VALUE  FROM      YEAR
                                      NORMAL
......................................................
TEMPERATURE (F)
 YESTERDAY
  MAXIMUM         95    241 PM  88      7       91
  MINIMUM         59   1126 PM  57      2       55
  AVERAGE         77            72      5       73

PRECIPITATION (IN)
  YESTERDAY        0.00          0.05  -0.05     0.00
  MONTH TO DATE    0.00          0.05  -0.05     0.00
  SINCE JUN 1      4.15          3.92   0.23     3.51
  SINCE JAN 1     11.27          9.58   1.69    13.11

DEGREE DAYS
 HEATING
  YESTERDAY        0             0      0        0
  MONTH TO DATE    0             0      0        0
  SINCE JUN 1     61           161   -100      205
  SINCE JUL 1     22            19      3       13

 COOLING
  YESTERDAY       12             8      4        8
  MONTH TO DATE   12             8      4        8
  SINCE JUN 1    250           282    -32      202
  SINCE JAN 1    250           290    -40      210
......................................................


WIND (MPH)
  HIGHEST WIND SPEED    21   HIGHEST WIND DIRECTION    NW (330)
  HIGHEST GUST SPEED    26   HIGHEST GUST DIRECTION    NW (320)
  AVERAGE WIND SPEED     8.1


SKY COVER
  AVERAGE SKY COVER 0.0


WEATHER CONDITIONS
 THE FOLLOWING WEATHER WAS RECORDED YESTERDAY.
  NO SIGNIFICANT WEATHER WAS OBSERVED.


RELATIVE HUMIDITY (PERCENT)
 HIGHEST    60           500 AM
 LOWEST      8           200 PM
 AVERAGE    34

..........................................................




SUNRISE AND SUNSET
AUGUST  2 2015........SUNRISE   550 AM MDT   SUNSET   826 PM MDT
AUGUST  3 2015........SUNRISE   551 AM MDT   SUNSET   825 PM MDT


-  INDICATES NEGATIVE NUMBERS.
R  INDICATES RECORD WAS SET OR TIED.
MM INDICATES DATA IS MISSING.
T  INDICATES TRACE AMOUNT.




$$
