000
CDUS43 KUNR 260836
CLIGCC


CLIMATE REPORT
NATIONAL WEATHER SERVICE RAPID CITY SD
232 AM MDT SAT JUL 26 2014


...................................

...THE GILLETTE AIRPORT WY CLIMATE SUMMARY FOR JULY 25 2014...

CLIMATE NORMAL PERIOD 1981 TO 2010
CLIMATE RECORD PERIOD 9999 TO 9999


WEATHER ITEM   OBSERVED TIME   NORMAL DEPARTURE LAST
                VALUE   (LST)  VALUE  FROM      YEAR
                                      NORMAL
......................................................
TEMPERATURE (F)
 YESTERDAY
  MAXIMUM         94    429 PM  88      6       79
  MINIMUM         47    444 AM  57    -10       56
  AVERAGE         71            73     -2       68

PRECIPITATION (IN)
  YESTERDAY        0.00          0.05  -0.05     0.13
  MONTH TO DATE    0.16          1.36  -1.20     2.38
  SINCE JUN 1      3.29          3.57  -0.28     4.89
  SINCE JAN 1     12.89          9.23   3.66    11.93

DEGREE DAYS
 HEATING
  YESTERDAY        0             0      0        0
  MONTH TO DATE   13            14     -1        0
  SINCE JUN 1    205           156     49      117
  SINCE JUL 1     13            14     -1        0

 COOLING
  YESTERDAY        6             8     -2        3
  MONTH TO DATE  164           168     -4      200
  SINCE JUN 1    179           228    -49      246
  SINCE JAN 1    187           236    -49      254
......................................................


WIND (MPH)
  HIGHEST WIND SPEED    21   HIGHEST WIND DIRECTION    NE (50)
  HIGHEST GUST SPEED    25   HIGHEST GUST DIRECTION    NE (30)
  AVERAGE WIND SPEED     6.0


SKY COVER
  AVERAGE SKY COVER 0.0


WEATHER CONDITIONS
 THE FOLLOWING WEATHER WAS RECORDED YESTERDAY.
  NO SIGNIFICANT WEATHER WAS OBSERVED.


RELATIVE HUMIDITY (PERCENT)
 HIGHEST    86           400 AM
 LOWEST     14           400 PM
 AVERAGE    50

..........................................................




SUNRISE AND SUNSET
JULY 26 2014..........SUNRISE   543 AM MDT   SUNSET   834 PM MDT
JULY 27 2014..........SUNRISE   544 AM MDT   SUNSET   833 PM MDT


-  INDICATES NEGATIVE NUMBERS.
R  INDICATES RECORD WAS SET OR TIED.
MM INDICATES DATA IS MISSING.
T  INDICATES TRACE AMOUNT.




$$
