000
CDUS43 KUNR 010832
CLIGCC


CLIMATE REPORT
NATIONAL WEATHER SERVICE RAPID CITY SD
232 AM MDT FRI AUG 1 2014


...................................

...THE GILLETTE AIRPORT WY CLIMATE SUMMARY FOR JULY 31 2014...

CLIMATE NORMAL PERIOD 1981 TO 2010
CLIMATE RECORD PERIOD 9999 TO 9999


WEATHER ITEM   OBSERVED TIME   NORMAL DEPARTURE LAST
                VALUE   (LST)  VALUE  FROM      YEAR
                                      NORMAL
......................................................
TEMPERATURE (F)
 YESTERDAY
  MAXIMUM         88    318 PM  88      0       84
  MINIMUM         52    224 AM  57     -5       52
  AVERAGE         70            72     -2       68

PRECIPITATION (IN)
  YESTERDAY        0.00          0.05  -0.05     0.00
  MONTH TO DATE    0.38          1.66  -1.28     2.89
  SINCE JUN 1      3.51          3.87  -0.36     5.40
  SINCE JAN 1     13.11          9.53   3.58    12.44

DEGREE DAYS
 HEATING
  YESTERDAY        0             0      0        0
  MONTH TO DATE   13            14     -1        0
  SINCE JUN 1    205           161     44      117
  SINCE JUL 1     13            19     -6        0

 COOLING
  YESTERDAY        5             8     -3        3
  MONTH TO DATE  179           214    -35      218
  SINCE JUN 1    194           274    -80      264
  SINCE JAN 1    202           282    -80      272
......................................................


WIND (MPH)
  HIGHEST WIND SPEED    16   HIGHEST WIND DIRECTION     S (180)
  HIGHEST GUST SPEED    20   HIGHEST GUST DIRECTION     S (180)
  AVERAGE WIND SPEED     6.5


SKY COVER
  AVERAGE SKY COVER 0.0


WEATHER CONDITIONS
 THE FOLLOWING WEATHER WAS RECORDED YESTERDAY.
  NO SIGNIFICANT WEATHER WAS OBSERVED.


RELATIVE HUMIDITY (PERCENT)
 HIGHEST    72          1200 AM
 LOWEST     16           300 PM
 AVERAGE    44

..........................................................




SUNRISE AND SUNSET
AUGUST  1 2014........SUNRISE   549 AM MDT   SUNSET   827 PM MDT
AUGUST  2 2014........SUNRISE   551 AM MDT   SUNSET   826 PM MDT


-  INDICATES NEGATIVE NUMBERS.
R  INDICATES RECORD WAS SET OR TIED.
MM INDICATES DATA IS MISSING.
T  INDICATES TRACE AMOUNT.




$$
