259
CDUS43 KUNR 250832
CLIGCC


CLIMATE REPORT
NATIONAL WEATHER SERVICE RAPID CITY SD
231 AM MDT SUN JUN 25 2017


...................................

...THE GILLETTE AIRPORT WY CLIMATE SUMMARY FOR JUNE 24 2017...

CLIMATE NORMAL PERIOD 1981 TO 2010
CLIMATE RECORD PERIOD 9999 TO 9999


WEATHER ITEM   OBSERVED TIME   NORMAL DEPARTURE LAST
                VALUE   (LST)  VALUE  FROM      YEAR
                                      NORMAL
......................................................
TEMPERATURE (F)
 YESTERDAY
  MAXIMUM         74    350 PM  81     -7       99
  MINIMUM         38   1217 AM  50    -12       55
  AVERAGE         56            65     -9       77

PRECIPITATION (IN)
  YESTERDAY        0.00          0.06  -0.06      T
  MONTH TO DATE    1.06          1.85  -0.79     0.44
  SINCE JUN 1      1.06          1.85  -0.79     0.44
  SINCE JAN 1      8.25          7.51   0.74     6.28

DEGREE DAYS
 HEATING
  YESTERDAY        9             3      6        0
  MONTH TO DATE   75           130    -55       31
  SINCE JUN 1     75           130    -55       31
  SINCE JUL 1   6557          7532   -975     6574

 COOLING
  YESTERDAY        0             3     -3       12
  MONTH TO DATE   48            38     10      143
  SINCE JUN 1     48            38     10      143
  SINCE JAN 1     52            46      6      143
......................................................


WIND (MPH)
  HIGHEST WIND SPEED    20   HIGHEST WIND DIRECTION     N (340)
  HIGHEST GUST SPEED    26   HIGHEST GUST DIRECTION     N (340)
  AVERAGE WIND SPEED     7.2


SKY COVER
  AVERAGE SKY COVER 0.5


WEATHER CONDITIONS
 THE FOLLOWING WEATHER WAS RECORDED YESTERDAY.
  NO SIGNIFICANT WEATHER WAS OBSERVED.


RELATIVE HUMIDITY (PERCENT)
 HIGHEST    79          1200 AM
 LOWEST     17           400 PM
 AVERAGE    48

..........................................................




SUNRISE AND SUNSET
JUNE 25 2017..........SUNRISE   519 AM MDT   SUNSET   850 PM MDT
JUNE 26 2017..........SUNRISE   520 AM MDT   SUNSET   850 PM MDT


-  INDICATES NEGATIVE NUMBERS.
R  INDICATES RECORD WAS SET OR TIED.
MM INDICATES DATA IS MISSING.
T  INDICATES TRACE AMOUNT.




$$
