000
CDUS43 KUNR 280848
CLIGCC


CLIMATE REPORT
NATIONAL WEATHER SERVICE RAPID CITY SD
246 AM MDT THU MAY 28 2015


...................................

...THE GILLETTE AIRPORT WY CLIMATE SUMMARY FOR MAY 27 2015...

CLIMATE NORMAL PERIOD 1981 TO 2010
CLIMATE RECORD PERIOD 9999 TO 9999


WEATHER ITEM   OBSERVED TIME   NORMAL DEPARTURE LAST
                VALUE   (LST)  VALUE  FROM      YEAR
                                      NORMAL
......................................................
TEMPERATURE (F)
 YESTERDAY
  MAXIMUM         72    207 PM  69      3       77
  MINIMUM         46    438 AM  43      3       49
  AVERAGE         59            56      3       63

PRECIPITATION (IN)
  YESTERDAY        0.24          0.08   0.16     0.02
  MONTH TO DATE    4.17          2.10   2.07     6.43
  SINCE MAR 1      5.82          4.53   1.29     8.32
  SINCE JAN 1      6.67          5.31   1.36     9.60

DEGREE DAYS
 HEATING
  YESTERDAY        6             9     -3        2
  MONTH TO DATE  441           350     91      372
  SINCE MAR 1   1750          1958   -208     1977
  SINCE JUL 1   6840          7366   -526     7622

 COOLING
  YESTERDAY        0             0      0        0
  MONTH TO DATE    0             0      0        1
  SINCE MAR 1      0             0      0        1
  SINCE JAN 1      0             0      0        1
......................................................


WIND (MPH)
  HIGHEST WIND SPEED    20   HIGHEST WIND DIRECTION    NW (310)
  HIGHEST GUST SPEED    23   HIGHEST GUST DIRECTION    NW (310)
  AVERAGE WIND SPEED     7.4


SKY COVER
  AVERAGE SKY COVER 0.5


WEATHER CONDITIONS
 THE FOLLOWING WEATHER WAS RECORDED YESTERDAY.
  THUNDERSTORM
  RAIN
  LIGHT RAIN
  FOG


RELATIVE HUMIDITY (PERCENT)
 HIGHEST    93           200 AM
 LOWEST     49           200 PM
 AVERAGE    71

..........................................................




SUNRISE AND SUNSET
MAY 28 2015...........SUNRISE   524 AM MDT   SUNSET   836 PM MDT
MAY 29 2015...........SUNRISE   523 AM MDT   SUNSET   837 PM MDT


-  INDICATES NEGATIVE NUMBERS.
R  INDICATES RECORD WAS SET OR TIED.
MM INDICATES DATA IS MISSING.
T  INDICATES TRACE AMOUNT.




$$
