000
CDUS43 KUNR 230835
CLIGCC


CLIMATE REPORT
NATIONAL WEATHER SERVICE RAPID CITY SD
134 AM MST MON JAN 23 2017


...................................

...THE GILLETTE AIRPORT WY CLIMATE SUMMARY FOR JANUARY 22 2017...

CLIMATE NORMAL PERIOD 1981 TO 2010
CLIMATE RECORD PERIOD 9999 TO 9999


WEATHER ITEM   OBSERVED TIME   NORMAL DEPARTURE LAST
                VALUE   (LST)  VALUE  FROM      YEAR
                                      NORMAL
......................................................
TEMPERATURE (F)
 YESTERDAY
  MAXIMUM         40    336 PM  37      3       47
  MINIMUM         22    729 AM  15      7       28
  AVERAGE         31            26      5       38

PRECIPITATION (IN)
  YESTERDAY        0.00          0.02  -0.02     0.00
  MONTH TO DATE    0.14          0.24  -0.10     0.30
  SINCE DEC 1      0.99          0.64   0.35     0.78
  SINCE JAN 1      0.14          0.24  -0.10     0.30

DEGREE DAYS
 HEATING
  YESTERDAY       34            39     -5       27
  MONTH TO DATE  824           863    -39      838
  SINCE DEC 1   2093          2129    -36     2038
  SINCE JUL 1   3486          4004   -518     3598

 COOLING
  YESTERDAY        0             0      0        0
  MONTH TO DATE    0             0      0        0
  SINCE DEC 1      0             0      0        0
  SINCE JAN 1      0             0      0        0
......................................................


WIND (MPH)
  HIGHEST WIND SPEED    21   HIGHEST WIND DIRECTION    SW (210)
  HIGHEST GUST SPEED    26   HIGHEST GUST DIRECTION    SW (210)
  AVERAGE WIND SPEED     8.6


SKY COVER
  AVERAGE SKY COVER 0.1


WEATHER CONDITIONS
 THE FOLLOWING WEATHER WAS RECORDED YESTERDAY.
  NO SIGNIFICANT WEATHER WAS OBSERVED.


RELATIVE HUMIDITY (PERCENT)
 HIGHEST    88          1200 AM
 LOWEST     48           100 PM
 AVERAGE    68

..........................................................




SUNRISE AND SUNSET
JANUARY 23 2017.......SUNRISE   729 AM MST   SUNSET   500 PM MST
JANUARY 24 2017.......SUNRISE   728 AM MST   SUNSET   501 PM MST


-  INDICATES NEGATIVE NUMBERS.
R  INDICATES RECORD WAS SET OR TIED.
MM INDICATES DATA IS MISSING.
T  INDICATES TRACE AMOUNT.




$$
