000
CDUS43 KUNR 190831
CLIGCC


CLIMATE REPORT
NATIONAL WEATHER SERVICE RAPID CITY SD
230 AM MDT THU OCT 19 2017


...................................

...THE GILLETTE AIRPORT WY CLIMATE SUMMARY FOR OCTOBER 18 2017...

CLIMATE NORMAL PERIOD 1981 TO 2010
CLIMATE RECORD PERIOD 9999 TO 9999


WEATHER ITEM   OBSERVED TIME   NORMAL DEPARTURE LAST
                VALUE   (LST)  VALUE  FROM      YEAR
                                      NORMAL
......................................................
TEMPERATURE (F)
 YESTERDAY
  MAXIMUM         72    305 PM  58     14       57
  MINIMUM         37    710 AM  31      6       30
  AVERAGE         55            44     11       44

PRECIPITATION (IN)
  YESTERDAY        0.00          0.05  -0.05     0.00
  MONTH TO DATE    0.99          0.88   0.11     1.36
  SINCE SEP 1      2.57          2.07   0.50     3.86
  SINCE JAN 1     12.72         12.55   0.17    13.02

DEGREE DAYS
 HEATING
  YESTERDAY       10            21    -11       21
  MONTH TO DATE  337           316     21      293
  SINCE SEP 1    619           554     65      476
  SINCE JUL 1    654           611     43      530

 COOLING
  YESTERDAY        0             0      0        0
  MONTH TO DATE    0             0      0        0
  SINCE SEP 1     65            40     25       25
  SINCE JAN 1    617           500    117      569
......................................................


WIND (MPH)
  HIGHEST WIND SPEED    21   HIGHEST WIND DIRECTION     S (180)
  HIGHEST GUST SPEED    27   HIGHEST GUST DIRECTION    SW (240)
  AVERAGE WIND SPEED    10.5


SKY COVER
  AVERAGE SKY COVER 0.0


WEATHER CONDITIONS
 THE FOLLOWING WEATHER WAS RECORDED YESTERDAY.
  NO SIGNIFICANT WEATHER WAS OBSERVED.


RELATIVE HUMIDITY (PERCENT)
 HIGHEST    59           700 AM
 LOWEST     13           300 PM
 AVERAGE    36

..........................................................




SUNRISE AND SUNSET
OCTOBER 19 2017.......SUNRISE   723 AM MDT   SUNSET   611 PM MDT
OCTOBER 20 2017.......SUNRISE   724 AM MDT   SUNSET   609 PM MDT


-  INDICATES NEGATIVE NUMBERS.
R  INDICATES RECORD WAS SET OR TIED.
MM INDICATES DATA IS MISSING.
T  INDICATES TRACE AMOUNT.




$$
