000
CDUS43 KUNR 210832
CLIGCC


CLIMATE REPORT
NATIONAL WEATHER SERVICE RAPID CITY SD
132 AM MST TUE FEB 21 2017


...................................

...THE GILLETTE AIRPORT WY CLIMATE SUMMARY FOR FEBRUARY 20 2017...

CLIMATE NORMAL PERIOD 1981 TO 2010
CLIMATE RECORD PERIOD 9999 TO 9999


WEATHER ITEM   OBSERVED TIME   NORMAL DEPARTURE LAST
                VALUE   (LST)  VALUE  FROM      YEAR
                                      NORMAL
......................................................
TEMPERATURE (F)
 YESTERDAY
  MAXIMUM         59    333 PM  39     20       48
  MINIMUM         32    541 AM  17     15       27
  AVERAGE         46            28     18       38

PRECIPITATION (IN)
  YESTERDAY        0.06          0.01   0.05     0.00
  MONTH TO DATE    0.24          0.30  -0.06     0.96
  SINCE DEC 1      1.63          1.09   0.54     1.84
  SINCE JAN 1      0.78          0.69   0.09     1.36

DEGREE DAYS
 HEATING
  YESTERDAY       19            37    -18       27
  MONTH TO DATE  639           768   -129      607
  SINCE DEC 1   3093          3248   -155     2918
  SINCE JUL 1   4486          5123   -637     4478

 COOLING
  YESTERDAY        0             0      0        0
  MONTH TO DATE    0             0      0        0
  SINCE DEC 1      0             0      0        0
  SINCE JAN 1      0             0      0        0
......................................................


WIND (MPH)
  HIGHEST WIND SPEED    37   HIGHEST WIND DIRECTION    SW (230)
  HIGHEST GUST SPEED    49   HIGHEST GUST DIRECTION    SW (220)
  AVERAGE WIND SPEED    19.4


SKY COVER
  AVERAGE SKY COVER 0.2


WEATHER CONDITIONS
 THE FOLLOWING WEATHER WAS RECORDED YESTERDAY.
  RAIN
  LIGHT RAIN
  FOG


RELATIVE HUMIDITY (PERCENT)
 HIGHEST    92           300 AM
 LOWEST     25           200 PM
 AVERAGE    59

..........................................................




SUNRISE AND SUNSET
FEBRUARY 21 2017......SUNRISE   652 AM MST   SUNSET   540 PM MST
FEBRUARY 22 2017......SUNRISE   650 AM MST   SUNSET   541 PM MST


-  INDICATES NEGATIVE NUMBERS.
R  INDICATES RECORD WAS SET OR TIED.
MM INDICATES DATA IS MISSING.
T  INDICATES TRACE AMOUNT.




$$
