000
CDUS43 KUNR 190832
CLIGCC


CLIMATE REPORT
NATIONAL WEATHER SERVICE RAPID CITY SD
231 AM MDT SAT AUG 19 2017


...................................

...THE GILLETTE AIRPORT WY CLIMATE SUMMARY FOR AUGUST 18 2017...

CLIMATE NORMAL PERIOD 1981 TO 2010
CLIMATE RECORD PERIOD 9999 TO 9999


WEATHER ITEM   OBSERVED TIME   NORMAL DEPARTURE LAST
                VALUE   (LST)  VALUE  FROM      YEAR
                                      NORMAL
......................................................
TEMPERATURE (F)
 YESTERDAY
  MAXIMUM         88    514 PM  86      2       68
  MINIMUM         56    504 AM  53      3       54
  AVERAGE         72            69      3       61

PRECIPITATION (IN)
  YESTERDAY        0.00          0.02  -0.02     0.12
  MONTH TO DATE    0.34          0.61  -0.27     1.10
  SINCE JUN 1      2.88          4.48  -1.60     2.86
  SINCE JAN 1     10.07         10.14  -0.07     8.70

DEGREE DAYS
 HEATING
  YESTERDAY        0             1     -1        4
  MONTH TO DATE   33            15     18        5
  SINCE JUN 1    123           176    -53       46
  SINCE JUL 1     33            34     -1       12

 COOLING
  YESTERDAY        7             6      1        0
  MONTH TO DATE   47           123    -76      108
  SINCE JUN 1    459           397     62      502
  SINCE JAN 1    463           405     58      502
......................................................


WIND (MPH)
  HIGHEST WIND SPEED    22   HIGHEST WIND DIRECTION    SE (140)
  HIGHEST GUST SPEED    28   HIGHEST GUST DIRECTION     S (170)
  AVERAGE WIND SPEED     8.6


SKY COVER
  AVERAGE SKY COVER 0.0


WEATHER CONDITIONS
 THE FOLLOWING WEATHER WAS RECORDED YESTERDAY.
  NO SIGNIFICANT WEATHER WAS OBSERVED.


RELATIVE HUMIDITY (PERCENT)
 HIGHEST    53           500 AM
 LOWEST     12           100 PM
 AVERAGE    33

..........................................................




SUNRISE AND SUNSET
AUGUST 19 2017........SUNRISE   610 AM MDT   SUNSET   800 PM MDT
AUGUST 20 2017........SUNRISE   611 AM MDT   SUNSET   759 PM MDT


-  INDICATES NEGATIVE NUMBERS.
R  INDICATES RECORD WAS SET OR TIED.
MM INDICATES DATA IS MISSING.
T  INDICATES TRACE AMOUNT.




$$
