000
CDUS43 KDDC 021008
CLIGCK


CLIMATE REPORT
NATIONAL WEATHER SERVICE DODGE CITY KS
508 AM CDT TUE JUN 2 2015


...................................

...THE GARDEN CITY REGIONAL ARPT KS CLIMATE SUMMARY FOR JUNE 1 2015...

CLIMATE NORMAL PERIOD 1981 TO 2010
CLIMATE RECORD PERIOD 1948 TO 2015


WEATHER ITEM   OBSERVED TIME   RECORD YEAR NORMAL DEPARTURE LAST
                VALUE   (LST)  VALUE       VALUE  FROM      YEAR
                                                  NORMAL
..................................................................
TEMPERATURE (F)
 YESTERDAY
  MAXIMUM         83    459 PM 103    2002  81      2       95
  MINIMUM         55    602 AM  46    1954  56     -1       65
  AVERAGE         69                        68      1       80

PRECIPITATION (IN)
  YESTERDAY        0.00          0.60 1962   0.11  -0.11     0.14
  MONTH TO DATE    0.00                      0.11  -0.11     0.14
  SINCE JUN 1      0.00                      0.11  -0.11     0.14
  SINCE JAN 1      8.82                      7.05   1.77     1.50

DEGREE DAYS
 HEATING
  YESTERDAY        0                         2     -2
  MONTH TO DATE    0                         2     -2
  SINCE JUN 1      0                         2     -2
  SINCE JUL 1   4961                      5193   -232

 COOLING
  YESTERDAY        4                         5     -1
  MONTH TO DATE    4                         5     -1
  SINCE JUN 1      4                         5     -1
  SINCE JAN 1     34                        94    -60
..................................................................


WIND (MPH)
  HIGHEST WIND SPEED    25   HIGHEST WIND DIRECTION    SE (150)
  HIGHEST GUST SPEED    29   HIGHEST GUST DIRECTION    SE (150)
  AVERAGE WIND SPEED    12.8



WEATHER CONDITIONS
 THE FOLLOWING WEATHER WAS RECORDED YESTERDAY.
  NO SIGNIFICANT WEATHER WAS OBSERVED.


RELATIVE HUMIDITY (PERCENT)
 HIGHEST   100           400 AM
 LOWEST     47           300 PM
 AVERAGE    74

..........................................................


THE GARDEN CITY REGIONAL ARPT KS CLIMATE NORMALS FOR TODAY
                         NORMAL    RECORD    YEAR
 MAXIMUM TEMPERATURE (F)   81       105      2002
 MINIMUM TEMPERATURE (F)   56        40      1969


SUNRISE AND SUNSET
JUNE  2 2015..........SUNRISE   622 AM CDT   SUNSET   900 PM CDT
JUNE  3 2015..........SUNRISE   622 AM CDT   SUNSET   901 PM CDT


-  INDICATES NEGATIVE NUMBERS.
R  INDICATES RECORD WAS SET OR TIED.
MM INDICATES DATA IS MISSING.
T  INDICATES TRACE AMOUNT.




$$
