000
CDUS43 KDDC 292339
CLIGCK


CLIMATE REPORT
NATIONAL WEATHER SERVICE DODGE CITY KS
638 PM CDT FRI AUG 29 2014


...................................

...THE GARDEN CITY REGIONAL ARPT KS CLIMATE SUMMARY FOR AUGUST 29 2014...
VALID TODAY AS OF 0500 PM LOCAL TIME.

CLIMATE NORMAL PERIOD 1981 TO 2010
CLIMATE RECORD PERIOD 1948 TO 2014


WEATHER ITEM   OBSERVED TIME   RECORD YEAR NORMAL DEPARTURE LAST
                VALUE   (LST)  VALUE       VALUE  FROM      YEAR
                                                  NORMAL
..................................................................
TEMPERATURE (F)
 TODAY
  MAXIMUM         85    359 PM 104    1984  88     -3       98
  MINIMUM         57    645 AM  47    1988  61     -4       66
  AVERAGE         71                        75     -4       82

PRECIPITATION (IN)
  TODAY            0.00          0.96 1975   0.06  -0.06     0.00
  MONTH TO DATE    1.85                      2.32  -0.47     4.92
  SINCE JUN 1     16.29                      8.58   7.71     8.59
  SINCE JAN 1     17.65                     15.52   2.13    10.16

DEGREE DAYS
 HEATING
  TODAY            0                         0      0        0
  MONTH TO DATE    0                         0      0        0
  SINCE JUN 1     21                        17      4       12
  SINCE JUL 1     10                         1      9        0

 COOLING
  TODAY            6                        10     -4       17
  MONTH TO DATE  374                       346     28      322
  SINCE JUN 1    990                      1008    -18     1157
  SINCE JAN 1   1133                      1097     36     1304
..................................................................


WIND (MPH)
  HIGHEST WIND SPEED    18   HIGHEST WIND DIRECTION     N (360)
  HIGHEST GUST SPEED    26   HIGHEST GUST DIRECTION     N (20)
  AVERAGE WIND SPEED     9.4



WEATHER CONDITIONS
 THE FOLLOWING WEATHER WAS RECORDED TODAY.
  NO SIGNIFICANT WEATHER WAS OBSERVED.


RELATIVE HUMIDITY (PERCENT)
 HIGHEST   100           400 AM
 LOWEST     29           500 PM
 AVERAGE    65

..........................................................


THE GARDEN CITY REGIONAL ARPT KS CLIMATE NORMALS FOR TOMORROW
                         NORMAL    RECORD    YEAR
 MAXIMUM TEMPERATURE (F)   88       104      1990
 MINIMUM TEMPERATURE (F)   61        51      1993


SUNRISE AND SUNSET
AUGUST 29 2014........SUNRISE   710 AM CDT   SUNSET   817 PM CDT
AUGUST 30 2014........SUNRISE   711 AM CDT   SUNSET   815 PM CDT


-  INDICATES NEGATIVE NUMBERS.
R  INDICATES RECORD WAS SET OR TIED.
MM INDICATES DATA IS MISSING.
T  INDICATES TRACE AMOUNT.




$$
