000
CDUS43 KDDC 192327
CLIGCK


CLIMATE REPORT
NATIONAL WEATHER SERVICE DODGE CITY KS
526 PM CST FRI DEC 19 2014


...................................

...THE GARDEN CITY REGIONAL ARPT KS CLIMATE SUMMARY FOR DECEMBER 19 2014...
VALID TODAY AS OF 0500 PM LOCAL TIME.

CLIMATE NORMAL PERIOD 1981 TO 2010
CLIMATE RECORD PERIOD 1948 TO 2014


WEATHER ITEM   OBSERVED TIME   RECORD YEAR NORMAL DEPARTURE LAST
                VALUE   (LST)  VALUE       VALUE  FROM      YEAR
                                                  NORMAL
..................................................................
TEMPERATURE (F)
 TODAY
  MAXIMUM         46    316 PM  70    1978  44      2       53
  MINIMUM         28    524 AM  -6    1983  18     10       23
  AVERAGE         37                        31      6       38

PRECIPITATION (IN)
  TODAY            0.00          0.47 2006   0.02  -0.02     0.00
  MONTH TO DATE    0.05                      0.33  -0.28      T
  SINCE DEC 1      0.05                      0.33  -0.28      T
  SINCE JAN 1     21.44                     19.28   2.16    14.84

DEGREE DAYS
 HEATING
  TODAY           28                        34     -6       27
  MONTH TO DATE  514                       620   -106      663
  SINCE DEC 1    514                       620   -106      663
  SINCE JUL 1   1553                      1709   -156     1707

 COOLING
  TODAY            0                         0      0        0
  MONTH TO DATE    0                         0      0        0
  SINCE DEC 1      0                         0      0        0
  SINCE JAN 1   1342                      1298     44     1591
..................................................................


WIND (MPH)
  HIGHEST WIND SPEED    13   HIGHEST WIND DIRECTION    SW (230)
  HIGHEST GUST SPEED    16   HIGHEST GUST DIRECTION    SW (220)
  AVERAGE WIND SPEED     7.0



WEATHER CONDITIONS
 THE FOLLOWING WEATHER WAS RECORDED TODAY.
  FOG
  HAZE


RELATIVE HUMIDITY (PERCENT)
 HIGHEST   100           500 AM
 LOWEST     65           200 PM
 AVERAGE    83

..........................................................


THE GARDEN CITY REGIONAL ARPT KS CLIMATE NORMALS FOR TOMORROW
                         NORMAL    RECORD    YEAR
 MAXIMUM TEMPERATURE (F)   44        69      2004
 MINIMUM TEMPERATURE (F)   18        -7      1983


SUNRISE AND SUNSET
DECEMBER 19 2014......SUNRISE   754 AM CST   SUNSET   526 PM CST
DECEMBER 20 2014......SUNRISE   754 AM CST   SUNSET   527 PM CST


-  INDICATES NEGATIVE NUMBERS.
R  INDICATES RECORD WAS SET OR TIED.
MM INDICATES DATA IS MISSING.
T  INDICATES TRACE AMOUNT.




$$
