000
CDUS43 KDDC 031006
CLIGCK


CLIMATE REPORT
NATIONAL WEATHER SERVICE DODGE CITY KS
506 AM CDT FRI JUL 3 2015


...................................

...THE GARDEN CITY REGIONAL ARPT KS CLIMATE SUMMARY FOR JULY 2 2015...

CLIMATE NORMAL PERIOD 1981 TO 2010
CLIMATE RECORD PERIOD 1948 TO 2015


WEATHER ITEM   OBSERVED TIME   RECORD YEAR NORMAL DEPARTURE LAST
                VALUE   (LST)  VALUE       VALUE  FROM      YEAR
                                                  NORMAL
..................................................................
TEMPERATURE (F)
 YESTERDAY
  MAXIMUM         82    657 PM 106    1952  91     -9       75
  MINIMUM         67   1159 PM  50    2013  63      4       60
  AVERAGE         75                        77     -2       68

PRECIPITATION (IN)
  YESTERDAY        0.53          1.15 1981   0.10   0.43     0.00
  MONTH TO DATE    0.53                      0.20   0.33     0.04
  SINCE JUN 1      3.08                      3.68  -0.60    10.92
  SINCE JAN 1     11.90                     10.62   1.28    12.28

DEGREE DAYS
 HEATING
  YESTERDAY        0                         0      0
  MONTH TO DATE    0                         0      0
  SINCE JUN 1      0                        16    -16
  SINCE JUL 1      0                         0      0

 COOLING
  YESTERDAY       10                        12     -2
  MONTH TO DATE   28                        24      4
  SINCE JUN 1    374                       276     98
  SINCE JAN 1    404                       365     39
..................................................................


WIND (MPH)
  HIGHEST WIND SPEED    23   HIGHEST WIND DIRECTION     N (350)
  HIGHEST GUST SPEED    28   HIGHEST GUST DIRECTION     N (360)
  AVERAGE WIND SPEED     8.9



WEATHER CONDITIONS
 THE FOLLOWING WEATHER WAS RECORDED YESTERDAY.
  THUNDERSTORM
  HEAVY RAIN
  RAIN
  LIGHT RAIN
  FOG
  HAZE


RELATIVE HUMIDITY (PERCENT)
 HIGHEST    84           900 AM
 LOWEST     50          1200 AM
 AVERAGE    67

..........................................................


THE GARDEN CITY REGIONAL ARPT KS CLIMATE NORMALS FOR TODAY
                         NORMAL    RECORD    YEAR
 MAXIMUM TEMPERATURE (F)   91       106      1973
 MINIMUM TEMPERATURE (F)   64        50      1992


SUNRISE AND SUNSET
JULY  3 2015..........SUNRISE   625 AM CDT   SUNSET   909 PM CDT
JULY  4 2015..........SUNRISE   626 AM CDT   SUNSET   909 PM CDT


-  INDICATES NEGATIVE NUMBERS.
R  INDICATES RECORD WAS SET OR TIED.
MM INDICATES DATA IS MISSING.
T  INDICATES TRACE AMOUNT.




$$
