000
CDUS43 KDDC 190711
CLIGCK


CLIMATE REPORT
NATIONAL WEATHER SERVICE DODGE CITY KS
209 AM CDT THU OCT 19 2017


...................................

...THE GARDEN CITY REGIONAL ARPT KS CLIMATE SUMMARY FOR OCTOBER 18 2017...

CLIMATE NORMAL PERIOD 1981 TO 2010
CLIMATE RECORD PERIOD 1948 TO 2017


WEATHER ITEM   OBSERVED TIME   RECORD YEAR NORMAL DEPARTURE LAST
                VALUE   (LST)  VALUE       VALUE  FROM      YEAR
                                                  NORMAL
..................................................................
TEMPERATURE (F)
 YESTERDAY
  MAXIMUM         86    322 PM  93    2003  69     17       73
  MINIMUM         34    707 AM  24    1996  40     -6       42
  AVERAGE         60                        55      5       58

PRECIPITATION (IN)
  YESTERDAY        0.00          0.64 1960   0.04  -0.04     0.00
  MONTH TO DATE    0.97                      0.83   0.14      T
  SINCE SEP 1      5.68                      2.30   3.38     0.19
  SINCE JAN 1     20.50                     17.95   2.55    20.02

DEGREE DAYS
 HEATING
  YESTERDAY        5                        11     -6
  MONTH TO DATE  107                       145    -38
  SINCE SEP 1    156                       213    -57
  SINCE JUL 1    156                       217    -61

 COOLING
  YESTERDAY        0                         0      0
  MONTH TO DATE   25                        18      7
  SINCE SEP 1    224                       180     44
  SINCE JAN 1   1371                      1296     75
..................................................................


WIND (MPH)
  HIGHEST WIND SPEED    12   HIGHEST WIND DIRECTION     E (70)
  HIGHEST GUST SPEED    14   HIGHEST GUST DIRECTION     E (80)
  AVERAGE WIND SPEED     5.4



WEATHER CONDITIONS
 THE FOLLOWING WEATHER WAS RECORDED YESTERDAY.
  HAZE


RELATIVE HUMIDITY (PERCENT)
 HIGHEST    92           600 AM
 LOWEST     11           300 PM
 AVERAGE    52

..........................................................


THE GARDEN CITY REGIONAL ARPT KS CLIMATE NORMALS FOR TODAY
                         NORMAL    RECORD    YEAR
 MAXIMUM TEMPERATURE (F)   69        95      2003
 MINIMUM TEMPERATURE (F)   40        20      1989


SUNRISE AND SUNSET
OCTOBER 19 2017.......SUNRISE   756 AM CDT   SUNSET   659 PM CDT
OCTOBER 20 2017.......SUNRISE   757 AM CDT   SUNSET   658 PM CDT


-  INDICATES NEGATIVE NUMBERS.
R  INDICATES RECORD WAS SET OR TIED.
MM INDICATES DATA IS MISSING.
T  INDICATES TRACE AMOUNT.




$$
