000
CDUS43 KDDC 012331
CLIGCK


CLIMATE REPORT
NATIONAL WEATHER SERVICE DODGE CITY KS
631 PM CDT SAT AUG 1 2015


...................................

...THE GARDEN CITY REGIONAL ARPT KS CLIMATE SUMMARY FOR AUGUST 1 2015...
VALID TODAY AS OF 0500 PM LOCAL TIME.

CLIMATE NORMAL PERIOD 1981 TO 2010
CLIMATE RECORD PERIOD 1948 TO 2015


WEATHER ITEM   OBSERVED TIME   RECORD YEAR NORMAL DEPARTURE LAST
                VALUE   (LST)  VALUE       VALUE  FROM      YEAR
                                                  NORMAL
..................................................................
TEMPERATURE (F)
 TODAY
  MAXIMUM         90    357 PM 107    1980  91     -1       87
  MINIMUM         65    612 AM  54    1977  65      0       57
  AVERAGE         78                        78      0       72

PRECIPITATION (IN)
  TODAY            0.00          1.04 2013   0.10  -0.10     0.00
  MONTH TO DATE    0.00                      0.10  -0.10     0.00
  SINCE JUN 1      9.08                      6.36   2.72    14.44
  SINCE JAN 1     17.90                     13.30   4.60    15.80

DEGREE DAYS
 HEATING
  TODAY            0                         0      0        0
  MONTH TO DATE    0                         0      0        0
  SINCE JUN 1      0                        17    -17       21
  SINCE JUL 1      0                         1     -1       10

 COOLING
  TODAY           13                        13      0        7
  MONTH TO DATE   13                        13      0        7
  SINCE JUN 1    769                       675     94      623
  SINCE JAN 1    799                       764     35      766
..................................................................


WIND (MPH)
  HIGHEST WIND SPEED    18   HIGHEST WIND DIRECTION    SE (120)
  HIGHEST GUST SPEED    21   HIGHEST GUST DIRECTION    SE (150)
  AVERAGE WIND SPEED     7.6



WEATHER CONDITIONS
 THE FOLLOWING WEATHER WAS RECORDED TODAY.
  FOG
  FOG W/VISIBILITY <= 1/4 MILE
  HAZE


RELATIVE HUMIDITY (PERCENT)
 HIGHEST   100           400 AM
 LOWEST     34           300 PM
 AVERAGE    67

..........................................................


THE GARDEN CITY REGIONAL ARPT KS CLIMATE NORMALS FOR TOMORROW
                         NORMAL    RECORD    YEAR
 MAXIMUM TEMPERATURE (F)   91       105      2010
                                             1964
 MINIMUM TEMPERATURE (F)   65        55      1974


SUNRISE AND SUNSET
AUGUST  1 2015........SUNRISE   646 AM CDT   SUNSET   852 PM CDT
AUGUST  2 2015........SUNRISE   647 AM CDT   SUNSET   851 PM CDT


-  INDICATES NEGATIVE NUMBERS.
R  INDICATES RECORD WAS SET OR TIED.
MM INDICATES DATA IS MISSING.
T  INDICATES TRACE AMOUNT.




$$
