000
CDUS43 KDDC 302331
CLIGCK


CLIMATE REPORT
NATIONAL WEATHER SERVICE DODGE CITY KS
631 PM CDT THU MAR 30 2017


...................................

...THE GARDEN CITY REGIONAL ARPT KS CLIMATE SUMMARY FOR MARCH 30 2017...
VALID TODAY AS OF 0500 PM LOCAL TIME.

CLIMATE NORMAL PERIOD 1981 TO 2010
CLIMATE RECORD PERIOD 1948 TO 2017


WEATHER ITEM   OBSERVED TIME   RECORD YEAR NORMAL DEPARTURE LAST
                VALUE   (LST)  VALUE       VALUE  FROM      YEAR
                                                  NORMAL
..................................................................
TEMPERATURE (F)
 TODAY
  MAXIMUM         60    359 PM  89    1986  62     -2       70
  MINIMUM         38    723 AM   2    1987  33      5       39
  AVERAGE         49                        48      1       55

PRECIPITATION (IN)
  TODAY            0.00          1.21 1973   0.06  -0.06     0.00
  MONTH TO DATE    2.47                      1.40   1.07      T
  SINCE MAR 1      2.47                      1.40   1.07      T
  SINCE JAN 1      3.76                      2.28   1.48     0.22

DEGREE DAYS
 HEATING
  TODAY           16                        17     -1       10
  MONTH TO DATE  488                       646   -158      499
  SINCE MAR 1    488                       646   -158      499
  SINCE JUL 1   3962                      4670   -708     3912

 COOLING
  TODAY            0                         0      0        0
  MONTH TO DATE    8                         0      8        0
  SINCE MAR 1      8                         0      8        0
  SINCE JAN 1      8                         0      8        1
..................................................................


WIND (MPH)
  HIGHEST WIND SPEED    23   HIGHEST WIND DIRECTION     N (350)
  HIGHEST GUST SPEED    29   HIGHEST GUST DIRECTION     N (340)
  AVERAGE WIND SPEED    14.1



WEATHER CONDITIONS
 THE FOLLOWING WEATHER WAS RECORDED TODAY.
  FOG


RELATIVE HUMIDITY (PERCENT)
 HIGHEST    92           100 AM
 LOWEST     42           400 PM
 AVERAGE    67

..........................................................


THE GARDEN CITY REGIONAL ARPT KS CLIMATE NORMALS FOR TOMORROW
                         NORMAL    RECORD    YEAR
 MAXIMUM TEMPERATURE (F)   63        89      1971
 MINIMUM TEMPERATURE (F)   33        11      1985


SUNRISE AND SUNSET
MARCH 30 2017.........SUNRISE   731 AM CDT   SUNSET   804 PM CDT
MARCH 31 2017.........SUNRISE   729 AM CDT   SUNSET   805 PM CDT


-  INDICATES NEGATIVE NUMBERS.
R  INDICATES RECORD WAS SET OR TIED.
MM INDICATES DATA IS MISSING.
T  INDICATES TRACE AMOUNT.




$$
