000
CDUS43 KDDC 141426
CLIGCK


CLIMATE REPORT
NATIONAL WEATHER SERVICE DODGE CITY KS
825 AM CST SUN FEB 14 2016


...................................

...THE GARDEN CITY REGIONAL ARPT KS CLIMATE SUMMARY FOR FEBRUARY 14 2016...
VALID AS OF 0800 AM LOCAL TIME.

CLIMATE NORMAL PERIOD 1981 TO 2010
CLIMATE RECORD PERIOD 1948 TO 2016


WEATHER ITEM   OBSERVED TIME   RECORD YEAR NORMAL DEPARTURE LAST
                VALUE   (LST)  VALUE       VALUE  FROM      YEAR
                                                  NORMAL
..................................................................
TEMPERATURE (F)
 TODAY
  MAXIMUM         31    421 AM  82    1954  48    -17       65
  MINIMUM         23    606 AM -10    2007  21      2       22
  AVERAGE         27                        34     -7       44

PRECIPITATION (IN)
  TODAY            0.00          0.40 1987   0.02  -0.02     0.00
  MONTH TO DATE    0.19                      0.24  -0.05      T
  SINCE DEC 1      1.32                      1.10   0.22     0.43
  SINCE JAN 1      0.22                      0.58  -0.36     0.38

..................................................................


WIND (MPH)
  HIGHEST WIND SPEED    24   HIGHEST WIND DIRECTION     N (350)
  HIGHEST GUST SPEED    30   HIGHEST GUST DIRECTION     N (350)



WEATHER CONDITIONS
 THE FOLLOWING WEATHER WAS RECORDED TODAY.
  NO SIGNIFICANT WEATHER WAS OBSERVED.


RELATIVE HUMIDITY (PERCENT)
 HIGHEST    96           600 AM
 LOWEST     78           200 AM

..........................................................


THE GARDEN CITY REGIONAL ARPT KS CLIMATE NORMALS FOR TOMORROW
                         NORMAL    RECORD    YEAR
 MAXIMUM TEMPERATURE (F)   48        70      2011
                                             1976
 MINIMUM TEMPERATURE (F)   21        -9      2007


SUNRISE AND SUNSET
FEBRUARY 14 2016......SUNRISE   734 AM CST   SUNSET   620 PM CST
FEBRUARY 15 2016......SUNRISE   733 AM CST   SUNSET   621 PM CST


-  INDICATES NEGATIVE NUMBERS.
R  INDICATES RECORD WAS SET OR TIED.
MM INDICATES DATA IS MISSING.
T  INDICATES TRACE AMOUNT.




$$
