000
CDUS43 KDDC 161007
CLIGCK


CLIMATE REPORT
NATIONAL WEATHER SERVICE DODGE CITY KS
506 AM CDT TUE SEP 16 2014


...................................

...THE GARDEN CITY REGIONAL ARPT KS CLIMATE SUMMARY FOR SEPTEMBER 15 2014...

CLIMATE NORMAL PERIOD 1981 TO 2010
CLIMATE RECORD PERIOD 1948 TO 2014


WEATHER ITEM   OBSERVED TIME   RECORD YEAR NORMAL DEPARTURE LAST
                VALUE   (LST)  VALUE       VALUE  FROM      YEAR
                                                  NORMAL
..................................................................
TEMPERATURE (F)
 YESTERDAY
  MAXIMUM         66   1207 AM 100    1990  83    -17       81
  MINIMUM         56    907 AM  36    1993  55      1       60
  AVERAGE         61                        68     -7       71

PRECIPITATION (IN)
  YESTERDAY        T             1.47 1976   0.05  -0.05     0.00
  MONTH TO DATE    1.47                      0.79   0.68     0.74
  SINCE SEP 1      1.47                      0.79   0.68     0.74
  SINCE JAN 1     19.12                     16.44   2.68    10.91

DEGREE DAYS
 HEATING
  YESTERDAY        4                         2      2
  MONTH TO DATE   56                        14     42
  SINCE SEP 1     56                        14     42
  SINCE JUL 1     66                        18     48

 COOLING
  YESTERDAY        0                         5     -5
  MONTH TO DATE   82                       109    -27
  SINCE SEP 1     82                       109    -27
  SINCE JAN 1   1242                      1225     17
..................................................................


WIND (MPH)
  HIGHEST WIND SPEED    23   HIGHEST WIND DIRECTION    NE (30)
  HIGHEST GUST SPEED    30   HIGHEST GUST DIRECTION    NE (30)
  AVERAGE WIND SPEED    10.9



WEATHER CONDITIONS
 THE FOLLOWING WEATHER WAS RECORDED YESTERDAY.
  LIGHT RAIN
  FOG
  HAZE


RELATIVE HUMIDITY (PERCENT)
 HIGHEST   100           600 AM
 LOWEST     67           500 PM
 AVERAGE    84

..........................................................


THE GARDEN CITY REGIONAL ARPT KS CLIMATE NORMALS FOR TODAY
                         NORMAL    RECORD    YEAR
 MAXIMUM TEMPERATURE (F)   82       102      2007
 MINIMUM TEMPERATURE (F)   54        38      1951


SUNRISE AND SUNSET
SEPTEMBER 16 2014.....SUNRISE   725 AM CDT   SUNSET   749 PM CDT
SEPTEMBER 17 2014.....SUNRISE   726 AM CDT   SUNSET   748 PM CDT


-  INDICATES NEGATIVE NUMBERS.
R  INDICATES RECORD WAS SET OR TIED.
MM INDICATES DATA IS MISSING.
T  INDICATES TRACE AMOUNT.




$$
