000
CDUS43 KDDC 110707
CLIGCK


CLIMATE REPORT
NATIONAL WEATHER SERVICE DODGE CITY KS
106 AM CST MON DEC 11 2017


...................................

...THE GARDEN CITY REGIONAL ARPT KS CLIMATE SUMMARY FOR DECEMBER 10 2017...

CLIMATE NORMAL PERIOD 1981 TO 2010
CLIMATE RECORD PERIOD 1948 TO 2017


WEATHER ITEM   OBSERVED TIME   RECORD YEAR NORMAL DEPARTURE LAST
                VALUE   (LST)  VALUE       VALUE  FROM      YEAR
                                                  NORMAL
..................................................................
TEMPERATURE (F)
 YESTERDAY
  MAXIMUM         65    401 PM  72    1996  45     20       46
  MINIMUM         27    619 AM -11    1972  19      8       15
  AVERAGE         46                        32     14       31

PRECIPITATION (IN)
  YESTERDAY        0.00          0.54 2007   0.02  -0.02     0.00
  MONTH TO DATE    0.00                      0.18  -0.18     0.03
  SINCE DEC 1      0.00                      0.18  -0.18     0.03
  SINCE JAN 1     20.57                     19.13   1.44    20.12

DEGREE DAYS
 HEATING
  YESTERDAY       19                        33    -14
  MONTH TO DATE  261                       317    -56
  SINCE DEC 1    261                       317    -56
  SINCE JUL 1   1217                      1406   -189

 COOLING
  YESTERDAY        0                         0      0
  MONTH TO DATE    0                         0      0
  SINCE DEC 1      0                         0      0
  SINCE JAN 1   1373                      1298     75
..................................................................


WIND (MPH)
  HIGHEST WIND SPEED    17   HIGHEST WIND DIRECTION    NW (330)
  HIGHEST GUST SPEED    22   HIGHEST GUST DIRECTION    NW (330)
  AVERAGE WIND SPEED    11.2



WEATHER CONDITIONS
 THE FOLLOWING WEATHER WAS RECORDED YESTERDAY.
  HAZE


RELATIVE HUMIDITY (PERCENT)
 HIGHEST    50          1200 AM
 LOWEST      7           300 PM
 AVERAGE    29

..........................................................


THE GARDEN CITY REGIONAL ARPT KS CLIMATE NORMALS FOR TODAY
                         NORMAL    RECORD    YEAR
 MAXIMUM TEMPERATURE (F)   45        69      1996
                                             2004
 MINIMUM TEMPERATURE (F)   19        -8      1961


SUNRISE AND SUNSET
DECEMBER 11 2017......SUNRISE   749 AM CST   SUNSET   524 PM CST
DECEMBER 12 2017......SUNRISE   750 AM CST   SUNSET   524 PM CST


-  INDICATES NEGATIVE NUMBERS.
R  INDICATES RECORD WAS SET OR TIED.
MM INDICATES DATA IS MISSING.
T  INDICATES TRACE AMOUNT.




$$
