000
CDUS41 KPHI 170628
CLIGED


CLIMATE REPORT
NATIONAL WEATHER SERVICE MOUNT HOLLY NJ
127 AM EST TUE JAN 17 2017


...................................

...THE GEORGETOWN DE CLIMATE SUMMARY FOR JANUARY 16 2017...

CLIMATE NORMAL PERIOD 1981 TO 2010
CLIMATE RECORD PERIOD 1948 TO 2017


WEATHER ITEM   OBSERVED TIME   RECORD YEAR NORMAL DEPARTURE LAST
                VALUE   (LST)  VALUE       VALUE  FROM      YEAR
                                                  NORMAL
..................................................................
TEMPERATURE (F)
 YESTERDAY
  MAXIMUM         45    331 PM  70    1995  43      2       55
  MINIMUM         28    748 AM   1    1982  26      2       43
  AVERAGE         37                        35      2       49

PRECIPITATION (IN)
  YESTERDAY        0.00          0.77 2013   0.09  -0.09     0.17
  MONTH TO DATE    2.14                      1.52   0.62     1.63
  SINCE DEC 1      4.94                      4.81   0.13     5.79
  SINCE JAN 1      2.14                      1.52   0.62     1.63

DEGREE DAYS
 HEATING
  YESTERDAY       28                        30     -2       16
  MONTH TO DATE  429                       477    -48      436
  SINCE DEC 1   1193                      1275    -82      837
  SINCE JUL 1   1827                      2059   -232     1477

 COOLING
  YESTERDAY        0                         0      0        0
  MONTH TO DATE    0                         0      0        0
  SINCE DEC 1      0                         0      0        9
  SINCE JAN 1      0                         0      0        0
..................................................................


WIND (MPH)
  HIGHEST WIND SPEED     7   HIGHEST WIND DIRECTION    NE (50)
  HIGHEST GUST SPEED     9   HIGHEST GUST DIRECTION     N (20)
  AVERAGE WIND SPEED     2.1


SKY COVER
  POSSIBLE SUNSHINE  MM
  AVERAGE SKY COVER 0.5


WEATHER CONDITIONS
 THE FOLLOWING WEATHER WAS RECORDED YESTERDAY.
  FOG


RELATIVE HUMIDITY (PERCENT)
 HIGHEST    92           800 AM
 LOWEST     45           100 PM
 AVERAGE    69

..........................................................


THE GEORGETOWN DE CLIMATE NORMALS FOR TODAY
                         NORMAL    RECORD    YEAR
 MAXIMUM TEMPERATURE (F)   43        63      1953
 MINIMUM TEMPERATURE (F)   26        -5      1982


SUNRISE AND SUNSET
JANUARY 17 2017.......SUNRISE   717 AM EST   SUNSET   507 PM EST
JANUARY 18 2017.......SUNRISE   717 AM EST   SUNSET   508 PM EST


-  INDICATES NEGATIVE NUMBERS.
R  INDICATES RECORD WAS SET OR TIED.
MM INDICATES DATA IS MISSING.
T  INDICATES TRACE AMOUNT.




$$
