000
CDUS41 KPHI 312127
CLIGED


CLIMATE REPORT
NATIONAL WEATHER SERVICE MOUNT HOLLY NJ
527 PM EDT TUE MAY 31 2016


...................................

...THE GEORGETOWN DE CLIMATE SUMMARY FOR MAY 31 2016...
VALID TODAY AS OF 0500 PM LOCAL TIME.

CLIMATE NORMAL PERIOD 1981 TO 2010
CLIMATE RECORD PERIOD 1948 TO 2016


WEATHER ITEM   OBSERVED TIME   RECORD YEAR NORMAL DEPARTURE LAST
                VALUE   (LST)  VALUE       VALUE  FROM      YEAR
                                                  NORMAL
..................................................................
TEMPERATURE (F)
 TODAY
  MAXIMUM         83    213 PM  96    1991  78      5       89
  MINIMUM         66    403 AM  41    1961  58      8       68
  AVERAGE         75                        68      7       79

PRECIPITATION (IN)
  TODAY            0.00          1.30 1984   0.13  -0.13     0.00
  MONTH TO DATE    6.40                      3.55   2.85     1.19
  SINCE MAR 1     11.76                     11.23   0.53     7.91
  SINCE JAN 1     18.23                     16.94   1.29    14.74

SNOWFALL (IN)
  TODAY           MM            MM      MM  MM     MM       MM
  MONTH TO DATE   MM                        MM     MM       MM
  SINCE MAR 1     MM                        MM     MM       MM
  SINCE JUL 1     MM                        MM     MM       MM
  SNOW DEPTH      MM

DEGREE DAYS
 HEATING
  TODAY            0                         1     -1        0
  MONTH TO DATE  159                       134     25       63
  SINCE MAR 1    981                      1113   -132     1128
  SINCE JUL 1   3659                      4393   -734     4616

 COOLING
  TODAY           10                         4      6       14
  MONTH TO DATE   69                        74     -5      170
  SINCE MAR 1     90                        94     -4      175
  SINCE JAN 1     90                        94     -4      175
..................................................................


WIND (MPH)
  HIGHEST WIND SPEED     9   HIGHEST WIND DIRECTION     E (70)
  HIGHEST GUST SPEED    13   HIGHEST GUST DIRECTION     E (80)
  AVERAGE WIND SPEED     2.7


SKY COVER
  POSSIBLE SUNSHINE  MM
  AVERAGE SKY COVER 0.8


WEATHER CONDITIONS
 THE FOLLOWING WEATHER WAS RECORDED TODAY.
  FOG


RELATIVE HUMIDITY (PERCENT)
 HIGHEST   100          1200 AM
 LOWEST     58           100 PM
 AVERAGE    79

..........................................................


THE GEORGETOWN DE CLIMATE NORMALS FOR TOMORROW
                         NORMAL    RECORD    YEAR
 MAXIMUM TEMPERATURE (F)   79        93      2011
                                             1991
 MINIMUM TEMPERATURE (F)   58        39      1967


SUNRISE AND SUNSET
MAY 31 2016...........SUNRISE   539 AM EDT   SUNSET   820 PM EDT
JUNE  1 2016..........SUNRISE   538 AM EDT   SUNSET   821 PM EDT


-  INDICATES NEGATIVE NUMBERS.
R  INDICATES RECORD WAS SET OR TIED.
MM INDICATES DATA IS MISSING.
T  INDICATES TRACE AMOUNT.




$$
