000
CDUS41 KPHI 050629
CLIGED


CLIMATE REPORT
NATIONAL WEATHER SERVICE MOUNT HOLLY NJ
129 AM EST MON DEC 5 2016


...................................

...THE GEORGETOWN DE CLIMATE SUMMARY FOR DECEMBER 4 2016...

CLIMATE NORMAL PERIOD 1981 TO 2010
CLIMATE RECORD PERIOD 1948 TO 2016


WEATHER ITEM   OBSERVED TIME   RECORD YEAR NORMAL DEPARTURE LAST
                VALUE   (LST)  VALUE       VALUE  FROM      YEAR
                                                  NORMAL
..................................................................
TEMPERATURE (F)
 YESTERDAY
  MAXIMUM         49    131 PM  73    2012  52     -3       51
  MINIMUM         34    629 AM  11    1976  33      1       32
  AVERAGE         42                        43     -1       42

PRECIPITATION (IN)
  YESTERDAY        0.01          1.50 1991   0.11  -0.10     0.00
  MONTH TO DATE    0.11                      0.47  -0.36     0.59
  SINCE DEC 1      0.11                      0.47  -0.36     0.59
  SINCE JAN 1     45.38                     40.95   4.43    35.80

SNOWFALL (IN)
  YESTERDAY       MM            MM      MM  MM     MM       MM
  MONTH TO DATE   MM                        MM     MM       MM
  SINCE DEC 1     MM                        MM     MM       MM
  SINCE JUL 1     MM                        MM     MM       MM
  SNOW DEPTH      MM

DEGREE DAYS
 HEATING
  YESTERDAY       23                        22      1       23
  MONTH TO DATE   76                        87    -11       56
  SINCE DEC 1     76                        87    -11       56
  SINCE JUL 1    710                       871   -161      696

 COOLING
  YESTERDAY        0                         0      0        0
  MONTH TO DATE    0                         0      0        0
  SINCE DEC 1      0                         0      0        0
  SINCE JAN 1   1506                      1196    310     1413
..................................................................


WIND (MPH)
  HIGHEST WIND SPEED    10   HIGHEST WIND DIRECTION     N (10)
  HIGHEST GUST SPEED    16   HIGHEST GUST DIRECTION     W (290)
  AVERAGE WIND SPEED     3.7


SKY COVER
  POSSIBLE SUNSHINE  MM
  AVERAGE SKY COVER 0.4


WEATHER CONDITIONS
 THE FOLLOWING WEATHER WAS RECORDED YESTERDAY.
  LIGHT RAIN


RELATIVE HUMIDITY (PERCENT)
 HIGHEST    82           700 AM
 LOWEST     46          1200 PM
 AVERAGE    64

..........................................................


THE GEORGETOWN DE CLIMATE NORMALS FOR TODAY
                         NORMAL    RECORD    YEAR
 MAXIMUM TEMPERATURE (F)   51        75      2001
 MINIMUM TEMPERATURE (F)   33        14      1966


SUNRISE AND SUNSET
DECEMBER  5 2016......SUNRISE   705 AM EST   SUNSET   440 PM EST
DECEMBER  6 2016......SUNRISE   706 AM EST   SUNSET   440 PM EST


-  INDICATES NEGATIVE NUMBERS.
R  INDICATES RECORD WAS SET OR TIED.
MM INDICATES DATA IS MISSING.
T  INDICATES TRACE AMOUNT.




$$
