000
CDUS41 KPHI 010632
CLIGED


CLIMATE REPORT
NATIONAL WEATHER SERVICE MOUNT HOLLY NJ
130 AM EST WED MAR 1 2017


...................................

...THE GEORGETOWN DE CLIMATE SUMMARY FOR FEBRUARY 28 2017...

CLIMATE NORMAL PERIOD 1981 TO 2010
CLIMATE RECORD PERIOD 1948 TO 2017


WEATHER ITEM   OBSERVED TIME   RECORD YEAR NORMAL DEPARTURE LAST
                VALUE   (LST)  VALUE       VALUE  FROM      YEAR
                                                  NORMAL
..................................................................
TEMPERATURE (F)
 YESTERDAY
  MAXIMUM         71    224 PM  74    1997  50     21       64
  MINIMUM         47    740 AM   8    1950  31     16       29
  AVERAGE         59                        40     19       47

PRECIPITATION (IN)
  YESTERDAY        0.36          1.03 1949   0.11   0.25     0.00
  MONTH TO DATE    1.11                      2.79  -1.68     3.60
  SINCE DEC 1      7.04                      9.00  -1.96    10.63
  SINCE JAN 1      4.24                      5.71  -1.47     6.47

DEGREE DAYS
 HEATING
  YESTERDAY        6                        25    -19       18
  MONTH TO DATE  531                       769   -238      709
  SINCE DEC 1   2051                      2496   -445     2024
  SINCE JUL 1   2685                      3280   -595     2664

 COOLING
  YESTERDAY        0                         0      0        0
  MONTH TO DATE    0                         0      0        0
  SINCE DEC 1      0                         0      0        9
  SINCE JAN 1      0                         0      0        0
..................................................................


WIND (MPH)
  HIGHEST WIND SPEED    14   HIGHEST WIND DIRECTION     S (160)
  HIGHEST GUST SPEED    19   HIGHEST GUST DIRECTION    SW (230)
  AVERAGE WIND SPEED     5.5


SKY COVER
  POSSIBLE SUNSHINE  MM
  AVERAGE SKY COVER 0.6


WEATHER CONDITIONS
 THE FOLLOWING WEATHER WAS RECORDED YESTERDAY.
  HEAVY RAIN
  RAIN
  LIGHT RAIN
  FOG


RELATIVE HUMIDITY (PERCENT)
 HIGHEST   100          1000 PM
 LOWEST     49           200 PM
 AVERAGE    75

..........................................................


THE GEORGETOWN DE CLIMATE NORMALS FOR TODAY
                         NORMAL    RECORD    YEAR
 MAXIMUM TEMPERATURE (F)   50        73      1976
 MINIMUM TEMPERATURE (F)   31        10      1980


SUNRISE AND SUNSET
MARCH  1 2017.........SUNRISE   633 AM EST   SUNSET   555 PM EST
MARCH  2 2017.........SUNRISE   632 AM EST   SUNSET   556 PM EST


-  INDICATES NEGATIVE NUMBERS.
R  INDICATES RECORD WAS SET OR TIED.
MM INDICATES DATA IS MISSING.
T  INDICATES TRACE AMOUNT.




$$
