000
CDUS41 KPHI 190544
CLIGED


CLIMATE REPORT
NATIONAL WEATHER SERVICE MOUNT HOLLY NJ
144 AM EDT THU OCT 19 2017


...................................

...THE GEORGETOWN DE CLIMATE SUMMARY FOR OCTOBER 18 2017...

CLIMATE NORMAL PERIOD 1981 TO 2010
CLIMATE RECORD PERIOD 1948 TO 2017


WEATHER ITEM   OBSERVED TIME   RECORD YEAR NORMAL DEPARTURE LAST
                VALUE   (LST)  VALUE       VALUE  FROM      YEAR
                                                  NORMAL
..................................................................
TEMPERATURE (F)
 YESTERDAY
  MAXIMUM         71    315 PM  84    2016  68      3       84
  MINIMUM         38    557 AM  26    1982  46     -8       61
  AVERAGE         55                        57     -2       73

PRECIPITATION (IN)
  YESTERDAY        0.00          2.71 1956   0.12  -0.12     0.00
  MONTH TO DATE    0.77                      2.17  -1.40     3.01
  SINCE SEP 1      2.96                      6.30  -3.34    15.30
  SINCE JAN 1     36.97                     35.57   1.40    44.66

DEGREE DAYS
 HEATING
  YESTERDAY       10                         8      2        0
  MONTH TO DATE   46                       110    -64       64
  SINCE SEP 1     57                       147    -90       71
  SINCE JUL 1     57                       148    -91       71

 COOLING
  YESTERDAY        0                         0      0        8
  MONTH TO DATE   80                        18     62       24
  SINCE SEP 1    271                       160    111      257
  SINCE JAN 1   1504                      1189    315     1471
..................................................................


WIND (MPH)
  HIGHEST WIND SPEED    10   HIGHEST WIND DIRECTION    SW (240)
  HIGHEST GUST SPEED    12   HIGHEST GUST DIRECTION    SW (230)
  AVERAGE WIND SPEED     2.3


SKY COVER
  POSSIBLE SUNSHINE  MM
  AVERAGE SKY COVER 0.0


WEATHER CONDITIONS
 THE FOLLOWING WEATHER WAS RECORDED YESTERDAY.
  NO SIGNIFICANT WEATHER WAS OBSERVED.


RELATIVE HUMIDITY (PERCENT)
 HIGHEST    93           700 AM
 LOWEST     35          1200 PM
 AVERAGE    64

..........................................................


THE GEORGETOWN DE CLIMATE NORMALS FOR TODAY
                         NORMAL    RECORD    YEAR
 MAXIMUM TEMPERATURE (F)   67        86      2016
 MINIMUM TEMPERATURE (F)   46        25      1976


SUNRISE AND SUNSET
OCTOBER 19 2017.......SUNRISE   715 AM EDT   SUNSET   617 PM EDT
OCTOBER 20 2017.......SUNRISE   716 AM EDT   SUNSET   616 PM EDT


-  INDICATES NEGATIVE NUMBERS.
R  INDICATES RECORD WAS SET OR TIED.
MM INDICATES DATA IS MISSING.
T  INDICATES TRACE AMOUNT.




$$
