000
CDUS41 KPHI 012130
CLIGED


CLIMATE REPORT
NATIONAL WEATHER SERVICE MOUNT HOLLY NJ
428 PM EST SUN FEB 1 2015


...................................

...THE GEORGETOWN DE CLIMATE SUMMARY FOR FEBRUARY 1 2015...
VALID TODAY AS OF 0400 PM LOCAL TIME.

CLIMATE NORMAL PERIOD 1981 TO 2010
CLIMATE RECORD PERIOD 1948 TO 2015


WEATHER ITEM   OBSERVED TIME   RECORD YEAR NORMAL DEPARTURE LAST
                VALUE   (LST)  VALUE       VALUE  FROM      YEAR
                                                  NORMAL
..................................................................
TEMPERATURE (F)
 TODAY
  MAXIMUM         43    220 PM  76    2002  44     -1       51
  MINIMUM         17    435 AM   0    1971  27    -10       23
  AVERAGE         30                        36     -6       37

PRECIPITATION (IN)
  TODAY            0.00          1.11 2008   0.11  -0.11     0.04
  MONTH TO DATE    0.00                      0.11  -0.11     0.04
  SINCE DEC 1      8.06                      6.32   1.74     7.97
  SINCE JAN 1      4.53                      3.03   1.50     3.08

SNOWFALL (IN)
  TODAY           MM            MM      MM  MM     MM       MM
  MONTH TO DATE   MM                        MM     MM       MM
  SINCE DEC 1     MM                        MM     MM       MM
  SINCE JUL 1     MM                        MM     MM       MM
  SNOW DEPTH      MM

DEGREE DAYS
 HEATING
  TODAY           35                        29      6       28
  MONTH TO DATE   35                        29      6       28
  SINCE DEC 1   1698                      1755    -57     1771
  SINCE JUL 1   2461                      2539    -78     2574

 COOLING
  TODAY            0                         0      0        0
  MONTH TO DATE    0                         0      0        0
  SINCE DEC 1      0                         0      0        4
  SINCE JAN 1      0                         0      0        0
..................................................................


WIND (MPH)
  HIGHEST WIND SPEED    12   HIGHEST WIND DIRECTION    SE (150)
  HIGHEST GUST SPEED    14   HIGHEST GUST DIRECTION    SE (150)
  AVERAGE WIND SPEED     2.4


SKY COVER
  POSSIBLE SUNSHINE  MM
  AVERAGE SKY COVER 0.4


WEATHER CONDITIONS
 THE FOLLOWING WEATHER WAS RECORDED TODAY.
  NO SIGNIFICANT WEATHER WAS OBSERVED.


RELATIVE HUMIDITY (PERCENT)
 HIGHEST    84           700 AM
 LOWEST     34           100 PM
 AVERAGE    59

..........................................................


THE GEORGETOWN DE CLIMATE NORMALS FOR TOMORROW
                         NORMAL    RECORD    YEAR
 MAXIMUM TEMPERATURE (F)   44        69      1988
 MINIMUM TEMPERATURE (F)   27         1      1961


SUNRISE AND SUNSET
FEBRUARY  1 2015......SUNRISE   707 AM EST   SUNSET   523 PM EST
FEBRUARY  2 2015......SUNRISE   707 AM EST   SUNSET   524 PM EST


-  INDICATES NEGATIVE NUMBERS.
R  INDICATES RECORD WAS SET OR TIED.
MM INDICATES DATA IS MISSING.
T  INDICATES TRACE AMOUNT.




$$
