000
CDUS41 KPHI 130553
CLIGED


CLIMATE REPORT
NATIONAL WEATHER SERVICE MOUNT HOLLY NJ
1252 AM EST WED DEC 13 2017


...................................

...THE GEORGETOWN DE CLIMATE SUMMARY FOR DECEMBER 12 2017...

CLIMATE NORMAL PERIOD 1981 TO 2010
CLIMATE RECORD PERIOD 1948 TO 2017


WEATHER ITEM   OBSERVED TIME   RECORD YEAR NORMAL DEPARTURE LAST
                VALUE   (LST)  VALUE       VALUE  FROM      YEAR
                                                  NORMAL
..................................................................
TEMPERATURE (F)
 YESTERDAY
  MAXIMUM         50   1225 PM  74    2015  49      1       51
  MINIMUM         28   1159 PM   8    1977  31     -3       36
  AVERAGE         39                        40     -1       44

PRECIPITATION (IN)
  YESTERDAY        T             1.30 1960   0.12  -0.12     0.32
  MONTH TO DATE    0.82                      1.39  -0.57     1.86
  SINCE DEC 1      0.82                      1.39  -0.57     1.86
  SINCE JAN 1     42.55                     41.87   0.68    47.13

DEGREE DAYS
 HEATING
  YESTERDAY       26                        25      1       21
  MONTH TO DATE  277                       278     -1      280
  SINCE DEC 1    277                       278     -1      280
  SINCE JUL 1    894                      1062   -168      914

 COOLING
  YESTERDAY        0                         0      0        0
  MONTH TO DATE    0                         0      0        0
  SINCE DEC 1      0                         0      0        0
  SINCE JAN 1   1517                      1196    321     1506
..................................................................


WIND (MPH)
  HIGHEST WIND SPEED    22   HIGHEST WIND DIRECTION    NW (300)
  HIGHEST GUST SPEED    34   HIGHEST GUST DIRECTION    NW (310)
  AVERAGE WIND SPEED     9.5


SKY COVER
  POSSIBLE SUNSHINE  MM
  AVERAGE SKY COVER 0.4


WEATHER CONDITIONS
 THE FOLLOWING WEATHER WAS RECORDED YESTERDAY.
  LIGHT RAIN


RELATIVE HUMIDITY (PERCENT)
 HIGHEST    76           200 AM
 LOWEST     39          1100 PM
 AVERAGE    58

..........................................................


THE GEORGETOWN DE CLIMATE NORMALS FOR TODAY
                         NORMAL    RECORD    YEAR
 MAXIMUM TEMPERATURE (F)   49        71      2015
 MINIMUM TEMPERATURE (F)   31         5      1958


SUNRISE AND SUNSET
DECEMBER 13 2017......SUNRISE   711 AM EST   SUNSET   441 PM EST
DECEMBER 14 2017......SUNRISE   712 AM EST   SUNSET   441 PM EST


-  INDICATES NEGATIVE NUMBERS.
R  INDICATES RECORD WAS SET OR TIED.
MM INDICATES DATA IS MISSING.
T  INDICATES TRACE AMOUNT.




$$
