000
CDUS41 KPHI 222127
CLIGED


CLIMATE REPORT
NATIONAL WEATHER SERVICE MOUNT HOLLY NJ
527 PM EDT FRI MAY 22 2015


...................................

...THE GEORGETOWN DE CLIMATE SUMMARY FOR MAY 22 2015...
VALID TODAY AS OF 0500 PM LOCAL TIME.

CLIMATE NORMAL PERIOD 1981 TO 2010
CLIMATE RECORD PERIOD 1948 TO 2015


WEATHER ITEM   OBSERVED TIME   RECORD YEAR NORMAL DEPARTURE LAST
                VALUE   (LST)  VALUE       VALUE  FROM      YEAR
                                                  NORMAL
..................................................................
TEMPERATURE (F)
 TODAY
  MAXIMUM         73    359 PM  92    1996  75     -2       82
  MINIMUM         48    359 AM  36    2002  55     -7       61
  AVERAGE         61                        65     -4       72

PRECIPITATION (IN)
  TODAY            0.00          1.31 1949   0.13  -0.13     0.89
  MONTH TO DATE    1.19                      2.36  -1.17     2.53
  SINCE MAR 1      7.91                     10.04  -2.13     9.40
  SINCE JAN 1     14.74                     15.75  -1.01    16.58

SNOWFALL (IN)
  TODAY           MM            MM      MM  MM     MM       MM
  MONTH TO DATE   MM                        MM     MM       MM
  SINCE MAR 1     MM                        MM     MM       MM
  SINCE JUL 1     MM                        MM     MM       MM
  SNOW DEPTH      MM

DEGREE DAYS
 HEATING
  TODAY            4                         3      1        0
  MONTH TO DATE   56                       115    -59       55
  SINCE MAR 1   1121                      1095     26     1133
  SINCE JUL 1   4609                      4375    234     4488

 COOLING
  TODAY            0                         3     -3        7
  MONTH TO DATE   91                        41     50       58
  SINCE MAR 1     96                        61     35       70
  SINCE JAN 1     96                        61     35       70
..................................................................


WIND (MPH)
  HIGHEST WIND SPEED    17   HIGHEST WIND DIRECTION     W (280)
  HIGHEST GUST SPEED    25   HIGHEST GUST DIRECTION     W (280)
  AVERAGE WIND SPEED     7.8


SKY COVER
  POSSIBLE SUNSHINE  MM
  AVERAGE SKY COVER 0.1


WEATHER CONDITIONS
 THE FOLLOWING WEATHER WAS RECORDED TODAY.
  FOG


RELATIVE HUMIDITY (PERCENT)
 HIGHEST   100           200 AM
 LOWEST     31           300 PM
 AVERAGE    66

..........................................................


THE GEORGETOWN DE CLIMATE NORMALS FOR TOMORROW
                         NORMAL    RECORD    YEAR
 MAXIMUM TEMPERATURE (F)   76        93      1964
 MINIMUM TEMPERATURE (F)   55        39      2006


SUNRISE AND SUNSET
MAY 22 2015...........SUNRISE   544 AM EDT   SUNSET   812 PM EDT
MAY 23 2015...........SUNRISE   543 AM EDT   SUNSET   813 PM EDT


-  INDICATES NEGATIVE NUMBERS.
R  INDICATES RECORD WAS SET OR TIED.
MM INDICATES DATA IS MISSING.
T  INDICATES TRACE AMOUNT.




$$
