000
CDUS41 KPHI 050640
CLIGED


CLIMATE REPORT
NATIONAL WEATHER SERVICE MOUNT HOLLY NJ
225 AM EDT SUN JUL 5 2015


...................................

...THE GEORGETOWN DE CLIMATE SUMMARY FOR JULY 4 2015...

CLIMATE NORMAL PERIOD 1981 TO 2010
CLIMATE RECORD PERIOD 1948 TO 2015


WEATHER ITEM   OBSERVED TIME   RECORD YEAR NORMAL DEPARTURE LAST
                VALUE   (LST)  VALUE       VALUE  FROM      YEAR
                                                  NORMAL
..................................................................
TEMPERATURE (F)
 YESTERDAY
  MAXIMUM         80    425 PM 100    1966  86     -6       79
  MINIMUM         68   1047 PM  51    1986  67      1       64
  AVERAGE         74                        76     -2       72

PRECIPITATION (IN)
  YESTERDAY        0.02          2.60 2014   0.15  -0.13     2.60
  MONTH TO DATE    0.81                      0.64   0.17     2.60
  SINCE JUN 1      5.64                      5.25   0.39     4.37
  SINCE JAN 1     20.38                     22.19  -1.81    21.56

SNOWFALL (IN)
  YESTERDAY       MM            MM      MM  MM     MM       MM
  MONTH TO DATE   MM                        MM     MM       MM
  SINCE JUN 1     MM                        MM     MM       MM
  SINCE JUL 1     MM                        MM     MM       MM
  SNOW DEPTH      MM

DEGREE DAYS
 HEATING
  YESTERDAY        0                         0      0        0
  MONTH TO DATE    0                         0      0        0
  SINCE JUN 1     21                        13      8        5
  SINCE JUL 1      0                         0      0        0

 COOLING
  YESTERDAY        9                        11     -2        7
  MONTH TO DATE   35                        44     -9       64
  SINCE JUN 1    328                       283     45      318
  SINCE JAN 1    503                       377    126      419
..................................................................


WIND (MPH)
  HIGHEST WIND SPEED    14   HIGHEST WIND DIRECTION    SE (130)
  HIGHEST GUST SPEED    16   HIGHEST GUST DIRECTION     E (100)
  AVERAGE WIND SPEED     6.5


SKY COVER
  POSSIBLE SUNSHINE  MM
  AVERAGE SKY COVER 0.6


WEATHER CONDITIONS
 THE FOLLOWING WEATHER WAS RECORDED YESTERDAY.
  LIGHT RAIN


RELATIVE HUMIDITY (PERCENT)
 HIGHEST    97           900 PM
 LOWEST     62           200 PM
 AVERAGE    80

..........................................................


THE GEORGETOWN DE CLIMATE NORMALS FOR TODAY
                         NORMAL    RECORD    YEAR
 MAXIMUM TEMPERATURE (F)   86       100      2012
 MINIMUM TEMPERATURE (F)   67        50      1971


SUNRISE AND SUNSET
JULY  5 2015..........SUNRISE   542 AM EDT   SUNSET   829 PM EDT
JULY  6 2015..........SUNRISE   543 AM EDT   SUNSET   829 PM EDT


-  INDICATES NEGATIVE NUMBERS.
R  INDICATES RECORD WAS SET OR TIED.
MM INDICATES DATA IS MISSING.
T  INDICATES TRACE AMOUNT.




$$
