000
CDUS41 KPHI 260626
CLIGED


CLIMATE REPORT
NATIONAL WEATHER SERVICE MOUNT HOLLY NJ
226 AM EDT THU MAR 26 2015


...................................

...THE GEORGETOWN DE CLIMATE SUMMARY FOR MARCH 25 2015...

CLIMATE NORMAL PERIOD 1981 TO 2010
CLIMATE RECORD PERIOD 1948 TO 2015


WEATHER ITEM   OBSERVED TIME   RECORD YEAR NORMAL DEPARTURE LAST
                VALUE   (LST)  VALUE       VALUE  FROM      YEAR
                                                  NORMAL
..................................................................
TEMPERATURE (F)
 YESTERDAY
  MAXIMUM         54   1159 PM  79    1959  57     -3       40
  MINIMUM         23    344 AM  20    1956  38    -15       23
  AVERAGE         39                        47     -8       32

PRECIPITATION (IN)
  YESTERDAY        0.02          1.79 1979   0.14  -0.12     0.16
  MONTH TO DATE    3.21                      3.13   0.08     1.72
  SINCE MAR 1      3.21                      3.13   0.08     1.72
  SINCE JAN 1     10.04                      8.84   1.20     8.90

SNOWFALL (IN)
  YESTERDAY       MM            MM      MM  MM     MM       MM
  MONTH TO DATE   MM                        MM     MM       MM
  SINCE MAR 1     MM                        MM     MM       MM
  SINCE JUL 1     MM                        MM     MM       MM
  SNOW DEPTH      MM

DEGREE DAYS
 HEATING
  YESTERDAY       26                        18      8       33
  MONTH TO DATE  638                       533    105      629
  SINCE MAR 1    638                       533    105      629
  SINCE JUL 1   4126                      3813    313     3984

 COOLING
  YESTERDAY        0                         0      0        0
  MONTH TO DATE    0                         0      0        0
  SINCE MAR 1      0                         0      0        0
  SINCE JAN 1      0                         0      0        0
..................................................................


WIND (MPH)
  HIGHEST WIND SPEED    15   HIGHEST WIND DIRECTION     E (100)
  HIGHEST GUST SPEED    19   HIGHEST GUST DIRECTION     E (100)
  AVERAGE WIND SPEED     4.4


SKY COVER
  POSSIBLE SUNSHINE  MM
  AVERAGE SKY COVER 0.6


WEATHER CONDITIONS
 THE FOLLOWING WEATHER WAS RECORDED YESTERDAY.
  LIGHT RAIN
  FOG


RELATIVE HUMIDITY (PERCENT)
 HIGHEST   100           900 PM
 LOWEST     58          1000 AM
 AVERAGE    79

..........................................................


THE GEORGETOWN DE CLIMATE NORMALS FOR TODAY
                         NORMAL    RECORD    YEAR
 MAXIMUM TEMPERATURE (F)   58        78      2004
                                             1988
 MINIMUM TEMPERATURE (F)   38        17      1974


SUNRISE AND SUNSET
MARCH 26 2015.........SUNRISE   656 AM EDT   SUNSET   719 PM EDT
MARCH 27 2015.........SUNRISE   654 AM EDT   SUNSET   720 PM EDT


-  INDICATES NEGATIVE NUMBERS.
R  INDICATES RECORD WAS SET OR TIED.
MM INDICATES DATA IS MISSING.
T  INDICATES TRACE AMOUNT.




$$
