000
CDUS41 KPHI 300632
CLIGED


CLIMATE REPORT
NATIONAL WEATHER SERVICE MOUNT HOLLY NJ
231 AM EDT SUN AUG 30 2015


...................................

...THE GEORGETOWN DE CLIMATE SUMMARY FOR AUGUST 29 2015...

CLIMATE NORMAL PERIOD 1981 TO 2010
CLIMATE RECORD PERIOD 1948 TO 2015


WEATHER ITEM   OBSERVED TIME   RECORD YEAR NORMAL DEPARTURE LAST
                VALUE   (LST)  VALUE       VALUE  FROM      YEAR
                                                  NORMAL
..................................................................
TEMPERATURE (F)
 YESTERDAY
  MAXIMUM         86    249 PM  97    1953  83      3       79
  MINIMUM         57    603 AM  42    1986  65     -8       56
  AVERAGE         72                        74     -2       68

PRECIPITATION (IN)
  YESTERDAY        0.00          3.70 1983   0.11  -0.11     0.00
  MONTH TO DATE    2.32                      3.31  -0.99     4.31
  SINCE JUN 1     10.46                     12.11  -1.65    13.10
  SINCE JAN 1     25.20                     29.05  -3.85    30.29

SNOWFALL (IN)
  YESTERDAY       MM            MM      MM  MM     MM       MM
  MONTH TO DATE   MM                        MM     MM       MM
  SINCE JUN 1     MM                        MM     MM       MM
  SINCE JUL 1     MM                        MM     MM       MM
  SNOW DEPTH      MM

DEGREE DAYS
 HEATING
  YESTERDAY        0                         0      0        0
  MONTH TO DATE    0                         0      0        0
  SINCE JUN 1     21                        13      8        5
  SINCE JUL 1      0                         0      0        0

 COOLING
  YESTERDAY        7                         9     -2        3
  MONTH TO DATE  297                       313    -16      228
  SINCE JUN 1    970                       919     51      826
  SINCE JAN 1   1145                      1013    132      927
..................................................................


WIND (MPH)
  HIGHEST WIND SPEED    17   HIGHEST WIND DIRECTION    SE (150)
  HIGHEST GUST SPEED    22   HIGHEST GUST DIRECTION    SE (150)
  AVERAGE WIND SPEED     4.0


SKY COVER
  POSSIBLE SUNSHINE  MM
  AVERAGE SKY COVER 0.2


WEATHER CONDITIONS
 THE FOLLOWING WEATHER WAS RECORDED YESTERDAY.
  NO SIGNIFICANT WEATHER WAS OBSERVED.


RELATIVE HUMIDITY (PERCENT)
 HIGHEST    93           400 AM
 LOWEST     43          1100 AM
 AVERAGE    68

..........................................................


THE GEORGETOWN DE CLIMATE NORMALS FOR TODAY
                         NORMAL    RECORD    YEAR
 MAXIMUM TEMPERATURE (F)   83        97      1953
 MINIMUM TEMPERATURE (F)   64        42      1986


SUNRISE AND SUNSET
AUGUST 30 2015........SUNRISE   629 AM EDT   SUNSET   735 PM EDT
AUGUST 31 2015........SUNRISE   629 AM EDT   SUNSET   733 PM EDT


-  INDICATES NEGATIVE NUMBERS.
R  INDICATES RECORD WAS SET OR TIED.
MM INDICATES DATA IS MISSING.
T  INDICATES TRACE AMOUNT.




$$
