000
CDUS46 KOTX 260831
CLIGEG


CLIMATE REPORT
NATIONAL WEATHER SERVICE SPOKANE, WA
131 AM PDT THU MAY 26 2016


...................................

...THE SPOKANE WA AIRPORT CLIMATE SUMMARY FOR MAY 25 2016...

CLIMATE NORMAL PERIOD 1981 TO 2010
CLIMATE RECORD PERIOD 1881 TO 2016


WEATHER ITEM   OBSERVED TIME   RECORD YEAR NORMAL DEPARTURE LAST
                VALUE   (LST)  VALUE       VALUE  FROM      YEAR
                                                  NORMAL
..................................................................
TEMPERATURE (F)
 YESTERDAY
  MAXIMUM         72    413 PM  97    1928  69      3       63
  MINIMUM         47    458 AM  31    1964  46      1       53
  AVERAGE         60                        58      2       58

PRECIPITATION (IN)
  YESTERDAY        0.00          0.74 1997   0.06  -0.06     0.30
  MONTH TO DATE    0.78                      1.25  -0.47     0.81
  SINCE OCT 1     14.22                     13.04   1.18    11.45
  SINCE JAN 1      7.86                      7.26   0.60     6.72

SNOWFALL (IN)
  YESTERDAY        0.0           0.0  2002   0.0    0.0      0.0
                                      2001
                                      2000
  MONTH TO DATE    0.0                       0.1   -0.1      0.0
  SINCE MAR 1      0.6                       4.6   -4.0      1.9
  SINCE JUL 1     34.2                      44.9  -10.7     17.6
  SNOW DEPTH       0

DEGREE DAYS
 HEATING
  YESTERDAY        5                         8     -3        7
  MONTH TO DATE  151                       276   -125      148
  SINCE MAR 1   1142                      1583   -441     1264
  SINCE JUL 1   5431                      6412   -981     5386

 COOLING
  YESTERDAY        0                         1     -1        0
  MONTH TO DATE    6                         4      2       15
  SINCE MAR 1     12                         4      8       15
  SINCE JAN 1     12                         4      8       15
..................................................................


WIND (MPH)
  HIGHEST WIND SPEED    21   HIGHEST WIND DIRECTION     W (250)
  HIGHEST GUST SPEED    27   HIGHEST GUST DIRECTION    SW (240)
  AVERAGE WIND SPEED    10.5


SKY COVER
  POSSIBLE SUNSHINE  MM
  AVERAGE SKY COVER 0.7


WEATHER CONDITIONS
 THE FOLLOWING WEATHER WAS RECORDED YESTERDAY.
  NO SIGNIFICANT WEATHER WAS OBSERVED.


RELATIVE HUMIDITY (PERCENT)
 HIGHEST    93           500 AM
 LOWEST     33           600 PM
 AVERAGE    63

..........................................................


THE SPOKANE WA AIRPORT CLIMATE NORMALS FOR TODAY
                         NORMAL    RECORD    YEAR
 MAXIMUM TEMPERATURE (F)   69        93      1936
 MINIMUM TEMPERATURE (F)   47        35      1991
                                             1973
                                             1954


SUNRISE AND SUNSET
MAY 26 2016...........SUNRISE   500 AM PDT   SUNSET   835 PM PDT
MAY 27 2016...........SUNRISE   500 AM PDT   SUNSET   836 PM PDT


-  INDICATES NEGATIVE NUMBERS.
R  INDICATES RECORD WAS SET OR TIED.
MM INDICATES DATA IS MISSING.
T  INDICATES TRACE AMOUNT.




$$
