000
CDUS46 KOTX 220821
CLIGEG


CLIMATE REPORT
NATIONAL WEATHER SERVICE SPOKANE, WA
121 AM PDT MON SEP 22 2014


...................................

...THE SPOKANE WA AIRPORT CLIMATE SUMMARY FOR SEPTEMBER 21 2014...

CLIMATE NORMAL PERIOD 1981 TO 2010
CLIMATE RECORD PERIOD 1881 TO 2014


WEATHER ITEM   OBSERVED TIME   RECORD YEAR NORMAL DEPARTURE LAST
                VALUE   (LST)  VALUE       VALUE  FROM      YEAR
                                                  NORMAL
..................................................................
TEMPERATURE (F)
 YESTERDAY
  MAXIMUM         88    349 PM  92    1967  71     17       65
                                      1938
  MINIMUM         57    533 AM  30    1895  46     11       50
  AVERAGE         73                        58     15       58

PRECIPITATION (IN)
  YESTERDAY        0.00          0.53 1959   0.03  -0.03      T
  MONTH TO DATE    0.22                      0.46  -0.24     0.50
  SINCE OCT 1     12.55                     16.35  -3.80    15.33
  SINCE JAN 1     10.22                     10.57  -0.35     7.97

SNOWFALL (IN)
  YESTERDAY        0.0           0.0  2002   0.0    0.0      0.0
                                      2001
                                      1999
  MONTH TO DATE    0.0                       0.0    0.0      0.0
  SINCE SEP 1      0.0                       0.0    0.0      0.0
  SINCE JUL 1      0.0                       0.0    0.0      0.0
  SNOW DEPTH       0

DEGREE DAYS
 HEATING
  YESTERDAY        0                         8     -8        7
  MONTH TO DATE   68                       101    -33       37
  SINCE SEP 1     68                       101    -33       37
  SINCE JUL 1     80                       166    -86       44

 COOLING
  YESTERDAY        8                         1      7        0
  MONTH TO DATE   35                        34      1      108
  SINCE SEP 1     35                        34      1      108
  SINCE JAN 1    641                       445    196      709
..................................................................


WIND (MPH)
  HIGHEST WIND SPEED    12   HIGHEST WIND DIRECTION    NE (50)
  HIGHEST GUST SPEED    14   HIGHEST GUST DIRECTION    NE (40)
  AVERAGE WIND SPEED     5.2


SKY COVER
  POSSIBLE SUNSHINE  MM
  AVERAGE SKY COVER 0.2


WEATHER CONDITIONS
 THE FOLLOWING WEATHER WAS RECORDED YESTERDAY.
  NO SIGNIFICANT WEATHER WAS OBSERVED.


RELATIVE HUMIDITY (PERCENT)
 HIGHEST    62           500 AM
 LOWEST     17           400 PM
 AVERAGE    40

..........................................................


THE SPOKANE WA AIRPORT CLIMATE NORMALS FOR TODAY
                         NORMAL    RECORD    YEAR
 MAXIMUM TEMPERATURE (F)   70        93      1966
 MINIMUM TEMPERATURE (F)   45        31      1991


SUNRISE AND SUNSET
SEPTEMBER 22 2014.....SUNRISE   637 AM PDT   SUNSET   648 PM PDT
SEPTEMBER 23 2014.....SUNRISE   638 AM PDT   SUNSET   646 PM PDT


-  INDICATES NEGATIVE NUMBERS.
R  INDICATES RECORD WAS SET OR TIED.
MM INDICATES DATA IS MISSING.
T  INDICATES TRACE AMOUNT.




$$
