000
CDUS46 KOTX 162339
CLIGEG


CLIMATE REPORT
NATIONAL WEATHER SERVICE SPOKANE, WA
439 PM PDT MON OCT 16 2017


...................................

...THE SPOKANE WA AIRPORT CLIMATE SUMMARY FOR OCTOBER 16 2017...
VALID AS OF 0400 PM LOCAL TIME.

CLIMATE NORMAL PERIOD 1981 TO 2010
CLIMATE RECORD PERIOD 1881 TO 2017


WEATHER ITEM   OBSERVED TIME   RECORD YEAR NORMAL DEPARTURE LAST
                VALUE   (LST)  VALUE       VALUE  FROM      YEAR
                                                  NORMAL
..................................................................
TEMPERATURE (F)
 TODAY
  MAXIMUM         63    258 PM  79    1927  58      5       56
  MINIMUM         35    719 AM  18    1999  37     -2       44
  AVERAGE         49                        48      1       50

PRECIPITATION (IN)
  TODAY            0.00          0.87 1947   0.04  -0.04     0.10
  MONTH TO DATE    0.35                      0.45  -0.10     2.94
  SINCE OCT 1      0.35                      0.45  -0.10     2.94
  SINCE JAN 1     15.53                     11.23   4.30    11.95

SNOWFALL (IN)
  TODAY            0.0           T    1993   0.0    0.0      0.0
  MONTH TO DATE    T                         0.0    0.0      0.0
  SINCE SEP 1      T                         0.0    0.0      0.0
  SINCE JUL 1      T                         0.0    0.0      0.0
  SNOW DEPTH      MM

DEGREE DAYS
 HEATING
  TODAY           16                        18     -2       15
  MONTH TO DATE  277                       230     47      248
  SINCE SEP 1    443                       413     30      406
  SINCE JUL 1    446                       478    -32      436

 COOLING
  TODAY            0                         0      0        0
  MONTH TO DATE    0                         0      0        0
  SINCE SEP 1     89                        38     51        7
  SINCE JAN 1    794                       449    345      494
..................................................................


WIND (MPH)
  HIGHEST WIND SPEED    18   HIGHEST WIND DIRECTION    SW (210)
  HIGHEST GUST SPEED    23   HIGHEST GUST DIRECTION    SW (230)
  AVERAGE WIND SPEED     6.6


SKY COVER
  POSSIBLE SUNSHINE  MM
  AVERAGE SKY COVER 0.2


WEATHER CONDITIONS
 THE FOLLOWING WEATHER WAS RECORDED TODAY.
  NO SIGNIFICANT WEATHER WAS OBSERVED.


RELATIVE HUMIDITY (PERCENT)
 HIGHEST    92           500 AM
 LOWEST     30           200 PM
 AVERAGE    61

..........................................................


THE SPOKANE WA AIRPORT CLIMATE NORMALS FOR TOMORROW
                         NORMAL    RECORD    YEAR
 MAXIMUM TEMPERATURE (F)   58        75      2015
 MINIMUM TEMPERATURE (F)   37        18      1971


SUNRISE AND SUNSET
OCTOBER 16 2017.......SUNRISE   711 AM PDT   SUNSET   600 PM PDT
OCTOBER 17 2017.......SUNRISE   712 AM PDT   SUNSET   558 PM PDT


-  INDICATES NEGATIVE NUMBERS.
R  INDICATES RECORD WAS SET OR TIED.
MM INDICATES DATA IS MISSING.
T  INDICATES TRACE AMOUNT.




$$
