000
CDUS46 KOTX 290826
CLIGEG


CLIMATE REPORT
NATIONAL WEATHER SERVICE SPOKANE, WA
126 AM PDT THU JUN 29 2017


...................................

...THE SPOKANE WA AIRPORT CLIMATE SUMMARY FOR JUNE 28 2017...

CLIMATE NORMAL PERIOD 1981 TO 2010
CLIMATE RECORD PERIOD 1881 TO 2017


WEATHER ITEM   OBSERVED TIME   RECORD YEAR NORMAL DEPARTURE LAST
                VALUE   (LST)  VALUE       VALUE  FROM      YEAR
                                                  NORMAL
..................................................................
TEMPERATURE (F)
 YESTERDAY
  MAXIMUM         80    418 PM 105    2015  78      2       92
  MINIMUM         52    501 AM  39    1964  53     -1       61
  AVERAGE         66                        65      1       77

PRECIPITATION (IN)
  YESTERDAY        0.07          0.58 1941   0.02   0.05     0.00
  MONTH TO DATE    0.71                      1.19  -0.48     0.51
  SINCE OCT 1     23.26                     14.60   8.66    14.73
  SINCE JAN 1     13.97                      8.82   5.15     8.37

SNOWFALL (IN)
  YESTERDAY        0.0           0.0  2002   0.0    0.0      0.0
                                      2001
                                      2000
  MONTH TO DATE    0.0                       0.0    0.0      0.0
  SINCE JUN 1      0.0                       0.0    0.0      0.0
  SINCE JUL 1     61.5                      44.9   16.6     34.2
  SNOW DEPTH       0

DEGREE DAYS
 HEATING
  YESTERDAY        0                         3     -3        0
  MONTH TO DATE   66                       131    -65      110
  SINCE JUN 1     66                       131    -65      110
  SINCE JUL 1   6628                      6588     40     5588

 COOLING
  YESTERDAY        1                         3     -2       12
  MONTH TO DATE   80                        43     37       90
  SINCE JUN 1     80                        43     37       90
  SINCE JAN 1    115                        57     58      102
..................................................................


WIND (MPH)
  HIGHEST WIND SPEED    23   HIGHEST WIND DIRECTION     N (10)
  HIGHEST GUST SPEED    27   HIGHEST GUST DIRECTION     N (350)
  AVERAGE WIND SPEED     9.9


SKY COVER
  POSSIBLE SUNSHINE  MM
  AVERAGE SKY COVER 0.5


WEATHER CONDITIONS
 THE FOLLOWING WEATHER WAS RECORDED YESTERDAY.
  RAIN
  LIGHT RAIN


RELATIVE HUMIDITY (PERCENT)
 HIGHEST    93           900 PM
 LOWEST     25           400 PM
 AVERAGE    59

..........................................................


THE SPOKANE WA AIRPORT CLIMATE NORMALS FOR TODAY
                         NORMAL    RECORD    YEAR
 MAXIMUM TEMPERATURE (F)   78        98      1939
 MINIMUM TEMPERATURE (F)   53        37      1965


SUNRISE AND SUNSET
JUNE 29 2017..........SUNRISE   455 AM PDT   SUNSET   852 PM PDT
JUNE 30 2017..........SUNRISE   456 AM PDT   SUNSET   852 PM PDT


-  INDICATES NEGATIVE NUMBERS.
R  INDICATES RECORD WAS SET OR TIED.
MM INDICATES DATA IS MISSING.
T  INDICATES TRACE AMOUNT.




$$
