000
CDUS46 KOTX 260833
CLIGEG


CLIMATE REPORT
NATIONAL WEATHER SERVICE SPOKANE, WA
133 AM PDT SAT JUL 26 2014


...................................

...THE SPOKANE WA AIRPORT CLIMATE SUMMARY FOR JULY 25 2014...

CLIMATE NORMAL PERIOD 1981 TO 2010
CLIMATE RECORD PERIOD 1881 TO 2014


WEATHER ITEM   OBSERVED TIME   RECORD YEAR NORMAL DEPARTURE LAST
                VALUE   (LST)  VALUE       VALUE  FROM      YEAR
                                                  NORMAL
..................................................................
TEMPERATURE (F)
 YESTERDAY
  MAXIMUM         77    529 PM 104    1928  86     -9       95
  MINIMUM         51    551 AM  46    1882  58     -7       65
  AVERAGE         64                        72     -8       80

PRECIPITATION (IN)
  YESTERDAY        0.00          0.76 1990   0.02  -0.02     0.00
  MONTH TO DATE    0.18                      0.55  -0.37      T
  SINCE OCT 1     11.75                     15.21  -3.46    14.15
  SINCE JAN 1      9.42                      9.43  -0.01     6.79

SNOWFALL (IN)
  YESTERDAY        0.0           0.0  2002   0.0    0.0      0.0
                                      2001
                                      2000
  MONTH TO DATE    0.0                       0.0    0.0      0.0
  SINCE JUN 1      0.0                       0.0    0.0      0.0
  SINCE JUL 1      0.0                       0.0    0.0      0.0
  SNOW DEPTH       0

DEGREE DAYS
 HEATING
  YESTERDAY        1                         0      1        0
  MONTH TO DATE    7                        31    -24        0
  SINCE JUN 1    113                       167    -54      140
  SINCE JUL 1      7                        31    -24        0

 COOLING
  YESTERDAY        0                         7     -7       15
  MONTH TO DATE  253                       136    117      231
  SINCE JUN 1    267                       185     82      279
  SINCE JAN 1    273                       199     74      309
..................................................................


WIND (MPH)
  HIGHEST WIND SPEED    15   HIGHEST WIND DIRECTION    SW (240)
  HIGHEST GUST SPEED    21   HIGHEST GUST DIRECTION    SW (230)
  AVERAGE WIND SPEED     7.1


SKY COVER
  POSSIBLE SUNSHINE  MM
  AVERAGE SKY COVER 0.2


WEATHER CONDITIONS
 THE FOLLOWING WEATHER WAS RECORDED YESTERDAY.
  NO SIGNIFICANT WEATHER WAS OBSERVED.


RELATIVE HUMIDITY (PERCENT)
 HIGHEST    71           300 AM
 LOWEST     22           400 PM
 AVERAGE    47

..........................................................


THE SPOKANE WA AIRPORT CLIMATE NORMALS FOR TODAY
                         NORMAL    RECORD    YEAR
 MAXIMUM TEMPERATURE (F)   86       108      1928
 MINIMUM TEMPERATURE (F)   58        42      1969


SUNRISE AND SUNSET
JULY 26 2014..........SUNRISE   520 AM PDT   SUNSET   832 PM PDT
JULY 27 2014..........SUNRISE   521 AM PDT   SUNSET   831 PM PDT


-  INDICATES NEGATIVE NUMBERS.
R  INDICATES RECORD WAS SET OR TIED.
MM INDICATES DATA IS MISSING.
T  INDICATES TRACE AMOUNT.




$$
