000
CDUS46 KOTX 302356
CLIGEG


CLIMATE REPORT
NATIONAL WEATHER SERVICE SPOKANE, WA
455 PM PDT SUN APR 30 2017


...................................

...THE SPOKANE WA AIRPORT CLIMATE SUMMARY FOR APRIL 30 2017...
VALID AS OF 0400 PM LOCAL TIME.

CLIMATE NORMAL PERIOD 1981 TO 2010
CLIMATE RECORD PERIOD 1881 TO 2017


WEATHER ITEM   OBSERVED TIME   RECORD YEAR NORMAL DEPARTURE LAST
                VALUE   (LST)  VALUE       VALUE  FROM      YEAR
                                                  NORMAL
..................................................................
TEMPERATURE (F)
 TODAY
  MAXIMUM         61    206 PM  82    1981  62     -1       64
  MINIMUM         45    538 AM  26    1972  39      6       46
                                      1881
  AVERAGE         53                        50      3       55

PRECIPITATION (IN)
  TODAY            T             0.51 1915   0.04  -0.04      T
  MONTH TO DATE    1.60                      1.28   0.32     0.32
  SINCE OCT 1     21.24                     11.79   9.45    13.44
  SINCE JAN 1     11.95                      6.01   5.94     7.08

SNOWFALL (IN)
  TODAY            0.0           T    2013   0.0    0.0      0.0
                                      1969
  MONTH TO DATE    0.5                       1.0   -0.5      0.0
  SINCE MAR 1      5.9                       4.5    1.4      0.6
  SINCE JUL 1     61.5                      44.8   16.7     34.2
  SNOW DEPTH       0

DEGREE DAYS
 HEATING
  TODAY           12                        15     -3       10
  MONTH TO DATE  555                       541     14      308
  SINCE MAR 1   1296                      1307    -11      991
  SINCE JUL 1   6289                      6136    153     5280

 COOLING
  TODAY            0                         0      0        0
  MONTH TO DATE    0                         0      0        6
  SINCE MAR 1      0                         0      0        6
  SINCE JAN 1      0                         0      0        6
..................................................................


WIND (MPH)
  HIGHEST WIND SPEED    28   HIGHEST WIND DIRECTION     W (260)
  HIGHEST GUST SPEED    34   HIGHEST GUST DIRECTION     W (250)
  AVERAGE WIND SPEED    17.4


SKY COVER
  POSSIBLE SUNSHINE  MM
  AVERAGE SKY COVER 0.8


WEATHER CONDITIONS
 THE FOLLOWING WEATHER WAS RECORDED TODAY.
  LIGHT RAIN


RELATIVE HUMIDITY (PERCENT)
 HIGHEST    76           400 AM
 LOWEST     28           200 PM
 AVERAGE    52

..........................................................


THE SPOKANE WA AIRPORT CLIMATE NORMALS FOR TOMORROW
                         NORMAL    RECORD    YEAR
 MAXIMUM TEMPERATURE (F)   62        83      1998
                                             1931
 MINIMUM TEMPERATURE (F)   40        24      1954


SUNRISE AND SUNSET
APRIL 30 2017.........SUNRISE   534 AM PDT   SUNSET   801 PM PDT
MAY  1 2017...........SUNRISE   532 AM PDT   SUNSET   803 PM PDT


-  INDICATES NEGATIVE NUMBERS.
R  INDICATES RECORD WAS SET OR TIED.
MM INDICATES DATA IS MISSING.
T  INDICATES TRACE AMOUNT.




$$
