000
CDUS46 KOTX 020829
CLIGEG


CLIMATE REPORT
NATIONAL WEATHER SERVICE SPOKANE, WA
1229 AM PST MON MAR 2 2015


...................................

...THE SPOKANE WA AIRPORT CLIMATE SUMMARY FOR MARCH 1 2015...

CLIMATE NORMAL PERIOD 1981 TO 2010
CLIMATE RECORD PERIOD 1881 TO 2015


WEATHER ITEM   OBSERVED TIME   RECORD YEAR NORMAL DEPARTURE LAST
                VALUE   (LST)  VALUE       VALUE  FROM      YEAR
                                                  NORMAL
..................................................................
TEMPERATURE (F)
 YESTERDAY
  MAXIMUM         44    344 PM  64    1905  44      0       20
  MINIMUM         20    632 AM   1    1971  28     -8       11
  AVERAGE         32                        36     -4       16

PRECIPITATION (IN)
  YESTERDAY        0.00          0.54 1982   0.06  -0.06     0.05
  MONTH TO DATE    0.00                      0.06  -0.06     0.05
  SINCE OCT 1      7.68                      8.96  -1.28     5.20
  SINCE JAN 1      2.95                      3.18  -0.23     2.87

SNOWFALL (IN)
  YESTERDAY        0.0           5.0  1970   0.2   -0.2      1.0
  MONTH TO DATE    0.0                       0.2   -0.2      1.0
  SINCE MAR 1      0.0                       0.2   -0.2      1.0
  SINCE JUL 1     15.7                      40.5  -24.8     32.8
  SNOW DEPTH       0

DEGREE DAYS
 HEATING
  YESTERDAY       33                        29      4       49
  MONTH TO DATE   33                        29      4       49
  SINCE MAR 1     33                        29      4       49
  SINCE JUL 1   4155                      4858   -703     5092

 COOLING
  YESTERDAY        0                         0      0        0
  MONTH TO DATE    0                         0      0        0
  SINCE MAR 1      0                         0      0        0
  SINCE JAN 1      0                         0      0        0
..................................................................


WIND (MPH)
  HIGHEST WIND SPEED     9   HIGHEST WIND DIRECTION     S (170)
  HIGHEST GUST SPEED    11   HIGHEST GUST DIRECTION     E (110)
  AVERAGE WIND SPEED     3.2


SKY COVER
  POSSIBLE SUNSHINE  MM
  AVERAGE SKY COVER 0.6


WEATHER CONDITIONS
 THE FOLLOWING WEATHER WAS RECORDED YESTERDAY.
  NO SIGNIFICANT WEATHER WAS OBSERVED.


RELATIVE HUMIDITY (PERCENT)
 HIGHEST    68           600 AM
 LOWEST     27           200 PM
 AVERAGE    48

..........................................................


THE SPOKANE WA AIRPORT CLIMATE NORMALS FOR TODAY
                         NORMAL    RECORD    YEAR
 MAXIMUM TEMPERATURE (F)   44        66      1905
 MINIMUM TEMPERATURE (F)   28        -4      1891


SUNRISE AND SUNSET
MARCH  2 2015.........SUNRISE   629 AM PST   SUNSET   536 PM PST
MARCH  3 2015.........SUNRISE   627 AM PST   SUNSET   538 PM PST


-  INDICATES NEGATIVE NUMBERS.
R  INDICATES RECORD WAS SET OR TIED.
MM INDICATES DATA IS MISSING.
T  INDICATES TRACE AMOUNT.




$$
