000
CDUS46 KOTX 230826
CLIGEG


CLIMATE REPORT
NATIONAL WEATHER SERVICE SPOKANE, WA
125 AM PDT WED AUG 23 2017


...................................

...THE SPOKANE WA AIRPORT CLIMATE SUMMARY FOR AUGUST 22 2017...

CLIMATE NORMAL PERIOD 1981 TO 2010
CLIMATE RECORD PERIOD 1881 TO 2017


WEATHER ITEM   OBSERVED TIME   RECORD YEAR NORMAL DEPARTURE LAST
                VALUE   (LST)  VALUE       VALUE  FROM      YEAR
                                                  NORMAL
..................................................................
TEMPERATURE (F)
 YESTERDAY
  MAXIMUM         90    408 PM 102    1888  82      8       75
  MINIMUM         60    412 AM  40    1992  55      5       52
                                      1883
  AVERAGE         75                        68      7       64

PRECIPITATION (IN)
  YESTERDAY        0.00          1.06 2002   0.02  -0.02     0.00
  MONTH TO DATE    T                         0.41  -0.41     0.16
  SINCE OCT 1     23.26                     15.71   7.55    15.16
  SINCE JAN 1     13.97                      9.93   4.04     8.80

SNOWFALL (IN)
  YESTERDAY        0.0           0.0  2002   0.0    0.0      0.0
                                      2001
                                      1999
  MONTH TO DATE    0.0                       0.0    0.0      0.0
  SINCE JUN 1      0.0                       0.0    0.0      0.0
  SINCE JUL 1      0.0                       0.0    0.0      0.0
  SNOW DEPTH       0

DEGREE DAYS
 HEATING
  YESTERDAY        0                         1     -1        1
  MONTH TO DATE    2                        17    -15       10
  SINCE JUN 1     68                       185   -117      140
  SINCE JUL 1      2                        49    -47       30

 COOLING
  YESTERDAY       10                         4      6        0
  MONTH TO DATE  212                       135     77      160
  SINCE JUN 1    601                       364    237      426
  SINCE JAN 1    636                       378    258      438
..................................................................


WIND (MPH)
  HIGHEST WIND SPEED    13   HIGHEST WIND DIRECTION    SW (230)
  HIGHEST GUST SPEED    16   HIGHEST GUST DIRECTION    SW (220)
  AVERAGE WIND SPEED     5.8


SKY COVER
  POSSIBLE SUNSHINE  MM
  AVERAGE SKY COVER 0.4


WEATHER CONDITIONS
 THE FOLLOWING WEATHER WAS RECORDED YESTERDAY.
  NO SIGNIFICANT WEATHER WAS OBSERVED.


RELATIVE HUMIDITY (PERCENT)
 HIGHEST    60           400 AM
 LOWEST     15           300 PM
 AVERAGE    38

..........................................................


THE SPOKANE WA AIRPORT CLIMATE NORMALS FOR TODAY
                         NORMAL    RECORD    YEAR
 MAXIMUM TEMPERATURE (F)   81        99      1970
                                             1969
 MINIMUM TEMPERATURE (F)   55        37      1992


SUNRISE AND SUNSET
AUGUST 23 2017........SUNRISE   557 AM PDT   SUNSET   747 PM PDT
AUGUST 24 2017........SUNRISE   558 AM PDT   SUNSET   745 PM PDT


-  INDICATES NEGATIVE NUMBERS.
R  INDICATES RECORD WAS SET OR TIED.
MM INDICATES DATA IS MISSING.
T  INDICATES TRACE AMOUNT.




$$
